{"id":1007,"date":"2018-08-24T18:46:32","date_gmt":"2018-08-24T16:46:32","guid":{"rendered":"http:\/\/geo-education.ch\/?page_id=1007"},"modified":"2021-11-13T17:06:34","modified_gmt":"2021-11-13T16:06:34","slug":"s2c-sig-mobile","status":"publish","type":"page","link":"https:\/\/geo-education.ch\/?page_id=1007&lang=fr","title":{"rendered":"SIG Mobile (S2c)"},"content":{"rendered":"<h4>Description<\/h4>\n<p>Les nouvelles technologies ont rendu les g\u00e9odonn\u00e9es facilement accessible \u00e0 de tr\u00e8s nombreux utilisateurs. Les syst\u00e8mes SIG mobiles ont pris r\u00e9cemment une place tr\u00e8s importante dans la soci\u00e9t\u00e9 de l\u2019information. Quels sont les effets pour les producteurs de donn\u00e9es ? et pour les consommateurs ?<\/p>\n<p>Le cours va permettre des discutions techniques, mais \u00e9galement sociologiques. Nous aurons l\u2019occasion de tester des appareils et d\u2019avoir un aper\u00e7u de la programmation des terminaux mobiles.<\/p>\n<h4>Pr\u00e9requis (recommandations)<\/h4>\n<ul>\n<li>Connaissances de base SIG. Cours\u00a0<a href=\"http:\/\/geo-education.ch\/?page_id=984\">B5d bases SIT.<\/a>\u00a0Liaison avec le\u00a0<a href=\"http:\/\/geo-education.ch\/?page_id=894\">module S3 SIT<\/a>.<\/li>\n<\/ul>\n<h4>Objectifs<\/h4>\n<ul>\n<li>Connaitre le terme SIG mobile et expliquer les composants qui y sont li\u00e9s.<\/li>\n<li>Pouvoir expliquer l\u2019architecture, les interfaces et les syst\u00e8mes.<\/li>\n<li>Etre capable de planifier la mise en place d\u2019un SIG mobile optimal et de d\u00e9crire les exigences d\u2019un tel syst\u00e8me.<\/li>\n<li>Connaitre l\u2019\u00e9tat actuel des technologies.<\/li>\n<\/ul>\n<h4>Contenu<\/h4>\n<ul>\n<li>Gestion des g\u00e9odonn\u00e9es mobiles.<\/li>\n<li>Aper\u00e7u de la technologie.<\/li>\n<li>Utilisation de SIG mobile dans la pratique.<\/li>\n<li>D\u00e9veloppement d\u2019une application SIG mobile sur Andro\u00efd ou autre.<\/li>\n<\/ul>\n<h4>Dur\u00e9e d\u2019\u00e9tude<\/h4>\n<p>16 p\u00e9riodes enseign\u00e9es plus environ 8 p\u00e9riodes de travail individuel.<\/p>\n<h4>Prix du cours<\/h4>\n<p>CHF 700.-<div id=\"themify_builder_content-1007\" data-postid=\"1007\" class=\"themify_builder_content themify_builder_content-1007 themify_builder\">\n    \t<!-- module_row -->\n\t<div  class=\"themify_builder_row module_row clearfix module_row_0 themify_builder_1007_row module_row_1007-0 tb_lqdl868\">\n\t    \t    <div class=\"row_inner col_align_top\" >\n\t\t\t<div  class=\"module_column tb-column col-full first tb_1007_column module_column_0 module_column_1007-0-0 tb_mnry868\">\n\t    \t    \t        <div class=\"tb-column-inner\">\n\t\t        <!-- module buttons -->\n    <div  class=\"module module-buttons tb_i3l6869 xlarge solid squared  \">\n\t        \t<div class=\"module-buttons\">\n                            <div class=\"module-buttons-item buttons-fullwidth \">\n\t\t    \t\t\t<a href=\"https:\/\/geo-education.ch\/?tribe_events_cat=sig-mobile&#038;lang=fr\" class=\"ui builder_button tb_default_color\" target=\"_blank\" rel=\"noopener\">\n\t\t    \t\t    \t\t\t<span>Calendrier des prochains cours et inscription en ligne<\/span>\n\t\t    \t\t    \t\t\t<\/a>\n\t\t                    <\/div>\n                    <\/div>\n    <\/div>\n    <!-- \/module buttons -->\n\t        <\/div>\n\t    \t<\/div>\n\t\t    <\/div>\n\t    <!-- \/row_inner -->\n\t<\/div>\n\t<!-- \/module_row -->\n\t<\/div>\n\n\n","protected":false},"excerpt":{"rendered":"<p>Description Les nouvelles technologies ont rendu les g\u00e9odonn\u00e9es facilement accessible \u00e0 de tr\u00e8s nombreux utilisateurs. Les syst\u00e8mes SIG mobiles ont pris r\u00e9cemment une place tr\u00e8s importante dans la soci\u00e9t\u00e9 de [&hellip;]<\/p>\n","protected":false},"author":2,"featured_media":0,"parent":888,"menu_order":2,"comment_status":"closed","ping_status":"closed","template":"","meta":{"_price":"","_stock":"","_tribe_ticket_header":"","_tribe_default_ticket_provider":"","_tribe_ticket_capacity":"0","_ticket_start_date":"","_ticket_end_date":"","_tribe_ticket_show_description":"","_tribe_ticket_show_not_going":false,"_tribe_ticket_use_global_stock":"","_tribe_ticket_global_stock_level":"","_global_stock_mode":"","_global_stock_cap":"","_tribe_rsvp_for_event":"","_tribe_ticket_going_count":"","_tribe_ticket_not_going_count":"","_tribe_tickets_list":"[]","_tribe_ticket_has_attendee_info_fields":false,"footnotes":""},"class_list":["post-1007","page","type-page","status-publish","hentry","has-post-title","has-post-date","has-post-category","has-post-tag","has-post-comment","has-post-author",""],"_links":{"self":[{"href":"https:\/\/geo-education.ch\/index.php?rest_route=\/wp\/v2\/pages\/1007","targetHints":{"allow":["GET"]}}],"collection":[{"href":"https:\/\/geo-education.ch\/index.php?rest_route=\/wp\/v2\/pages"}],"about":[{"href":"https:\/\/geo-education.ch\/index.php?rest_route=\/wp\/v2\/types\/page"}],"author":[{"embeddable":true,"href":"https:\/\/geo-education.ch\/index.php?rest_route=\/wp\/v2\/users\/2"}],"replies":[{"embeddable":true,"href":"https:\/\/geo-education.ch\/index.php?rest_route=%2Fwp%2Fv2%2Fcomments&post=1007"}],"version-history":[{"count":7,"href":"https:\/\/geo-education.ch\/index.php?rest_route=\/wp\/v2\/pages\/1007\/revisions"}],"predecessor-version":[{"id":14337,"href":"https:\/\/geo-education.ch\/index.php?rest_route=\/wp\/v2\/pages\/1007\/revisions\/14337"}],"up":[{"embeddable":true,"href":"https:\/\/geo-education.ch\/index.php?rest_route=\/wp\/v2\/pages\/888"}],"wp:attachment":[{"href":"https:\/\/geo-education.ch\/index.php?rest_route=%2Fwp%2Fv2%2Fmedia&parent=1007"}],"curies":[{"name":"wp","href":"https:\/\/api.w.org\/{rel}","templated":true}]}}