{"id":1148,"date":"2018-08-30T22:53:04","date_gmt":"2018-08-30T20:53:04","guid":{"rendered":"http:\/\/geo-education.ch\/?page_id=1148"},"modified":"2026-01-09T10:55:01","modified_gmt":"2026-01-09T09:55:01","slug":"formulaire-dinscription","status":"publish","type":"page","link":"https:\/\/geo-education.ch\/?page_id=1148&lang=fr","title":{"rendered":"Inscriptions"},"content":{"rendered":"<p>&nbsp;<\/p>\n<div id=\"themify_builder_content-1148\" data-postid=\"1148\" class=\"themify_builder_content themify_builder_content-1148 themify_builder\">\n    \t<!-- module_row -->\n\t<div   class=\"themify_builder_row module_row clearfix module_row_2 themify_builder_1148_row module_row_1148-2 tb_6xw7951\">\n\t    \t    <div class=\"row_inner col_align_middle\"   data-basecol=\"1\" data-col_tablet=\"column-full\" data-col_tablet_landscape=\"column4-2\" data-col_mobile=\"column-full\">\n\t\t\t<div  class=\"module_column tb-column col-full first tb_1148_column module_column_0 module_column_1148-2-0 tb_vh3l951\" >\n\t    \t    \t        <div class=\"tb-column-inner\">\n\t\t    <!-- module text -->\n<div  class=\"module module-text tb_tef3952    \">\n                <h3 class=\"module-title\">Inscriptions vol\u00e9e 8 - Complet<\/h3>        <div  class=\"tb_text_wrap\">\n    <p><strong>Une s\u00e9ance d&#8217;information<\/strong> en ligne sur le lancement de la nouvelle vol\u00e9e 8 a \u00e9t\u00e9 organis\u00e9e <strong>le mercredi 27 ao\u00fbt 2025<\/strong>. <a href=\"https:\/\/geo-education.ch\/wp-content\/uploads\/2025\/08\/Presentation-aout-2025-CF-geo.pdf\" target=\"_blank\" rel=\"noopener\"><strong>T\u00e9l\u00e9chargez ici la pr\u00e9sentation au format PDF\u00a0<\/strong><\/a><\/p>\n<p>Nous vous informons que les inscriptions pour la <strong>vol\u00e9e 8<\/strong>, qui d\u00e9bute en <strong>mars 2026<\/strong>, sont d\u00e9sormais <strong>compl\u00e8tes<\/strong>. Il est toutefois toujours possible de s&#8217;inscrire aux <strong>modules de sp\u00e9cialisation<\/strong>.<\/p>    <\/div>\n<\/div>\n<!-- \/module text -->\n    <!-- module buttons -->\n    <div  class=\"module module-buttons tb_j6kf952 normal outline rounded  \">\n\t        \t<div class=\"module-buttons\">\n                            <div class=\"module-buttons-item buttons-fullwidth \">\n\t\t    \t\t\t<a href=\"https:\/\/geo-education.ch\/wp-content\/uploads\/2025\/10\/Formulaire_inscription_CF-geo_volee_8_2026-a-2029.xlsx\" class=\"ui builder_button red\" >\n\t\t    \t\t    \t\t\t<span>Formulaire d'incription vol\u00e9e 8 (2026-2029)<\/span>\n\t\t    \t\t    \t\t\t<\/a>\n\t\t                    <\/div>\n                    <\/div>\n    <\/div>\n    <!-- \/module buttons -->\n\t        <\/div>\n\t    \t<\/div>\n\t\t    <\/div>\n\t    <!-- \/row_inner -->\n\t<\/div>\n\t<!-- \/module_row -->\n\t<\/div>\n\n\n","protected":false},"excerpt":{"rendered":"<p>&nbsp; Inscriptions vol\u00e9e 8 &#8211; Complet Une s\u00e9ance d&#8217;information en ligne sur le lancement de la nouvelle vol\u00e9e 8 a \u00e9t\u00e9 organis\u00e9e le mercredi 27 ao\u00fbt 2025. T\u00e9l\u00e9chargez ici la [&hellip;]<\/p>\n","protected":false},"author":1,"featured_media":0,"parent":0,"menu_order":3,"comment_status":"closed","ping_status":"closed","template":"","meta":{"_price":"","_stock":"","_tribe_ticket_header":"","_tribe_default_ticket_provider":"","_tribe_ticket_capacity":"0","_ticket_start_date":"","_ticket_end_date":"","_tribe_ticket_show_description":"","_tribe_ticket_show_not_going":false,"_tribe_ticket_use_global_stock":"","_tribe_ticket_global_stock_level":"","_global_stock_mode":"","_global_stock_cap":"","_tribe_rsvp_for_event":"","_tribe_ticket_going_count":"","_tribe_ticket_not_going_count":"","_tribe_tickets_list":"[]","_tribe_ticket_has_attendee_info_fields":false,"footnotes":""},"class_list":["post-1148","page","type-page","status-publish","hentry","has-post-title","has-post-date","has-post-category","has-post-tag","has-post-comment","has-post-author",""],"_links":{"self":[{"href":"https:\/\/geo-education.ch\/index.php?rest_route=\/wp\/v2\/pages\/1148","targetHints":{"allow":["GET"]}}],"collection":[{"href":"https:\/\/geo-education.ch\/index.php?rest_route=\/wp\/v2\/pages"}],"about":[{"href":"https:\/\/geo-education.ch\/index.php?rest_route=\/wp\/v2\/types\/page"}],"author":[{"embeddable":true,"href":"https:\/\/geo-education.ch\/index.php?rest_route=\/wp\/v2\/users\/1"}],"replies":[{"embeddable":true,"href":"https:\/\/geo-education.ch\/index.php?rest_route=%2Fwp%2Fv2%2Fcomments&post=1148"}],"version-history":[{"count":68,"href":"https:\/\/geo-education.ch\/index.php?rest_route=\/wp\/v2\/pages\/1148\/revisions"}],"predecessor-version":[{"id":24455,"href":"https:\/\/geo-education.ch\/index.php?rest_route=\/wp\/v2\/pages\/1148\/revisions\/24455"}],"wp:attachment":[{"href":"https:\/\/geo-education.ch\/index.php?rest_route=%2Fwp%2Fv2%2Fmedia&parent=1148"}],"curies":[{"name":"wp","href":"https:\/\/api.w.org\/{rel}","templated":true}]}}

<p>&nbsp;</p>
<div id="themify_builder_content-1148" data-postid="1148" class="themify_builder_content themify_builder_content-1148 themify_builder">
    	<!-- module_row -->
	<div   class="themify_builder_row module_row clearfix module_row_2 themify_builder_1148_row module_row_1148-2 tb_6xw7951">
	    	    <div class="row_inner col_align_middle"   data-basecol="1" data-col_tablet="column-full" data-col_tablet_landscape="column4-2" data-col_mobile="column-full">
			<div  class="module_column tb-column col-full first tb_1148_column module_column_0 module_column_1148-2-0 tb_vh3l951" >
	    	    	        <div class="tb-column-inner">
		    <!-- module text -->
<div  class="module module-text tb_tef3952    ">
                <h3 class="module-title">Inscriptions volée 8 - Complet</h3>        <div  class="tb_text_wrap">
    <p><strong>Une séance d&#8217;information</strong> en ligne sur le lancement de la nouvelle volée 8 a été organisée <strong>le mercredi 27 août 2025</strong>. <a href="https://geo-education.ch/wp-content/uploads/2025/08/Presentation-aout-2025-CF-geo.pdf" target="_blank" rel="noopener"><strong>Téléchargez ici la présentation au format PDF </strong></a></p>
<p>Nous vous informons que les inscriptions pour la <strong>volée 8</strong>, qui débute en <strong>mars 2026</strong>, sont désormais <strong>complètes</strong>. Il est toutefois toujours possible de s&#8217;inscrire aux <strong>modules de spécialisation</strong>.</p>    </div>
</div>
<!-- /module text -->
    <!-- module buttons -->
    <div  class="module module-buttons tb_j6kf952 normal outline rounded  ">
	        	<div class="module-buttons">
                            <div class="module-buttons-item buttons-fullwidth ">
		    			<a href="https://geo-education.ch/wp-content/uploads/2025/10/Formulaire_inscription_CF-geo_volee_8_2026-a-2029.xlsx" class="ui builder_button red" >
		    		    			<span>Formulaire d'incription volée 8 (2026-2029)</span>
		    		    			</a>
		                    </div>
                    </div>
    </div>
    <!-- /module buttons -->
	        </div>
	    	</div>
		    </div>
	    <!-- /row_inner -->
	</div>
	<!-- /module_row -->
	</div>

<p>&nbsp; Inscriptions volée 8 &#8211; Complet Une séance d&#8217;information en ligne sur le lancement de la nouvelle volée 8 a été organisée le mercredi 27 août 2025. Téléchargez ici la [&hellip;]</p>
