{"id":12881,"date":"2020-12-06T17:47:55","date_gmt":"2020-12-06T16:47:55","guid":{"rendered":"https:\/\/geo-education.ch\/?page_id=12881"},"modified":"2023-03-15T07:14:47","modified_gmt":"2023-03-15T06:14:47","slug":"iot-und-sensorik-mit-raspberrypi","status":"publish","type":"page","link":"https:\/\/geo-education.ch\/?page_id=12881","title":{"rendered":"IoT und Sensorik mit RaspberryPi"},"content":{"rendered":"<div id=\"themify_builder_content-12881\" data-postid=\"12881\" class=\"themify_builder_content themify_builder_content-12881 themify_builder\">\n    \t<!-- module_row -->\n\t<div  class=\"themify_builder_row module_row clearfix module_row_0 themify_builder_12881_row module_row_12881-0 tb_fk0u521\">\n\t    \t    <div class=\"row_inner col_align_top\" >\n\t\t\t<div  class=\"module_column tb-column col-full first tb_12881_column module_column_0 module_column_12881-0-0 tb_hsyn973\">\n\t    \t    \t        <div class=\"tb-column-inner\">\n\t\t        <!-- module feature -->\n   <div  class=\"module module-feature tb_y44q973 with-chart layout-icon-left size-large  \">\n        <style type=\"text\/css\">.tb_y44q973 .module-feature-chart-html5 {\n\t\t\t    box-shadow: inset 0 0 0 3px rgba(0,0,0,.1);\n\t\t\t}\n\t\t\t.tb_y44q973 .chart-loaded.chart-html5-fill {\n\t\t\t    box-shadow: inset 0 0 0 3px #de5d5d;\n\t\t    }<\/style>\n        \n        <div class=\"module-feature-image\">\n            \n            \n                <div class=\"module-feature-chart-html5\"\n                                         data-progress=\"0\"\n                         data-progress-end=\"100\"\n                         data-size=\"200\"\n                                          >\n                    <div class=\"chart-html5-circle\">\n                                                    <div class=\"chart-html5-mask chart-html5-full\">\n                                <div class=\"chart-html5-fill\"><\/div>\n                            <\/div>\n                            <div class=\"chart-html5-mask chart-html5-half\">\n                                <div class=\"chart-html5-fill\"><\/div>\n                            <\/div>\n                                                <div class=\"chart-html5-inset\">\n\n                            \t\t\t\t\t\t\t\t    \t\t\t\t    <img decoding=\"async\" src=\"https:\/\/geo-education.ch\/wp-content\/uploads\/2020\/06\/AdobeStock_207684835-scaled.jpeg\" alt=\"\" \/>\n\t\t\t\t                            \n                        <\/div>\n                    <\/div>\n                <\/div>\n\n                        <\/div>\n\n        <div class=\"module-feature-content\">\n\t\t\t\t    <div class=\"tb_text_wrap\">\n\t\t<h4>Beschreibung<\/h4>\n<p>Moderne, verteilte Sensorik, die zunehmende Digitalisierung und konstante online Verbindung erm\u00f6glichen es heute, laufend Daten abzurufen in Echtzeit. Dieses Thema &#8211; Internet of Things (IoT) gewinnt daher zunehmend an Bedeutung &#8211; auch im Geoinformationsbereich.<\/p>\n<h4>Voraussetzungen<\/h4>\n<p>minimale Programmierkenntnisse von Vorteil, aber kein Muss.<\/p>\n<h4>Ziel\/Inhalt<\/h4>\n<p>Der Kurs gibt eine kurze theoretische Einf\u00fchrung in die Thematik und setzt dann ganz praktisch eine L\u00f6sung um: mittels eines Kleincomputers\u00a0(RaspberryPi) und einem Sensor wird eine L\u00f6sung zusammengebaut, welche schliesslich als Client-Server-L\u00f6sung Echtzeitdaten in einem Browser von \u00fcberall her (Internetverbindung vorausgesetzt) abrufbar macht.<\/p>\n<h4>Unterrichtszeit<\/h4>\n<p>8 (1 Tag)<\/p>\n<h4>Kurskosten<\/h4>\n<p>CHF 450.- (CHF 540.- Nichtmitglied) inkl. Materialkosten f\u00fcr den Raspberry Pi und Sensor<\/p>\t    <\/div>\n\t<\/div>\n\n    <\/div>\n    <!-- \/module feature -->\n\t        <\/div>\n\t    \t<\/div>\n\t\t    <\/div>\n\t    <!-- \/row_inner -->\n\t<\/div>\n\t<!-- \/module_row -->\n\t\t<!-- module_row -->\n\t<div  class=\"themify_builder_row module_row clearfix module_row_1 themify_builder_12881_row module_row_12881-1 tb_y3lm254\">\n\t    \t    <div class=\"row_inner col_align_top\" >\n\t\t\t<div  class=\"module_column tb-column col-full first tb_12881_column module_column_0 module_column_12881-1-0 tb_g6jn255\">\n\t    \t    \t        <div class=\"tb-column-inner\">\n\t\t        <!-- module buttons -->\n    <div  class=\"module module-buttons tb_byrf389 xlarge solid squared  \">\n\t        \t<div class=\"module-buttons\">\n                            <div class=\"module-buttons-item buttons-fullwidth \">\n\t\t    \t\t\t<a href=\"https:\/\/geo-education.ch\/?tribe_events_cat=iot-und-sensorik-mit-raspberrypi\" class=\"ui builder_button tb_default_color\" target=\"_blank\" rel=\"noopener\">\n\t\t    \t\t    \t\t\t<span>N\u00e4chste Kursdaten und Online-Registrierung<\/span>\n\t\t    \t\t    \t\t\t<\/a>\n\t\t                    <\/div>\n                    <\/div>\n    <\/div>\n    <!-- \/module buttons -->\n\t        <\/div>\n\t    \t<\/div>\n\t\t    <\/div>\n\t    <!-- \/row_inner -->\n\t<\/div>\n\t<!-- \/module_row -->\n\t<\/div>\n\n\n","protected":false},"excerpt":{"rendered":"<p>Beschreibung Moderne, verteilte Sensorik, die zunehmende Digitalisierung und konstante online Verbindung erm\u00f6glichen es heute, laufend Daten abzurufen in Echtzeit. Dieses Thema &#8211; Internet of Things (IoT) gewinnt daher zunehmend an [&hellip;]<\/p>\n","protected":false},"author":2,"featured_media":0,"parent":8673,"menu_order":0,"comment_status":"closed","ping_status":"closed","template":"","meta":{"_price":"","_stock":"","_tribe_ticket_header":"","_tribe_default_ticket_provider":"","_tribe_ticket_capacity":"0","_ticket_start_date":"","_ticket_end_date":"","_tribe_ticket_show_description":"","_tribe_ticket_show_not_going":false,"_tribe_ticket_use_global_stock":"","_tribe_ticket_global_stock_level":"","_global_stock_mode":"","_global_stock_cap":"","_tribe_rsvp_for_event":"","_tribe_ticket_going_count":"","_tribe_ticket_not_going_count":"","_tribe_tickets_list":"[]","_tribe_ticket_has_attendee_info_fields":false,"footnotes":""},"class_list":["post-12881","page","type-page","status-publish","hentry","has-post-title","has-post-date","has-post-category","has-post-tag","has-post-comment","has-post-author",""],"_links":{"self":[{"href":"https:\/\/geo-education.ch\/index.php?rest_route=\/wp\/v2\/pages\/12881","targetHints":{"allow":["GET"]}}],"collection":[{"href":"https:\/\/geo-education.ch\/index.php?rest_route=\/wp\/v2\/pages"}],"about":[{"href":"https:\/\/geo-education.ch\/index.php?rest_route=\/wp\/v2\/types\/page"}],"author":[{"embeddable":true,"href":"https:\/\/geo-education.ch\/index.php?rest_route=\/wp\/v2\/users\/2"}],"replies":[{"embeddable":true,"href":"https:\/\/geo-education.ch\/index.php?rest_route=%2Fwp%2Fv2%2Fcomments&post=12881"}],"version-history":[{"count":11,"href":"https:\/\/geo-education.ch\/index.php?rest_route=\/wp\/v2\/pages\/12881\/revisions"}],"predecessor-version":[{"id":17763,"href":"https:\/\/geo-education.ch\/index.php?rest_route=\/wp\/v2\/pages\/12881\/revisions\/17763"}],"up":[{"embeddable":true,"href":"https:\/\/geo-education.ch\/index.php?rest_route=\/wp\/v2\/pages\/8673"}],"wp:attachment":[{"href":"https:\/\/geo-education.ch\/index.php?rest_route=%2Fwp%2Fv2%2Fmedia&parent=12881"}],"curies":[{"name":"wp","href":"https:\/\/api.w.org\/{rel}","templated":true}]}}