{"id":17163,"date":"2023-01-29T14:35:21","date_gmt":"2023-01-29T13:35:21","guid":{"rendered":"https:\/\/geo-education.ch\/?page_id=17163"},"modified":"2026-01-08T20:26:17","modified_gmt":"2026-01-08T19:26:17","slug":"smartalps-lab","status":"publish","type":"page","link":"https:\/\/geo-education.ch\/?page_id=17163","title":{"rendered":"Alpine Fernerkundung"},"content":{"rendered":"<h4>Beschreibung<\/h4>\n<p>Wie wirken sich Erdbewegungen, Starkniederschl\u00e4ge und Schneemassen auf gef\u00e4hrdete Gebiete aus? Welche Massnahmen k\u00f6nnen ergriffen werden, um Risiken zu minimieren und Ver\u00e4nderungen durch den Klimawandel zu begegnen? Im SmartUnity LAB erhalten Sie praxisnahes Wissen und wertvolle Einblicke in moderne \u00dcberwachungs- und Sensoriktechnologien sowie in die Anwendung von Risikomanagementstrategien in alpinen Regionen.<\/p>\n<p>Im Rahmen von Exkursionen und Besichtigungen erleben Sie, wie aktuelle Herausforderungen wie Schneemanagement und Starkniederschl\u00e4ge in der Praxis analysiert und bew\u00e4ltigt werden. Sie lernen, bestehende Erdbewegungen zu beurteilen und geeignete Massnahmen zur Sicherung gef\u00e4hrdeter Gebiete zu entwickeln.<\/p>\n<p>Dieser Kurs verbindet Theorie und Praxis und bietet Ihnen die M\u00f6glichkeit, den Umgang mit realen Problemstellungen in einem sich wandelnden Klima zu erlernen und anzuwenden.<\/p>\n<h4>Voraussetzungen<\/h4>\n<p><span style=\"font-weight: 400;\">Interesse an Auswirkungen, Ver\u00e4nderungen im Zusammenhang mit dem Klimawandel und Massnahmen zur Sicherung von Gef\u00e4hrdungen<\/span><\/p>\n<h4>Zielgruppe<\/h4>\n<ul>\n<li>Berufst\u00e4tige in der Geomatik, die sich auf alpine Naturgefahren spezialisieren wollen.<\/li>\n<li>Personen, die eine Weiterbildung im Bereich Geomatiktechnik mit eidg. Fachausweis anstreben.<\/li>\n<\/ul>\n<h4>Ziel<\/h4>\n<ul>\n<li>Moderne Erfassungsmethoden und \u00dcberwachungsmethoden von Naturgefahren in Berggebieten anwenden<\/li>\n<li>Beispiele von bestehenden Anwendungen von Fernerkundungen in Zusammenhang mit Naturgefahren nennen und aufzeigen<\/li>\n<\/ul>\n<h4>Inhalt<\/h4>\n<ul>\n<li>Nutzung und Anwendung moderner Geomatik-Technologien zur Analyse und \u00dcberwachung von Naturgefahren<\/li>\n<li>Anwendungen von Fernerkundung, GIS und Sensorik in Berggebieten<\/li>\n<li>Datenerfassung und -auswertung vor Ort<\/li>\n<li>Vorstellung von Pilotprojekten<\/li>\n<\/ul>\n<h4>Unterrichtszeit<\/h4>\n<p>24 (3 Tage) inkl. Exkursion<\/p>\n<h4>Kurskosten<\/h4>\n<p>CHF 1&#8217;000.-<\/p>\n<div id=\"themify_builder_content-17163\" data-postid=\"17163\" class=\"themify_builder_content themify_builder_content-17163 themify_builder\">\n    \t<!-- module_row -->\n\t<div  class=\"themify_builder_row module_row clearfix module_row_0 themify_builder_17163_row module_row_17163-0 tb_ml0i953\">\n\t    \t    <div class=\"row_inner col_align_top\" >\n\t\t\t<div  class=\"module_column tb-column col-full first tb_17163_column module_column_0 module_column_17163-0-0 tb_6ajj954\">\n\t    \t    \t        <div class=\"tb-column-inner\">\n\t\t        <!-- module buttons -->\n    <div  class=\"module module-buttons tb_dun5954 xlarge solid squared  \">\n\t        \t<div class=\"module-buttons\">\n                            <div class=\"module-buttons-item buttons-fullwidth \">\n\t\t    \t\t\t<a href=\"https:\/\/geo-education.ch\/?tribe_events_cat=smartunity-lab\" class=\"ui builder_button tb_default_color\" target=\"_blank\" rel=\"noopener\">\n\t\t    \t\t    \t\t\t<span>N\u00e4chste Kursdaten und Online-Registrierung<\/span>\n\t\t    \t\t    \t\t\t<\/a>\n\t\t                    <\/div>\n                    <\/div>\n    <\/div>\n    <!-- \/module buttons -->\n\t        <\/div>\n\t    \t<\/div>\n\t\t    <\/div>\n\t    <!-- \/row_inner -->\n\t<\/div>\n\t<!-- \/module_row -->\n\t<\/div>\n\n\n","protected":false},"excerpt":{"rendered":"<p>Beschreibung Wie wirken sich Erdbewegungen, Starkniederschl\u00e4ge und Schneemassen auf gef\u00e4hrdete Gebiete aus? Welche Massnahmen k\u00f6nnen ergriffen werden, um Risiken zu minimieren und Ver\u00e4nderungen durch den Klimawandel zu begegnen? Im SmartUnity [&hellip;]<\/p>\n","protected":false},"author":2,"featured_media":0,"parent":0,"menu_order":0,"comment_status":"closed","ping_status":"closed","template":"","meta":{"_price":"","_stock":"","_tribe_ticket_header":"","_tribe_default_ticket_provider":"","_tribe_ticket_capacity":"0","_ticket_start_date":"","_ticket_end_date":"","_tribe_ticket_show_description":"","_tribe_ticket_show_not_going":false,"_tribe_ticket_use_global_stock":"","_tribe_ticket_global_stock_level":"","_global_stock_mode":"","_global_stock_cap":"","_tribe_rsvp_for_event":"","_tribe_ticket_going_count":"","_tribe_ticket_not_going_count":"","_tribe_tickets_list":"[]","_tribe_ticket_has_attendee_info_fields":false,"footnotes":""},"class_list":["post-17163","page","type-page","status-publish","hentry","has-post-title","has-post-date","has-post-category","has-post-tag","has-post-comment","has-post-author",""],"_links":{"self":[{"href":"https:\/\/geo-education.ch\/index.php?rest_route=\/wp\/v2\/pages\/17163","targetHints":{"allow":["GET"]}}],"collection":[{"href":"https:\/\/geo-education.ch\/index.php?rest_route=\/wp\/v2\/pages"}],"about":[{"href":"https:\/\/geo-education.ch\/index.php?rest_route=\/wp\/v2\/types\/page"}],"author":[{"embeddable":true,"href":"https:\/\/geo-education.ch\/index.php?rest_route=\/wp\/v2\/users\/2"}],"replies":[{"embeddable":true,"href":"https:\/\/geo-education.ch\/index.php?rest_route=%2Fwp%2Fv2%2Fcomments&post=17163"}],"version-history":[{"count":17,"href":"https:\/\/geo-education.ch\/index.php?rest_route=\/wp\/v2\/pages\/17163\/revisions"}],"predecessor-version":[{"id":24429,"href":"https:\/\/geo-education.ch\/index.php?rest_route=\/wp\/v2\/pages\/17163\/revisions\/24429"}],"wp:attachment":[{"href":"https:\/\/geo-education.ch\/index.php?rest_route=%2Fwp%2Fv2%2Fmedia&parent=17163"}],"curies":[{"name":"wp","href":"https:\/\/api.w.org\/{rel}","templated":true}]}}