{"id":2063,"date":"2018-09-03T08:02:14","date_gmt":"2018-09-03T06:02:14","guid":{"rendered":"http:\/\/geo-education.ch\/?page_id=2063"},"modified":"2023-01-29T14:02:16","modified_gmt":"2023-01-29T13:02:16","slug":"modules-a-choix-de-specialisation","status":"publish","type":"page","link":"https:\/\/geo-education.ch\/?page_id=2063&lang=fr","title":{"rendered":"Modules \u00e0 choix \/ de sp\u00e9cialisation"},"content":{"rendered":"<div id=\"themify_builder_content-2063\" data-postid=\"2063\" class=\"themify_builder_content themify_builder_content-2063 themify_builder\">\n    \t<!-- module_row -->\n\t<div  class=\"themify_builder_row module_row clearfix module_row_0 themify_builder_2063_row module_row_2063-0 tb_a35a828\">\n\t    \t    <div class=\"row_inner col_align_top\" >\n\t\t\t<div  class=\"module_column tb-column col-full first tb_2063_column module_column_0 module_column_2063-0-0 tb_ae82ec6\">\n\t    \t    \t        <div class=\"tb-column-inner\">\n\t\t    \t<div  class=\"themify_builder_sub_row module_subrow clearfix repeat sub_row_0-0-0 tb_69ce76d\" >\n\t    \t    <div class=\"subrow_inner col_align_top\" >\n\t\t\t<div  class=\"sub_column module_column col5-1 first sub_column_post_2063 sub_column_0-0-0-0 tb_da60bc4\"> \n\t    \t    \t        <div class=\"tb-column-inner\">\n\t\t        <!-- module image -->\n    <div  class=\"module module-image tb_9ad883d bordered image-overlay  \">\n\t                <div class=\"image-wrap\">\n                            <a href=\"https:\/\/geo-education.ch\/?page_id=877&#038;lang=fr\"\n                                      >\n                                           <img loading=\"lazy\" decoding=\"async\" src=\"http:\/\/geo-education.ch\/wp-content\/uploads\/2018\/08\/S1-256x250.png\" width=\"256\" height=\"250\" class=\" wp-post-image wp-image-552\" title=\"S1 Gestion du territoire\" alt=\"S1 Gestion du territoire\" \/>                <\/a>\n            \n            \n                    <div class=\"image-content\">\n                                    <h3 class=\"image-title\">\n                                                    <a href=\"https:\/\/geo-education.ch\/?page_id=877&#038;lang=fr\" \n                                                              >\n                                   S1 Gestion du territoire                            <\/a>\n                                            <\/h3>\n                \n\t\t            <\/div>\n            <!-- \/image-content -->\n        \n            <\/div>\n        <!-- \/image-wrap -->\n        <\/div>\n    <!-- \/module image -->\n\t        <\/div>\n\t    \t<\/div>\n\t\t<div  class=\"sub_column module_column col5-1 second sub_column_post_2063 sub_column_0-0-0-1 tb_df066fb\"> \n\t    \t    \t        <div class=\"tb-column-inner\">\n\t\t        <!-- module image -->\n    <div  class=\"module module-image tb_255609b bordered image-overlay  \">\n\t                <div class=\"image-wrap\">\n                            <a href=\"https:\/\/geo-education.ch\/?page_id=888&#038;lang=fr\"\n                                      >\n                                           <img loading=\"lazy\" decoding=\"async\" src=\"http:\/\/geo-education.ch\/wp-content\/uploads\/2018\/08\/S2-256x250.png\" width=\"256\" height=\"250\" class=\" wp-post-image wp-image-556\" title=\"S2 SIT Syst\u00e8mes\" alt=\"S2 SIT Syst\u00e8mes\" \/>                <\/a>\n            \n            \n                    <div class=\"image-content\">\n                                    <h3 class=\"image-title\">\n                                                    <a href=\"https:\/\/geo-education.ch\/?page_id=888&#038;lang=fr\" \n                                                              >\n                                   S2 SIT Syst\u00e8mes                            <\/a>\n                                            <\/h3>\n                \n\t\t            <\/div>\n            <!-- \/image-content -->\n        \n            <\/div>\n        <!-- \/image-wrap -->\n        <\/div>\n    <!-- \/module image -->\n\t        <\/div>\n\t    \t<\/div>\n\t\t<div  class=\"sub_column module_column col5-1 third sub_column_post_2063 sub_column_0-0-0-2 tb_f1d972d\"> \n\t    \t    \t        <div class=\"tb-column-inner\">\n\t\t        <!-- module image -->\n    <div  class=\"module module-image tb_19b5192 bordered image-overlay  \">\n\t                <div class=\"image-wrap\">\n                            <a href=\"https:\/\/geo-education.ch\/?page_id=894&#038;lang=fr\"\n                                      >\n                                           <img loading=\"lazy\" decoding=\"async\" src=\"http:\/\/geo-education.ch\/wp-content\/uploads\/2018\/08\/S3-256x250.png\" width=\"256\" height=\"250\" class=\" wp-post-image wp-image-560\" title=\"S3 SIT\" alt=\"S3 SIT\" \/>                <\/a>\n            \n            \n                    <div class=\"image-content\">\n                                    <h3 class=\"image-title\">\n                                                    <a href=\"https:\/\/geo-education.ch\/?page_id=894&#038;lang=fr\" \n                                                              >\n                                   S3 SIT                            <\/a>\n                                            <\/h3>\n                \n\t\t            <\/div>\n            <!-- \/image-content -->\n        \n            <\/div>\n        <!-- \/image-wrap -->\n        <\/div>\n    <!-- \/module image -->\n\t        <\/div>\n\t    \t<\/div>\n\t\t<div  class=\"sub_column module_column col5-1 fourth sub_column_post_2063 sub_column_0-0-0-3 tb_ad53561\"> \n\t    \t    \t        <div class=\"tb-column-inner\">\n\t\t        <!-- module image -->\n    <div  class=\"module module-image tb_efcc3a1 bordered image-overlay  \">\n\t                <div class=\"image-wrap\">\n                            <a href=\"https:\/\/geo-education.ch\/?page_id=898&#038;lang=fr\"\n                                      >\n                                           <img loading=\"lazy\" decoding=\"async\" src=\"http:\/\/geo-education.ch\/wp-content\/uploads\/2018\/08\/S4-256x250.png\" width=\"256\" height=\"250\" class=\" wp-post-image wp-image-564\" title=\"S4 Bases de donn\u00e9es\" alt=\"S4 Bases de donn\u00e9es\" \/>                <\/a>\n            \n            \n                    <div class=\"image-content\">\n                                    <h3 class=\"image-title\">\n                                                    <a href=\"https:\/\/geo-education.ch\/?page_id=898&#038;lang=fr\" \n                                                              >\n                                   S4 Bases de donn\u00e9es                            <\/a>\n                                            <\/h3>\n                \n\t\t            <\/div>\n            <!-- \/image-content -->\n        \n            <\/div>\n        <!-- \/image-wrap -->\n        <\/div>\n    <!-- \/module image -->\n\t        <\/div>\n\t    \t<\/div>\n\t\t<div  class=\"sub_column module_column col5-1 last sub_column_post_2063 sub_column_0-0-0-4 tb_d24768a\"> \n\t    \t    \t        <div class=\"tb-column-inner\">\n\t\t        <!-- module image -->\n    <div  class=\"module module-image tb_b008d39 bordered image-overlay  \">\n\t                <div class=\"image-wrap\">\n                            <a href=\"https:\/\/geo-education.ch\/?page_id=904&#038;lang=fr\"\n                                      >\n                                           <img loading=\"lazy\" decoding=\"async\" src=\"http:\/\/geo-education.ch\/wp-content\/uploads\/2018\/08\/3-D-1024x1021-256x250.jpg\" width=\"256\" height=\"250\" class=\" wp-post-image wp-image-945\" title=\"S5 G\u00e9odonn\u00e9es 3D\" alt=\"S5 G\u00e9odonn\u00e9es 3D\" \/>                <\/a>\n            \n            \n                    <div class=\"image-content\">\n                                    <h3 class=\"image-title\">\n                                                    <a href=\"https:\/\/geo-education.ch\/?page_id=904&#038;lang=fr\" \n                                                              >\n                                   S5 G\u00e9odonn\u00e9es 3D                            <\/a>\n                                            <\/h3>\n                \n\t\t            <\/div>\n            <!-- \/image-content -->\n        \n            <\/div>\n        <!-- \/image-wrap -->\n        <\/div>\n    <!-- \/module image -->\n\t        <\/div>\n\t    \t<\/div>\n\t\t    <\/div>\n\t<\/div><!-- \/themify_builder_sub_row -->\n\t\t<div  class=\"themify_builder_sub_row module_subrow clearfix sub_row_0-0-1 tb_e584a1e\">\n\t    \t    <div class=\"subrow_inner col_align_top\" >\n\t\t\t<div  class=\"sub_column module_column col5-1 first sub_column_post_2063 sub_column_0-0-1-0 tb_be6e534\"> \n\t    \t    \t        <div class=\"tb-column-inner\">\n\t\t        <!-- module image -->\n    <div  class=\"module module-image tb_ebab44d bordered image-overlay  \">\n\t                <div class=\"image-wrap\">\n                            <a href=\"https:\/\/geo-education.ch\/?page_id=909&#038;lang=fr\"\n                                      >\n                                           <img loading=\"lazy\" decoding=\"async\" src=\"http:\/\/geo-education.ch\/wp-content\/uploads\/2018\/08\/S6-256x250.png\" width=\"256\" height=\"250\" class=\" wp-post-image wp-image-572\" title=\"S6 M\u00e9thodes de saisie\" alt=\"S6 M\u00e9thodes de saisie\" \/>                <\/a>\n            \n            \n                    <div class=\"image-content\">\n                                    <h3 class=\"image-title\">\n                                                    <a href=\"https:\/\/geo-education.ch\/?page_id=909&#038;lang=fr\" \n                                                              >\n                                   S6 M\u00e9thodes de saisie                            <\/a>\n                                            <\/h3>\n                \n\t\t            <\/div>\n            <!-- \/image-content -->\n        \n            <\/div>\n        <!-- \/image-wrap -->\n        <\/div>\n    <!-- \/module image -->\n\t        <\/div>\n\t    \t<\/div>\n\t\t<div  class=\"sub_column module_column col5-1 second sub_column_post_2063 sub_column_0-0-1-1 tb_047c00b\"> \n\t    \t    \t        <div class=\"tb-column-inner\">\n\t\t        <!-- module image -->\n    <div  class=\"module module-image tb_9fad48f bordered image-overlay  \">\n\t                <div class=\"image-wrap\">\n                            <a href=\"https:\/\/geo-education.ch\/?page_id=914&#038;lang=fr\"\n                                      >\n                                           <img loading=\"lazy\" decoding=\"async\" src=\"http:\/\/geo-education.ch\/wp-content\/uploads\/2018\/08\/S7-256x250.png\" width=\"256\" height=\"250\" class=\" wp-post-image wp-image-576\" title=\"S7 Points fixes\" alt=\"S7 Points fixes\" \/>                <\/a>\n            \n            \n                    <div class=\"image-content\">\n                                    <h3 class=\"image-title\">\n                                                    <a href=\"https:\/\/geo-education.ch\/?page_id=914&#038;lang=fr\" \n                                                              >\n                                   S7 Points fixes                            <\/a>\n                                            <\/h3>\n                \n\t\t            <\/div>\n            <!-- \/image-content -->\n        \n            <\/div>\n        <!-- \/image-wrap -->\n        <\/div>\n    <!-- \/module image -->\n\t        <\/div>\n\t    \t<\/div>\n\t\t<div  class=\"sub_column module_column col5-1 third sub_column_post_2063 sub_column_0-0-1-2 tb_97b4440\"> \n\t    \t    \t        <div class=\"tb-column-inner\">\n\t\t        <!-- module image -->\n    <div  class=\"module module-image tb_e18f0cd bordered image-overlay  \">\n\t                <div class=\"image-wrap\">\n                            <a href=\"https:\/\/geo-education.ch\/?page_id=920&#038;lang=fr\"\n                                      >\n                                           <img loading=\"lazy\" decoding=\"async\" src=\"http:\/\/geo-education.ch\/wp-content\/uploads\/2018\/08\/S8-256x250.png\" width=\"256\" height=\"250\" class=\" wp-post-image wp-image-580\" title=\"S8 Mensuration officielle\" alt=\"S8 Mensuration officielle\" \/>                <\/a>\n            \n            \n                    <div class=\"image-content\">\n                                    <h3 class=\"image-title\">\n                                                    <a href=\"https:\/\/geo-education.ch\/?page_id=920&#038;lang=fr\" \n                                                              >\n                                   S8 Mensuration officielle                            <\/a>\n                                            <\/h3>\n                \n\t\t            <\/div>\n            <!-- \/image-content -->\n        \n            <\/div>\n        <!-- \/image-wrap -->\n        <\/div>\n    <!-- \/module image -->\n\t        <\/div>\n\t    \t<\/div>\n\t\t<div  class=\"sub_column module_column col5-1 fourth sub_column_post_2063 sub_column_0-0-1-3 tb_da689f6\"> \n\t    \t    \t        <div class=\"tb-column-inner\">\n\t\t        <!-- module image -->\n    <div  class=\"module module-image tb_f63e9be bordered image-overlay  \">\n\t                <div class=\"image-wrap\">\n                            <a href=\"https:\/\/geo-education.ch\/?page_id=926&#038;lang=fr\"\n                                      >\n                                           <img loading=\"lazy\" decoding=\"async\" src=\"http:\/\/geo-education.ch\/wp-content\/uploads\/2018\/08\/S9-256x250.png\" width=\"256\" height=\"250\" class=\" wp-post-image wp-image-584\" title=\"S9 G\u00e9omatique et construction\" alt=\"S9 G\u00e9omatique et construction\" \/>                <\/a>\n            \n            \n                    <div class=\"image-content\">\n                                    <h3 class=\"image-title\">\n                                                    <a href=\"https:\/\/geo-education.ch\/?page_id=926&#038;lang=fr\" \n                                                              >\n                                   S9 G\u00e9omatique et construction                            <\/a>\n                                            <\/h3>\n                \n\t\t            <\/div>\n            <!-- \/image-content -->\n        \n            <\/div>\n        <!-- \/image-wrap -->\n        <\/div>\n    <!-- \/module image -->\n\t        <\/div>\n\t    \t<\/div>\n\t\t<div  class=\"sub_column module_column col5-1 last sub_column_post_2063 sub_column_0-0-1-4 tb_03c7c62\"> \n\t    \t    \t        <div class=\"tb-column-inner\">\n\t\t        <!-- module image -->\n    <div  class=\"module module-image tb_2fe5fbc bordered image-overlay  \">\n\t                <div class=\"image-wrap\">\n                            <a href=\"https:\/\/geo-education.ch\/?page_id=932&#038;lang=fr\"\n                                      >\n                                           <img loading=\"lazy\" decoding=\"async\" src=\"http:\/\/geo-education.ch\/wp-content\/uploads\/2018\/08\/bautechnik_2_Kleiner-256x250.jpg\" width=\"256\" height=\"250\" class=\" wp-post-image wp-image-938\" title=\"S10 Technique de la construction\" alt=\"S10 Technique de la construction\" \/>                <\/a>\n            \n            \n                    <div class=\"image-content\">\n                                    <h3 class=\"image-title\">\n                                                    <a href=\"https:\/\/geo-education.ch\/?page_id=932&#038;lang=fr\" \n                                                              >\n                                   S10 Technique de la construction                            <\/a>\n                                            <\/h3>\n                \n\t\t            <\/div>\n            <!-- \/image-content -->\n        \n            <\/div>\n        <!-- \/image-wrap -->\n        <\/div>\n    <!-- \/module image -->\n\t        <\/div>\n\t    \t<\/div>\n\t\t    <\/div>\n\t<\/div><!-- \/themify_builder_sub_row -->\n\t\t        <\/div>\n\t    \t<\/div>\n\t\t    <\/div>\n\t    <!-- \/row_inner -->\n\t<\/div>\n\t<!-- \/module_row -->\n\t\t<!-- module_row -->\n\t<div  class=\"themify_builder_row module_row clearfix module_row_1 themify_builder_2063_row module_row_2063-1 tb_1dada6e\">\n\t    \t    <div class=\"row_inner col_align_top\" >\n\t\t\t<div  class=\"module_column tb-column col-full first tb_2063_column module_column_0 module_column_2063-1-0 tb_f31a160\">\n\t    \t    \t        <div class=\"tb-column-inner\">\n\t\t        <!-- module gallery -->\n    <div  class=\"module gallery module-gallery tb_690a59e gallery-columns-4  layout-grid   \">\n\t                \n    <dl class=\"gallery-item\">\n        <dt class=\"gallery-icon\">\n        <a data-title=\"\" title=\"\" href=\"https:\/\/geo-education.ch\/wp-content\/uploads\/2018\/09\/montage-tableau.jpg\"><img loading=\"lazy\" decoding=\"async\" src=\"https:\/\/geo-education.ch\/wp-content\/uploads\/2018\/09\/montage-tableau-1024x656-300x200.jpg\" width=\"300\" height=\"200\" class=\" wp-post-image wp-image-1930\" title=\"montage-tableau\" alt=\"montage-tableau\" \/><\/a>        <\/dt>\n        <dd>\n                                <\/dd>\n    <\/dl>\n\n\n    <dl class=\"gallery-item\">\n        <dt class=\"gallery-icon\">\n        <a data-title=\"\" title=\"\" href=\"https:\/\/geo-education.ch\/wp-content\/uploads\/2018\/09\/montage-drone.jpg\"><img loading=\"lazy\" decoding=\"async\" src=\"https:\/\/geo-education.ch\/wp-content\/uploads\/2018\/09\/montage-drone-1024x730-300x200.jpg\" width=\"300\" height=\"200\" class=\" wp-post-image wp-image-1926\" title=\"montage-drone\" alt=\"montage-drone\" \/><\/a>        <\/dt>\n        <dd>\n                                <\/dd>\n    <\/dl>\n\n\n    <dl class=\"gallery-item\">\n        <dt class=\"gallery-icon\">\n        <a data-title=\"\" title=\"\" href=\"https:\/\/geo-education.ch\/wp-content\/uploads\/2018\/09\/Tableau-nb.jpg\"><img loading=\"lazy\" decoding=\"async\" src=\"https:\/\/geo-education.ch\/wp-content\/uploads\/2018\/09\/Tableau-nb-1024x897-300x200.jpg\" width=\"300\" height=\"200\" class=\" wp-post-image wp-image-1942\" title=\"Tableau-nb\" alt=\"Tableau-nb\" \/><\/a>        <\/dt>\n        <dd>\n                                <\/dd>\n    <\/dl>\n\n\n    <dl class=\"gallery-item\">\n        <dt class=\"gallery-icon\">\n        <a data-title=\"\" title=\"\" href=\"https:\/\/geo-education.ch\/wp-content\/uploads\/2018\/10\/montage-3-1.jpg\"><img loading=\"lazy\" decoding=\"async\" src=\"https:\/\/geo-education.ch\/wp-content\/uploads\/2018\/10\/montage-3-1-1024x776-300x200.jpg\" width=\"300\" height=\"200\" class=\" wp-post-image wp-image-6333\" title=\"montage-3\" alt=\"montage-3\" \/><\/a>        <\/dt>\n        <dd>\n                                <\/dd>\n    <\/dl>\n\n<br style=\"clear: both\" \/>\n\n    <\/div>\n    <!-- \/module gallery -->\n\t        <\/div>\n\t    \t<\/div>\n\t\t    <\/div>\n\t    <!-- \/row_inner -->\n\t<\/div>\n\t<!-- \/module_row -->\n\t<\/div>\n\n\n<p>&nbsp;<\/p>\n","protected":false},"excerpt":{"rendered":"<p>S1 Gestion du territoire S2 SIT Syst\u00e8mes S3 SIT S4 Bases de donn\u00e9es S5 G\u00e9odonn\u00e9es 3D S6 M\u00e9thodes de saisie S7 Points fixes S8 Mensuration officielle S9 G\u00e9omatique et construction [&hellip;]<\/p>\n","protected":false},"author":2,"featured_media":0,"parent":0,"menu_order":2,"comment_status":"closed","ping_status":"closed","template":"","meta":{"_price":"","_stock":"","_tribe_ticket_header":"","_tribe_default_ticket_provider":"","_tribe_ticket_capacity":"0","_ticket_start_date":"","_ticket_end_date":"","_tribe_ticket_show_description":"","_tribe_ticket_show_not_going":false,"_tribe_ticket_use_global_stock":"","_tribe_ticket_global_stock_level":"","_global_stock_mode":"","_global_stock_cap":"","_tribe_rsvp_for_event":"","_tribe_ticket_going_count":"","_tribe_ticket_not_going_count":"","_tribe_tickets_list":"[]","_tribe_ticket_has_attendee_info_fields":false,"footnotes":""},"class_list":["post-2063","page","type-page","status-publish","hentry","has-post-title","has-post-date","has-post-category","has-post-tag","has-post-comment","has-post-author",""],"_links":{"self":[{"href":"https:\/\/geo-education.ch\/index.php?rest_route=\/wp\/v2\/pages\/2063","targetHints":{"allow":["GET"]}}],"collection":[{"href":"https:\/\/geo-education.ch\/index.php?rest_route=\/wp\/v2\/pages"}],"about":[{"href":"https:\/\/geo-education.ch\/index.php?rest_route=\/wp\/v2\/types\/page"}],"author":[{"embeddable":true,"href":"https:\/\/geo-education.ch\/index.php?rest_route=\/wp\/v2\/users\/2"}],"replies":[{"embeddable":true,"href":"https:\/\/geo-education.ch\/index.php?rest_route=%2Fwp%2Fv2%2Fcomments&post=2063"}],"version-history":[{"count":33,"href":"https:\/\/geo-education.ch\/index.php?rest_route=\/wp\/v2\/pages\/2063\/revisions"}],"predecessor-version":[{"id":17143,"href":"https:\/\/geo-education.ch\/index.php?rest_route=\/wp\/v2\/pages\/2063\/revisions\/17143"}],"wp:attachment":[{"href":"https:\/\/geo-education.ch\/index.php?rest_route=%2Fwp%2Fv2%2Fmedia&parent=2063"}],"curies":[{"name":"wp","href":"https:\/\/api.w.org\/{rel}","templated":true}]}}