{"id":22072,"date":"2025-03-15T14:55:07","date_gmt":"2025-03-15T13:55:07","guid":{"rendered":"https:\/\/geo-education.ch\/?page_id=22072"},"modified":"2025-03-15T15:04:12","modified_gmt":"2025-03-15T14:04:12","slug":"mobilita-e-infrastrutture","status":"publish","type":"page","link":"https:\/\/geo-education.ch\/?page_id=22072&lang=it","title":{"rendered":"Mobilit\u00e0 e infrastrutture"},"content":{"rendered":"<h4>Descrizione<\/h4>\n<p>Il corso\u00a0<strong>Mobilit\u00e0 e infrastrutture<\/strong>\u00a0fornisce conoscenze approfondite sulle interazioni tra sviluppo territoriale, pianificazione della mobilit\u00e0 e progettazione delle infrastrutture. Vengono illustrati gli strumenti di pianificazione pertinenti a diversi livelli (federale, cantonale, comunale) e la loro applicazione pratica. Esempi concreti e casi di studio completano il corso, offrendo un approccio pratico ai contenuti trattati.<\/p>\n<h4><span lang=\"IT-CH\">Prerequisiti<\/span><\/h4>\n<p>Interesse per lo sviluppo e la progettazione degli spazi urbani e rurali. Curiosit\u00e0 o conoscenza dei sistemi di trasporto, dei concetti di mobilit\u00e0 e della mobilit\u00e0 sostenibile.<\/p>\n<h4>Obiettivo<\/h4>\n<ul>\n<li>Fornire concetti fondamentali sulla pianificazione territoriale e della mobilit\u00e0<\/li>\n<li>Comprendere le interazioni tra sviluppo insediativo, mobilit\u00e0 e infrastrutture<\/li>\n<li>Analizzare e interpretare i dati relativi ai trasporti e alla mobilit\u00e0 e il loro impatto sulla pianificazione e sui processi decisionali<\/li>\n<\/ul>\n<h4>Contenuto<\/h4>\n<ol>\n<li style=\"font-weight: 400;\">\n<h5>Sviluppo territoriale e mobilit\u00e0:<\/h5>\n<\/li>\n<\/ol>\n<ul>\n<li style=\"font-weight: 400;\">Descrizione degli strumenti pianificatori (Federale &#8211; PSIA, cantonale PD schede M &#8211; rete mobilit\u00e0 lente, comunale &#8211; Piano regolatore), come questi vengono rappresentati e su quali portali<\/li>\n<li style=\"font-weight: 400;\">Focus sulla scheda R\/M del PD (Programmi di agglomerato)<\/li>\n<li style=\"font-weight: 400;\">I Programmi di agglomerato come strumento concreto di sviluppo sostenibile degli insediamenti e della mobilit\u00e0<\/li>\n<li style=\"font-weight: 400;\">Esempi concreti<strong><em>\u00a0<\/em><\/strong><\/li>\n<\/ul>\n<ol start=\"2\">\n<li style=\"font-weight: 400;\">\n<h5>Mobilit\u00e0<\/h5>\n<\/li>\n<\/ol>\n<ul>\n<li style=\"font-weight: 400;\">Discussione iniziale<\/li>\n<li style=\"font-weight: 400;\">Le tipologie di vettori, i sistemi di trasporto, i comportamenti dell\u2019utenza<\/li>\n<li style=\"font-weight: 400;\">Il quadro della mobilit\u00e0 in Svizzera e in Canton Ticino (come interpretare i dati di mobilit\u00e0)<\/li>\n<li style=\"font-weight: 400;\">I dati di mobilit\u00e0 e i modelli di traffico (comportamenti delle persone, fattori che influenzano gli spostamenti, previsione della domanda)<\/li>\n<li style=\"font-weight: 400;\">Le interazioni tra traffico e insediamenti (crescita urbana influenzata dal miglioramento dell\u2019offerta e della tecnologia di trasporto)<\/li>\n<li style=\"font-weight: 400;\">La mobilit\u00e0 sostenibile come motore per uno sviluppo di qualit\u00e0 del tessuto urbano<strong><em>\u00a0<\/em><\/strong><\/li>\n<\/ul>\n<ol start=\"3\">\n<li style=\"font-weight: 400;\">\n<h5>Pianificazione delle infrastrutture:<\/h5>\n<\/li>\n<\/ol>\n<ul>\n<li style=\"font-weight: 400;\">La gerarchia stradale e la loro rappresentazione (dalla cartografia nazionale al piano regolatore comunale)<\/li>\n<li style=\"font-weight: 400;\">Rapporto tra pianificazione e progettazione: principali basi legali (valore giuridico del geodato) e come far dialogare i diversi livelli da un punto di vista grafico<\/li>\n<li style=\"font-weight: 400;\">Il Piano dell\u2019urbanizzazione dei Piani regolatori e il progetto stradale<\/li>\n<li style=\"font-weight: 400;\">Il PU-GEO &#8211; cantonale<em>\u00a0<\/em><\/li>\n<\/ul>\n<ol start=\"4\">\n<li style=\"font-weight: 400;\">\n<h5>Progettazione delle infrastrutture di mobilit\u00e0<\/h5>\n<\/li>\n<\/ol>\n<ul>\n<li style=\"font-weight: 400;\">Il progetto stradale (principi, caratteristiche, dimensionamento, esempi concreti)<\/li>\n<li style=\"font-weight: 400;\">Il progetto di mobilit\u00e0 lenta (principi, caratteristiche, dimensionamento, esempi concreti)<\/li>\n<li style=\"font-weight: 400;\">Le sfide della progettazione (esigenze, interazioni, convivenza, multifunzionalit\u00e0)<\/li>\n<\/ul>\n<h4>Durata<\/h4>\n<p>16 ore lezione<\/p>\n<div id=\"themify_builder_content-22072\" data-postid=\"22072\" class=\"themify_builder_content themify_builder_content-22072 themify_builder\">\n    <\/div>\n\n\n","protected":false},"excerpt":{"rendered":"<p>Descrizione Il corso\u00a0Mobilit\u00e0 e infrastrutture\u00a0fornisce conoscenze approfondite sulle interazioni tra sviluppo territoriale, pianificazione della mobilit\u00e0 e progettazione delle infrastrutture. Vengono illustrati gli strumenti di pianificazione pertinenti a diversi livelli (federale, [&hellip;]<\/p>\n","protected":false},"author":2,"featured_media":0,"parent":5087,"menu_order":0,"comment_status":"closed","ping_status":"closed","template":"","meta":{"_price":"","_stock":"","_tribe_ticket_header":"","_tribe_default_ticket_provider":"","_tribe_ticket_capacity":"0","_ticket_start_date":"","_ticket_end_date":"","_tribe_ticket_show_description":"","_tribe_ticket_show_not_going":false,"_tribe_ticket_use_global_stock":"","_tribe_ticket_global_stock_level":"","_global_stock_mode":"","_global_stock_cap":"","_tribe_rsvp_for_event":"","_tribe_ticket_going_count":"","_tribe_ticket_not_going_count":"","_tribe_tickets_list":"[]","_tribe_ticket_has_attendee_info_fields":false,"footnotes":""},"class_list":["post-22072","page","type-page","status-publish","hentry","has-post-title","has-post-date","has-post-category","has-post-tag","has-post-comment","has-post-author",""],"_links":{"self":[{"href":"https:\/\/geo-education.ch\/index.php?rest_route=\/wp\/v2\/pages\/22072","targetHints":{"allow":["GET"]}}],"collection":[{"href":"https:\/\/geo-education.ch\/index.php?rest_route=\/wp\/v2\/pages"}],"about":[{"href":"https:\/\/geo-education.ch\/index.php?rest_route=\/wp\/v2\/types\/page"}],"author":[{"embeddable":true,"href":"https:\/\/geo-education.ch\/index.php?rest_route=\/wp\/v2\/users\/2"}],"replies":[{"embeddable":true,"href":"https:\/\/geo-education.ch\/index.php?rest_route=%2Fwp%2Fv2%2Fcomments&post=22072"}],"version-history":[{"count":9,"href":"https:\/\/geo-education.ch\/index.php?rest_route=\/wp\/v2\/pages\/22072\/revisions"}],"predecessor-version":[{"id":22085,"href":"https:\/\/geo-education.ch\/index.php?rest_route=\/wp\/v2\/pages\/22072\/revisions\/22085"}],"up":[{"embeddable":true,"href":"https:\/\/geo-education.ch\/index.php?rest_route=\/wp\/v2\/pages\/5087"}],"wp:attachment":[{"href":"https:\/\/geo-education.ch\/index.php?rest_route=%2Fwp%2Fv2%2Fmedia&parent=22072"}],"curies":[{"name":"wp","href":"https:\/\/api.w.org\/{rel}","templated":true}]}}