{"id":2226,"date":"2018-09-04T10:57:46","date_gmt":"2018-09-04T08:57:46","guid":{"rendered":"http:\/\/geo-education.ch\/?page_id=2226"},"modified":"2025-11-20T15:48:53","modified_gmt":"2025-11-20T14:48:53","slug":"documents-utiles","status":"publish","type":"page","link":"https:\/\/geo-education.ch\/?page_id=2226&lang=fr","title":{"rendered":"Documents utiles"},"content":{"rendered":"<div id=\"themify_builder_content-2226\" data-postid=\"2226\" class=\"themify_builder_content themify_builder_content-2226 themify_builder\">\n    \t<!-- module_row -->\n\t<div  class=\"themify_builder_row module_row clearfix module_row_0 themify_builder_2226_row module_row_2226-0 tb_34b3894\">\n\t    \t    <div class=\"row_inner col_align_top\" >\n\t\t\t<div  class=\"module_column tb-column col-full first tb_2226_column module_column_0 module_column_2226-0-0 tb_4afae08\">\n\t    \t    \t        <div class=\"tb-column-inner\">\n\t\t        <!-- module callout -->\n    <div  class=\"module ui module-callout tb_0fc6bef button-left tb_default_color   repeat \">\n\t        \n        <div class=\"callout-inner\">\n            <div class=\"callout-content\">\n                <h3 class=\"callout-heading\">Contributions pour cours pr\u00e9paratoires aux examens f\u00e9d\u00e9raux<\/h3>\n                <div class=\"tb_text_wrap\">\n\t\t    Les \u00e9tudiants re\u00e7oivent une partie des co\u00fbts de formation par le biais de subventions f\u00e9d\u00e9rales                <\/div>\n            <\/div>\n            <!-- \/callout-content -->\n                            <div class=\"callout-button\">\n                        <a href=\"https:\/\/www.sbfi.admin.ch\/fr\/subventions-federales-pour-cours-preparatoires-aux-examens-federaux\" class=\"ui builder_button blue \" rel=\"noopener\" target=\"_blank\">\n                            <span class=\"tb_callout_text\">Site officiel de la Conf\u00e9d\u00e9ration<\/span>\n                        <\/a>\n                    <\/div>\n                        <\/div>\n        <!-- \/callout-content -->\n    <\/div>\n    <!-- \/module callout -->\n    <!-- module callout -->\n    <div  class=\"module ui module-callout tb_u05b35 button-left tb_default_color   repeat \">\n\t        \n        <div class=\"callout-inner\">\n            <div class=\"callout-content\">\n                <h3 class=\"callout-heading\">Contributions pour cours pr\u00e9paratoires aux examens f\u00e9d\u00e9raux<\/h3>\n                <div class=\"tb_text_wrap\">\n\t\t    La Conf\u00e9d\u00e9ration vous offre un soutien financier                <\/div>\n            <\/div>\n            <!-- \/callout-content -->\n                            <div class=\"callout-button\">\n                        <a href=\"https:\/\/geo-education.ch\/wp-content\/uploads\/2020\/06\/SEFRI_flyer-dinformation_A5_fr.pdf\" class=\"ui builder_button blue \" rel=\"noopener\" target=\"_blank\">\n                            <span class=\"tb_callout_text\">Flyer PDF<\/span>\n                        <\/a>\n                    <\/div>\n                        <\/div>\n        <!-- \/callout-content -->\n    <\/div>\n    <!-- \/module callout -->\n    <!-- module callout -->\n    <div  class=\"module ui module-callout tb_uf6730 button-left tb_default_color   repeat \">\n\t        \n        <div class=\"callout-inner\">\n            <div class=\"callout-content\">\n                <h3 class=\"callout-heading\">Contributions pour cours pr\u00e9paratoires aux examens f\u00e9d\u00e9raux<\/h3>\n                <div class=\"tb_text_wrap\">\n\t\t    Le Centre de formation g\u00e9omatique suisse vous informe \u00e0 ce sujet                <\/div>\n            <\/div>\n            <!-- \/callout-content -->\n                            <div class=\"callout-button\">\n                        <a href=\"https:\/\/geo-education.ch\/wp-content\/uploads\/2020\/06\/CF-geo_subventionCH-info_04-2022.pdf\" class=\"ui builder_button blue \" rel=\"noopener\" target=\"_blank\">\n                            <span class=\"tb_callout_text\">Infos CF-geo (PDF)<\/span>\n                        <\/a>\n                    <\/div>\n                        <\/div>\n        <!-- \/callout-content -->\n    <\/div>\n    <!-- \/module callout -->\n    <!-- module callout -->\n    <div  class=\"module ui module-callout tb_g91i824 button-left tb_default_color   repeat \">\n\t        \n        <div class=\"callout-inner\">\n            <div class=\"callout-content\">\n                <h3 class=\"callout-heading\">R\u00e8glement d'examen<\/h3>\n                <div class=\"tb_text_wrap\">\n\t\t    concernant I\u2018examen professionnel de technicienne en g\u00e9omatique \/ technicien en g\u00e9omatique                <\/div>\n            <\/div>\n            <!-- \/callout-content -->\n                            <div class=\"callout-button\">\n                        <a href=\"https:\/\/www.berufsbildung-geomatik.ch\/fileadmin\/documents\/Weiterbildung\/QSK\/PO_BP_Geomatiktechniker_f_genehmigt_20.05.2015.pdf\" class=\"ui builder_button blue \" rel=\"noopener\" target=\"_blank\">\n                            <span class=\"tb_callout_text\">R\u00e8glement d'examen<\/span>\n                        <\/a>\n                    <\/div>\n                        <\/div>\n        <!-- \/callout-content -->\n    <\/div>\n    <!-- \/module callout -->\n\t        <\/div>\n\t    \t<\/div>\n\t\t    <\/div>\n\t    <!-- \/row_inner -->\n\t<\/div>\n\t<!-- \/module_row -->\n\t\t<!-- module_row -->\n\t<div  class=\"themify_builder_row module_row clearfix module_row_1 themify_builder_2226_row module_row_2226-1 tb_f78dead\">\n\t    \t    <div class=\"row_inner col_align_top\" >\n\t\t\t<div  class=\"module_column tb-column col-full first tb_2226_column module_column_0 module_column_2226-1-0 tb_u8j3425\">\n\t    \t    \t        <div class=\"tb-column-inner\">\n\t\t        <!-- module callout -->\n    <div  class=\"module ui module-callout tb_zh5o066 button-left tb_default_color   repeat \">\n\t        \n        <div class=\"callout-inner\">\n            <div class=\"callout-content\">\n                <h3 class=\"callout-heading\">Directives relatives au r\u00e8glement d'examen<\/h3>\n                <div class=\"tb_text_wrap\">\n\t\t    comprenant les dispositions d\u00e9taill\u00e9es s&#8217;appliquant \u00e0 l&#8217;examen professionnel de Technicienne en g\u00e9omatique \/ technicien\nen g\u00e9omatique                <\/div>\n            <\/div>\n            <!-- \/callout-content -->\n                            <div class=\"callout-button\">\n                        <a href=\"https:\/\/www.berufsbildung-geomatik.ch\/fileadmin\/documents\/Weiterbildung\/QSK\/Wegleitung_Geomatiktechniker_f_01.pdf\" class=\"ui builder_button blue \" rel=\"noopener\" target=\"_blank\">\n                            <span class=\"tb_callout_text\">Directives<\/span>\n                        <\/a>\n                    <\/div>\n                        <\/div>\n        <!-- \/callout-content -->\n    <\/div>\n    <!-- \/module callout -->\n\t        <\/div>\n\t    \t<\/div>\n\t\t    <\/div>\n\t    <!-- \/row_inner -->\n\t<\/div>\n\t<!-- \/module_row -->\n\t\t<!-- module_row -->\n\t<div  class=\"themify_builder_row module_row clearfix module_row_2 themify_builder_2226_row module_row_2226-2 tb_001e70f\">\n\t    \t    <div class=\"row_inner col_align_top\" >\n\t\t\t<div  class=\"module_column tb-column col-full first tb_2226_column module_column_0 module_column_2226-2-0 tb_w85o040\">\n\t    \t    \t        <div class=\"tb-column-inner\">\n\t\t        <!-- module callout -->\n    <div  class=\"module ui module-callout tb_0bko400 button-left tb_default_color   repeat \">\n\t        \n        <div class=\"callout-inner\">\n            <div class=\"callout-content\">\n                <h3 class=\"callout-heading\">Conditions de participation<\/h3>\n                <div class=\"tb_text_wrap\">\n\t\t    Proposition de formation continue\nCF-geo (Version traduite du 1er juillet 2015)                <\/div>\n            <\/div>\n            <!-- \/callout-content -->\n                            <div class=\"callout-button\">\n                        <a href=\"https:\/\/geo-education.ch\/wp-content\/uploads\/2020\/06\/Conditions_de_participation-07-2015.pdf\" class=\"ui builder_button blue \" rel=\"noopener\" target=\"_blank\">\n                            <span class=\"tb_callout_text\">Conditions de participation<\/span>\n                        <\/a>\n                    <\/div>\n                        <\/div>\n        <!-- \/callout-content -->\n    <\/div>\n    <!-- \/module callout -->\n\t        <\/div>\n\t    \t<\/div>\n\t\t    <\/div>\n\t    <!-- \/row_inner -->\n\t<\/div>\n\t<!-- \/module_row -->\n\t\t<!-- module_row -->\n\t<div  class=\"themify_builder_row module_row clearfix module_row_3 themify_builder_2226_row module_row_2226-3 tb_0800b8b\">\n\t    \t    <div class=\"row_inner col_align_top\" >\n\t\t\t<div  class=\"module_column tb-column col-full first tb_2226_column module_column_0 module_column_2226-3-0 tb_73gx100\">\n\t    \t    \t        <div class=\"tb-column-inner\">\n\t\t        <!-- module callout -->\n    <div  class=\"module ui module-callout tb_ogvu903 button-left tb_default_color   repeat \">\n\t        \n        <div class=\"callout-inner\">\n            <div class=\"callout-content\">\n                <h3 class=\"callout-heading\">Formulaire d'inscription pour l'\u00e9quivalence<\/h3>\n                <div class=\"tb_text_wrap\">\n\t\t    Demande d&#8217;\u00e9quivalence : Si vous avez d\u00e9j\u00e0 r\u00e9ussi un examen de module similaire, vous pouvez demander l&#8217;examen d&#8217;\u00e9quivalence par la C-AQ                <\/div>\n            <\/div>\n            <!-- \/callout-content -->\n                            <div class=\"callout-button\">\n                        <a href=\"https:\/\/geo-education.ch\/wp-content\/uploads\/2020\/06\/Antragsformular-fu\u0308r-Gleichwertigkeit_F.pdf\" class=\"ui builder_button blue \" rel=\"noopener\" target=\"_blank\">\n                            <span class=\"tb_callout_text\">Formulaire de demande<\/span>\n                        <\/a>\n                    <\/div>\n                        <\/div>\n        <!-- \/callout-content -->\n    <\/div>\n    <!-- \/module callout -->\n\t        <\/div>\n\t    \t<\/div>\n\t\t    <\/div>\n\t    <!-- \/row_inner -->\n\t<\/div>\n\t<!-- \/module_row -->\n\t\t<!-- module_row -->\n\t<div  class=\"themify_builder_row module_row clearfix module_row_5 themify_builder_2226_row module_row_2226-5 tb_867fd7a\">\n\t    \t    <div class=\"row_inner col_align_top\" >\n\t\t\t<div  class=\"module_column tb-column col-full first tb_2226_column module_column_0 module_column_2226-5-0 tb_8qai244\">\n\t    \t    \t        <div class=\"tb-column-inner\">\n\t\t        <!-- module callout -->\n    <div  class=\"module ui module-callout tb_b349383 button-left tb_default_color   repeat \">\n\t        \n        <div class=\"callout-inner\">\n            <div class=\"callout-content\">\n                <h3 class=\"callout-heading\">Travaux de brevet<\/h3>\n                <div class=\"tb_text_wrap\">\n\t\t    D\u00e9couvrez les travaux de brevet r\u00e9alis\u00e9s depuis 2013                <\/div>\n            <\/div>\n            <!-- \/callout-content -->\n                            <div class=\"callout-button\">\n                        <a href=\"https:\/\/geo-education.ch\/?portfolio=travaux-de-brevet&#038;lang=fr\" class=\"ui builder_button blue \">\n                            <span class=\"tb_callout_text\">D\u00e9couvrir les posters<\/span>\n                        <\/a>\n                    <\/div>\n                        <\/div>\n        <!-- \/callout-content -->\n    <\/div>\n    <!-- \/module callout -->\n\t        <\/div>\n\t    \t<\/div>\n\t\t    <\/div>\n\t    <!-- \/row_inner -->\n\t<\/div>\n\t<!-- \/module_row -->\n\t<\/div>\n\n\n","protected":false},"excerpt":{"rendered":"<p>Contributions pour cours pr\u00e9paratoires aux examens f\u00e9d\u00e9raux Les \u00e9tudiants re\u00e7oivent une partie des co\u00fbts de formation par le biais de subventions f\u00e9d\u00e9rales Site officiel de la Conf\u00e9d\u00e9ration Contributions pour cours [&hellip;]<\/p>\n","protected":false},"author":2,"featured_media":0,"parent":6611,"menu_order":0,"comment_status":"closed","ping_status":"closed","template":"","meta":{"_price":"","_stock":"","_tribe_ticket_header":"","_tribe_default_ticket_provider":"","_tribe_ticket_capacity":"0","_ticket_start_date":"","_ticket_end_date":"","_tribe_ticket_show_description":"","_tribe_ticket_show_not_going":false,"_tribe_ticket_use_global_stock":"","_tribe_ticket_global_stock_level":"","_global_stock_mode":"","_global_stock_cap":"","_tribe_rsvp_for_event":"","_tribe_ticket_going_count":"","_tribe_ticket_not_going_count":"","_tribe_tickets_list":"[]","_tribe_ticket_has_attendee_info_fields":false,"footnotes":""},"class_list":["post-2226","page","type-page","status-publish","hentry","has-post-title","has-post-date","has-post-category","has-post-tag","has-post-comment","has-post-author",""],"_links":{"self":[{"href":"https:\/\/geo-education.ch\/index.php?rest_route=\/wp\/v2\/pages\/2226","targetHints":{"allow":["GET"]}}],"collection":[{"href":"https:\/\/geo-education.ch\/index.php?rest_route=\/wp\/v2\/pages"}],"about":[{"href":"https:\/\/geo-education.ch\/index.php?rest_route=\/wp\/v2\/types\/page"}],"author":[{"embeddable":true,"href":"https:\/\/geo-education.ch\/index.php?rest_route=\/wp\/v2\/users\/2"}],"replies":[{"embeddable":true,"href":"https:\/\/geo-education.ch\/index.php?rest_route=%2Fwp%2Fv2%2Fcomments&post=2226"}],"version-history":[{"count":100,"href":"https:\/\/geo-education.ch\/index.php?rest_route=\/wp\/v2\/pages\/2226\/revisions"}],"predecessor-version":[{"id":24387,"href":"https:\/\/geo-education.ch\/index.php?rest_route=\/wp\/v2\/pages\/2226\/revisions\/24387"}],"up":[{"embeddable":true,"href":"https:\/\/geo-education.ch\/index.php?rest_route=\/wp\/v2\/pages\/6611"}],"wp:attachment":[{"href":"https:\/\/geo-education.ch\/index.php?rest_route=%2Fwp%2Fv2%2Fmedia&parent=2226"}],"curies":[{"name":"wp","href":"https:\/\/api.w.org\/{rel}","templated":true}]}}

<div id="themify_builder_content-2226" data-postid="2226" class="themify_builder_content themify_builder_content-2226 themify_builder">
    	<!-- module_row -->
	<div  class="themify_builder_row module_row clearfix module_row_0 themify_builder_2226_row module_row_2226-0 tb_34b3894">
	    	    <div class="row_inner col_align_top" >
			<div  class="module_column tb-column col-full first tb_2226_column module_column_0 module_column_2226-0-0 tb_4afae08">
	    	    	        <div class="tb-column-inner">
		        <!-- module callout -->
    <div  class="module ui module-callout tb_0fc6bef button-left tb_default_color   repeat ">
	        
        <div class="callout-inner">
            <div class="callout-content">
                <h3 class="callout-heading">Contributions pour cours préparatoires aux examens fédéraux</h3>
                <div class="tb_text_wrap">
		    Les étudiants reçoivent une partie des coûts de formation par le biais de subventions fédérales                </div>
            </div>
            <!-- /callout-content -->
                            <div class="callout-button">
                        <a href="https://www.sbfi.admin.ch/fr/subventions-federales-pour-cours-preparatoires-aux-examens-federaux" class="ui builder_button blue " rel="noopener" target="_blank">
                            <span class="tb_callout_text">Site officiel de la Confédération</span>
                        </a>
                    </div>
                        </div>
        <!-- /callout-content -->
    </div>
    <!-- /module callout -->
    <!-- module callout -->
    <div  class="module ui module-callout tb_u05b35 button-left tb_default_color   repeat ">
	        
        <div class="callout-inner">
            <div class="callout-content">
                <h3 class="callout-heading">Contributions pour cours préparatoires aux examens fédéraux</h3>
                <div class="tb_text_wrap">
		    La Confédération vous offre un soutien financier                </div>
            </div>
            <!-- /callout-content -->
                            <div class="callout-button">
                        <a href="https://geo-education.ch/wp-content/uploads/2020/06/SEFRI_flyer-dinformation_A5_fr.pdf" class="ui builder_button blue " rel="noopener" target="_blank">
                            <span class="tb_callout_text">Flyer PDF</span>
                        </a>
                    </div>
                        </div>
        <!-- /callout-content -->
    </div>
    <!-- /module callout -->
    <!-- module callout -->
    <div  class="module ui module-callout tb_uf6730 button-left tb_default_color   repeat ">
	        
        <div class="callout-inner">
            <div class="callout-content">
                <h3 class="callout-heading">Contributions pour cours préparatoires aux examens fédéraux</h3>
                <div class="tb_text_wrap">
		    Le Centre de formation géomatique suisse vous informe à ce sujet                </div>
            </div>
            <!-- /callout-content -->
                            <div class="callout-button">
                        <a href="https://geo-education.ch/wp-content/uploads/2020/06/CF-geo_subventionCH-info_04-2022.pdf" class="ui builder_button blue " rel="noopener" target="_blank">
                            <span class="tb_callout_text">Infos CF-geo (PDF)</span>
                        </a>
                    </div>
                        </div>
        <!-- /callout-content -->
    </div>
    <!-- /module callout -->
    <!-- module callout -->
    <div  class="module ui module-callout tb_g91i824 button-left tb_default_color   repeat ">
	        
        <div class="callout-inner">
            <div class="callout-content">
                <h3 class="callout-heading">Règlement d'examen</h3>
                <div class="tb_text_wrap">
		    concernant I‘examen professionnel de technicienne en géomatique / technicien en géomatique                </div>
            </div>
            <!-- /callout-content -->
                            <div class="callout-button">
                        <a href="https://www.berufsbildung-geomatik.ch/fileadmin/documents/Weiterbildung/QSK/PO_BP_Geomatiktechniker_f_genehmigt_20.05.2015.pdf" class="ui builder_button blue " rel="noopener" target="_blank">
                            <span class="tb_callout_text">Règlement d'examen</span>
                        </a>
                    </div>
                        </div>
        <!-- /callout-content -->
    </div>
    <!-- /module callout -->
	        </div>
	    	</div>
		    </div>
	    <!-- /row_inner -->
	</div>
	<!-- /module_row -->
		<!-- module_row -->
	<div  class="themify_builder_row module_row clearfix module_row_1 themify_builder_2226_row module_row_2226-1 tb_f78dead">
	    	    <div class="row_inner col_align_top" >
			<div  class="module_column tb-column col-full first tb_2226_column module_column_0 module_column_2226-1-0 tb_u8j3425">
	    	    	        <div class="tb-column-inner">
		        <!-- module callout -->
    <div  class="module ui module-callout tb_zh5o066 button-left tb_default_color   repeat ">
	        
        <div class="callout-inner">
            <div class="callout-content">
                <h3 class="callout-heading">Directives relatives au règlement d'examen</h3>
                <div class="tb_text_wrap">
		    comprenant les dispositions détaillées s&#8217;appliquant à l&#8217;examen professionnel de Technicienne en géomatique / technicien
en géomatique                </div>
            </div>
            <!-- /callout-content -->
                            <div class="callout-button">
                        <a href="https://www.berufsbildung-geomatik.ch/fileadmin/documents/Weiterbildung/QSK/Wegleitung_Geomatiktechniker_f_01.pdf" class="ui builder_button blue " rel="noopener" target="_blank">
                            <span class="tb_callout_text">Directives</span>
                        </a>
                    </div>
                        </div>
        <!-- /callout-content -->
    </div>
    <!-- /module callout -->
	        </div>
	    	</div>
		    </div>
	    <!-- /row_inner -->
	</div>
	<!-- /module_row -->
		<!-- module_row -->
	<div  class="themify_builder_row module_row clearfix module_row_2 themify_builder_2226_row module_row_2226-2 tb_001e70f">
	    	    <div class="row_inner col_align_top" >
			<div  class="module_column tb-column col-full first tb_2226_column module_column_0 module_column_2226-2-0 tb_w85o040">
	    	    	        <div class="tb-column-inner">
		        <!-- module callout -->
    <div  class="module ui module-callout tb_0bko400 button-left tb_default_color   repeat ">
	        
        <div class="callout-inner">
            <div class="callout-content">
                <h3 class="callout-heading">Conditions de participation</h3>
                <div class="tb_text_wrap">
		    Proposition de formation continue
CF-geo (Version traduite du 1er juillet 2015)                </div>
            </div>
            <!-- /callout-content -->
                            <div class="callout-button">
                        <a href="https://geo-education.ch/wp-content/uploads/2020/06/Conditions_de_participation-07-2015.pdf" class="ui builder_button blue " rel="noopener" target="_blank">
                            <span class="tb_callout_text">Conditions de participation</span>
                        </a>
                    </div>
                        </div>
        <!-- /callout-content -->
    </div>
    <!-- /module callout -->
	        </div>
	    	</div>
		    </div>
	    <!-- /row_inner -->
	</div>
	<!-- /module_row -->
		<!-- module_row -->
	<div  class="themify_builder_row module_row clearfix module_row_3 themify_builder_2226_row module_row_2226-3 tb_0800b8b">
	    	    <div class="row_inner col_align_top" >
			<div  class="module_column tb-column col-full first tb_2226_column module_column_0 module_column_2226-3-0 tb_73gx100">
	    	    	        <div class="tb-column-inner">
		        <!-- module callout -->
    <div  class="module ui module-callout tb_ogvu903 button-left tb_default_color   repeat ">
	        
        <div class="callout-inner">
            <div class="callout-content">
                <h3 class="callout-heading">Formulaire d'inscription pour l'équivalence</h3>
                <div class="tb_text_wrap">
		    Demande d&#8217;équivalence : Si vous avez déjà réussi un examen de module similaire, vous pouvez demander l&#8217;examen d&#8217;équivalence par la C-AQ                </div>
            </div>
            <!-- /callout-content -->
                            <div class="callout-button">
                        <a href="https://geo-education.ch/wp-content/uploads/2020/06/Antragsformular-für-Gleichwertigkeit_F.pdf" class="ui builder_button blue " rel="noopener" target="_blank">
                            <span class="tb_callout_text">Formulaire de demande</span>
                        </a>
                    </div>
                        </div>
        <!-- /callout-content -->
    </div>
    <!-- /module callout -->
	        </div>
	    	</div>
		    </div>
	    <!-- /row_inner -->
	</div>
	<!-- /module_row -->
		<!-- module_row -->
	<div  class="themify_builder_row module_row clearfix module_row_5 themify_builder_2226_row module_row_2226-5 tb_867fd7a">
	    	    <div class="row_inner col_align_top" >
			<div  class="module_column tb-column col-full first tb_2226_column module_column_0 module_column_2226-5-0 tb_8qai244">
	    	    	        <div class="tb-column-inner">
		        <!-- module callout -->
    <div  class="module ui module-callout tb_b349383 button-left tb_default_color   repeat ">
	        
        <div class="callout-inner">
            <div class="callout-content">
                <h3 class="callout-heading">Travaux de brevet</h3>
                <div class="tb_text_wrap">
		    Découvrez les travaux de brevet réalisés depuis 2013                </div>
            </div>
            <!-- /callout-content -->
                            <div class="callout-button">
                        <a href="https://geo-education.ch/?portfolio=travaux-de-brevet&#038;lang=fr" class="ui builder_button blue ">
                            <span class="tb_callout_text">Découvrir les posters</span>
                        </a>
                    </div>
                        </div>
        <!-- /callout-content -->
    </div>
    <!-- /module callout -->
	        </div>
	    	</div>
		    </div>
	    <!-- /row_inner -->
	</div>
	<!-- /module_row -->
	</div>

<p>Contributions pour cours préparatoires aux examens fédéraux Les étudiants reçoivent une partie des coûts de formation par le biais de subventions fédérales Site officiel de la Confédération Contributions pour cours [&hellip;]</p>
