{"id":3287,"date":"2018-09-04T11:46:24","date_gmt":"2018-09-04T09:46:24","guid":{"rendered":"http:\/\/geo-education.ch\/?page_id=3287"},"modified":"2022-08-17T20:10:18","modified_gmt":"2022-08-17T18:10:18","slug":"la-commission-dassurance-qualite-c-aq","status":"publish","type":"page","link":"https:\/\/geo-education.ch\/?page_id=3287","title":{"rendered":"Kommission QSK"},"content":{"rendered":"<div id=\"themify_builder_content-3287\" data-postid=\"3287\" class=\"themify_builder_content themify_builder_content-3287 themify_builder\">\n    \t<!-- module_row -->\n\t<div  class=\"themify_builder_row module_row clearfix module_row_0 themify_builder_3287_row module_row_3287-0 tb_26a5945\">\n\t    \t    <div class=\"row_inner col_align_top\" >\n\t\t\t<div  class=\"module_column tb-column col-full first tb_3287_column module_column_0 module_column_3287-0-0 tb_d4019f0\">\n\t    \t    \t        <div class=\"tb-column-inner\">\n\t\t        <!-- module feature -->\n   <div  class=\"module module-feature tb_43310d2 with-chart layout-icon-left size-small  \">\n        <style type=\"text\/css\">.tb_43310d2 .module-feature-chart-html5 {\n\t\t\t    box-shadow: inset 0 0 0 3px rgba(0,0,0,.1);\n\t\t\t}\n\t\t\t.tb_43310d2 .chart-loaded.chart-html5-fill {\n\t\t\t    box-shadow: inset 0 0 0 3px #de5d5d;\n\t\t    }<\/style>\n        \n        <div class=\"module-feature-image\">\n            \n            \n                <div class=\"module-feature-chart-html5\"\n                                         data-progress=\"0\"\n                         data-progress-end=\"100\"\n                         data-size=\"100\"\n                                          >\n                    <div class=\"chart-html5-circle\">\n                                                    <div class=\"chart-html5-mask chart-html5-full\">\n                                <div class=\"chart-html5-fill\"><\/div>\n                            <\/div>\n                            <div class=\"chart-html5-mask chart-html5-half\">\n                                <div class=\"chart-html5-fill\"><\/div>\n                            <\/div>\n                                                <div class=\"chart-html5-inset chart-html5-inset-icon\">\n\n                                                                                            <i class=\"module-feature-icon fa fa-check\"><\/i>                            \n                        <\/div>\n                    <\/div>\n                <\/div>\n\n                        <\/div>\n\n        <div class=\"module-feature-content\">\n\t\t\t                                        <h3 class=\"module-feature-title\">\n                                                                                            Die Kommission f\u00fcr Qualit\u00e4tssicherung (QSK)                                                                                    <\/h3>\n                                \t    <div class=\"tb_text_wrap\">\n\t\t<p>Die Kommission f\u00fcr Qualit\u00e4tssicherung (QSK) ist verantwortlich f\u00fcr alle fachlichen und organisatorischen Aufgaben im Zusammenhang mit der Erteilung des Fachausweises f\u00fcr Geomatiktechniker\/innen. Sie ist die Ansprechpartnerin bei Fragen f\u00fcr die Kandidierenden, den Tr\u00e4gerverein und die Schule. Durch stetige Begleitung und \u00dcberwachung der Ausbildung und der Abschlusspr\u00fcfung sorgt sie daf\u00fcr, dass die Qualit\u00e4t des Abschlusses auf dem angestrebten Niveau und in allen Landesteilen einheitlich ist. \u00dcber ihre T\u00e4tigkeiten berichtet sie dem Staatssekretariat f\u00fcr Bildung, Forschung und Innovation.<\/p>\n<h5><a href=\"https:\/\/www.berufsbildung-geomatik.ch\/de\/weiterbildung\/kommission-fuer-qualitaetssicherung-qsk.html\" target=\"_blank\" rel=\"noopener\">&gt; Kommission f\u00fcr Qualit\u00e4tssicherung (QSK)<\/a><\/h5>\t    <\/div>\n\t<\/div>\n\n    <\/div>\n    <!-- \/module feature -->\n\t        <\/div>\n\t    \t<\/div>\n\t\t    <\/div>\n\t    <!-- \/row_inner -->\n\t<\/div>\n\t<!-- \/module_row -->\n\t<\/div>\n\n\n","protected":false},"excerpt":{"rendered":"<p>Die Kommission f\u00fcr Qualit\u00e4tssicherung (QSK) Die Kommission f\u00fcr Qualit\u00e4tssicherung (QSK) ist verantwortlich f\u00fcr alle fachlichen und organisatorischen Aufgaben im Zusammenhang mit der Erteilung des Fachausweises f\u00fcr Geomatiktechniker\/innen. Sie ist die [&hellip;]<\/p>\n","protected":false},"author":2,"featured_media":0,"parent":6634,"menu_order":1,"comment_status":"closed","ping_status":"closed","template":"","meta":{"_price":"","_stock":"","_tribe_ticket_header":"","_tribe_default_ticket_provider":"","_tribe_ticket_capacity":"0","_ticket_start_date":"","_ticket_end_date":"","_tribe_ticket_show_description":"","_tribe_ticket_show_not_going":false,"_tribe_ticket_use_global_stock":"","_tribe_ticket_global_stock_level":"","_global_stock_mode":"","_global_stock_cap":"","_tribe_rsvp_for_event":"","_tribe_ticket_going_count":"","_tribe_ticket_not_going_count":"","_tribe_tickets_list":"[]","_tribe_ticket_has_attendee_info_fields":false,"footnotes":""},"class_list":["post-3287","page","type-page","status-publish","hentry","has-post-title","has-post-date","has-post-category","has-post-tag","has-post-comment","has-post-author",""],"_links":{"self":[{"href":"https:\/\/geo-education.ch\/index.php?rest_route=\/wp\/v2\/pages\/3287","targetHints":{"allow":["GET"]}}],"collection":[{"href":"https:\/\/geo-education.ch\/index.php?rest_route=\/wp\/v2\/pages"}],"about":[{"href":"https:\/\/geo-education.ch\/index.php?rest_route=\/wp\/v2\/types\/page"}],"author":[{"embeddable":true,"href":"https:\/\/geo-education.ch\/index.php?rest_route=\/wp\/v2\/users\/2"}],"replies":[{"embeddable":true,"href":"https:\/\/geo-education.ch\/index.php?rest_route=%2Fwp%2Fv2%2Fcomments&post=3287"}],"version-history":[{"count":23,"href":"https:\/\/geo-education.ch\/index.php?rest_route=\/wp\/v2\/pages\/3287\/revisions"}],"predecessor-version":[{"id":15938,"href":"https:\/\/geo-education.ch\/index.php?rest_route=\/wp\/v2\/pages\/3287\/revisions\/15938"}],"up":[{"embeddable":true,"href":"https:\/\/geo-education.ch\/index.php?rest_route=\/wp\/v2\/pages\/6634"}],"wp:attachment":[{"href":"https:\/\/geo-education.ch\/index.php?rest_route=%2Fwp%2Fv2%2Fmedia&parent=3287"}],"curies":[{"name":"wp","href":"https:\/\/api.w.org\/{rel}","templated":true}]}}