{"id":3383,"date":"2018-08-22T14:49:28","date_gmt":"2018-08-22T12:49:28","guid":{"rendered":"http:\/\/geo-education.ch\/?page_id=3383"},"modified":"2025-05-04T16:18:19","modified_gmt":"2025-05-04T14:18:19","slug":"module-s8-mensuration-officielle","status":"publish","type":"page","link":"https:\/\/geo-education.ch\/?page_id=3383","title":{"rendered":"Modul S1 Amtliche Vermessung"},"content":{"rendered":"<div id=\"themify_builder_content-3383\" data-postid=\"3383\" class=\"themify_builder_content themify_builder_content-3383 themify_builder\">\n    \t<!-- module_row -->\n\t<div  class=\"themify_builder_row module_row clearfix module_row_0 themify_builder_3383_row module_row_3383-0 tb_46ec229\">\n\t    \t    <div class=\"row_inner col_align_top\" >\n\t\t\t<div  class=\"module_column tb-column col-full first tb_3383_column module_column_0 module_column_3383-0-0 tb_59c6673\">\n\t    \t    \t        <div class=\"tb-column-inner\">\n\t\t        <!-- module feature -->\n   <div  class=\"module module-feature tb_2114ad9 with-chart with-overlay-image layout-icon-left size-custom  \">\n        <style type=\"text\/css\">.tb_2114ad9 .module-feature-chart-html5 {\n\t\t\t    box-shadow: inset 0 0 0 3px rgba(0,0,0,.1);\n\t\t\t}\n\t\t\t.tb_2114ad9 .chart-loaded.chart-html5-fill {\n\t\t\t    box-shadow: inset 0 0 0 3px #de5d5d;\n\t\t    }<\/style>\n        \n        <div class=\"module-feature-image\">\n            <img loading=\"lazy\" decoding=\"async\" width=\"288\" height=\"302\" src=\"https:\/\/geo-education.ch\/wp-content\/uploads\/2018\/08\/S8.png\" class=\" wp-post-image wp-image-580\" title=\"S8\" alt=\"S8\" srcset=\"https:\/\/geo-education.ch\/wp-content\/uploads\/2018\/08\/S8.png 288w, https:\/\/geo-education.ch\/wp-content\/uploads\/2018\/08\/S8-286x300.png 286w, https:\/\/geo-education.ch\/wp-content\/uploads\/2018\/08\/S8-256x268.png 256w, https:\/\/geo-education.ch\/wp-content\/uploads\/2018\/08\/S8-978x1025.png 978w, https:\/\/geo-education.ch\/wp-content\/uploads\/2018\/08\/S8-500x524.png 500w\" sizes=\"auto, (max-width: 288px) 100vw, 288px\" \/>\n            \n                <div class=\"module-feature-chart-html5\"\n                                         data-progress=\"0\"\n                         data-progress-end=\"100\"\n                         data-size=\"\"\n                                          >\n                    <div class=\"chart-html5-circle\">\n                                                    <div class=\"chart-html5-mask chart-html5-full\">\n                                <div class=\"chart-html5-fill\"><\/div>\n                            <\/div>\n                            <div class=\"chart-html5-mask chart-html5-half\">\n                                <div class=\"chart-html5-fill\"><\/div>\n                            <\/div>\n                                                <div class=\"chart-html5-inset chart-html5-inset-icon\">\n\n                                                                                            <i class=\"module-feature-icon fa fa-home\" style=\"color: #000\"><\/i>                            \n                        <\/div>\n                    <\/div>\n                <\/div>\n\n                        <\/div>\n\n        <div class=\"module-feature-content\">\n\t\t\t\t    <div class=\"tb_text_wrap\">\n\t\t<h5>Ihre Kompetenzen nach erfolgreicher Modulpr\u00fcfung<\/h5>\n<p>Rechtliche und geomatiktechnische Grundlagen auf Stufe Bund und Kanton beschreiben, Zusammenh\u00e4nge in der Amtlichen Vermessung unterscheiden und die einzelnen Arbeitsschritte situationsgerecht anwenden. Die f\u00fcr die Praxis wichtigen Artikel aus dem Grundbuchrecht, Baurecht und Raumplanungsgesetz beschreiben und die Vertragsverh\u00e4ltnisse aus dem Obligationenrecht anwenden. Zus\u00e4tzlich beschreiben sie Grundz\u00fcge des Handels- und Gesellschaftsrecht und wenden die Grunds\u00e4tze im Personen- und Sachrecht korrekt an. Im Weiteren k\u00f6nnen sie die Grundz\u00fcge des Baurechts beschreiben.<\/p>\n<h4>MODULUMFANG<\/h4>\n<h5>Unterrichtszeit<\/h5>\n<p>84 Lektionen<\/p>\n<h4>VORAUSSETZUNGEN<\/h4>\n<p>Grundkenntnisse in Geomatik<\/p>\n<h4>KURSE, INHALTE UND LERNZIELE<\/h4>\n<h5><a href=\"https:\/\/geo-education.ch\/?page_id=3802&amp;lang=de\">Grundbuchrechte \/ Rechte<\/a><\/h5>\n<h5><a href=\"https:\/\/geo-education.ch\/?page_id=3806&amp;lang=de\">Amtliche Vermessung<\/a><\/h5>\n<h5 class=\"module-feature-title\"><a href=\"https:\/\/geo-education.ch\/?page_id=20224#\">\u00d6REB &amp; DMAV<\/a><\/h5>\n<h5>\u00a0<\/h5>\n<h4>MODULKOSTEN (ALLE KURSE UND MODULPR\u00dcFUNG)<\/h4>\n<p>CHF 2&#8217;000 .-<\/p>\t    <\/div>\n\t<\/div>\n\n    <\/div>\n    <!-- \/module feature -->\n\t        <\/div>\n\t    \t<\/div>\n\t\t    <\/div>\n\t    <!-- \/row_inner -->\n\t<\/div>\n\t<!-- \/module_row -->\n\t\t<!-- module_row -->\n\t<div  class=\"themify_builder_row module_row clearfix module_row_1 themify_builder_3383_row module_row_3383-1 tb_34ed39e\">\n\t    \t    <div class=\"row_inner col_align_top\" >\n\t\t\t<div  class=\"module_column tb-column col-full first tb_3383_column module_column_0 module_column_3383-1-0 tb_e932513\">\n\t    \t    \t        <div class=\"tb-column-inner\">\n\t\t        <!-- module buttons -->\n    <div  class=\"module module-buttons tb_457f59f xlarge solid squared  \">\n\t        \t<div class=\"module-buttons\">\n                            <div class=\"module-buttons-item buttons-fullwidth \">\n\t\t    \t\t\t<a href=\"https:\/\/geo-education.ch\/?tribe_events_cat=modul-amtliche-vermessung-f8\" class=\"ui builder_button tb_default_color\" target=\"_blank\" rel=\"noopener\">\n\t\t    \t\t    \t\t\t<span>N\u00e4chste Kursdaten und Online-Registrierung<\/span>\n\t\t    \t\t    \t\t\t<\/a>\n\t\t                    <\/div>\n                    <\/div>\n    <\/div>\n    <!-- \/module buttons -->\n\t        <\/div>\n\t    \t<\/div>\n\t\t    <\/div>\n\t    <!-- \/row_inner -->\n\t<\/div>\n\t<!-- \/module_row -->\n\t<\/div>\n\n\n","protected":false},"excerpt":{"rendered":"<p>Ihre Kompetenzen nach erfolgreicher Modulpr\u00fcfung Rechtliche und geomatiktechnische Grundlagen auf Stufe Bund und Kanton beschreiben, Zusammenh\u00e4nge in der Amtlichen Vermessung unterscheiden und die einzelnen Arbeitsschritte situationsgerecht anwenden. Die f\u00fcr die [&hellip;]<\/p>\n","protected":false},"author":2,"featured_media":0,"parent":3317,"menu_order":7,"comment_status":"closed","ping_status":"closed","template":"","meta":{"_price":"","_stock":"","_tribe_ticket_header":"","_tribe_default_ticket_provider":"","_tribe_ticket_capacity":"0","_ticket_start_date":"","_ticket_end_date":"","_tribe_ticket_show_description":"","_tribe_ticket_show_not_going":false,"_tribe_ticket_use_global_stock":"","_tribe_ticket_global_stock_level":"","_global_stock_mode":"","_global_stock_cap":"","_tribe_rsvp_for_event":"","_tribe_ticket_going_count":"","_tribe_ticket_not_going_count":"","_tribe_tickets_list":"[]","_tribe_ticket_has_attendee_info_fields":false,"footnotes":""},"class_list":["post-3383","page","type-page","status-publish","hentry","has-post-title","has-post-date","has-post-category","has-post-tag","has-post-comment","has-post-author",""],"_links":{"self":[{"href":"https:\/\/geo-education.ch\/index.php?rest_route=\/wp\/v2\/pages\/3383","targetHints":{"allow":["GET"]}}],"collection":[{"href":"https:\/\/geo-education.ch\/index.php?rest_route=\/wp\/v2\/pages"}],"about":[{"href":"https:\/\/geo-education.ch\/index.php?rest_route=\/wp\/v2\/types\/page"}],"author":[{"embeddable":true,"href":"https:\/\/geo-education.ch\/index.php?rest_route=\/wp\/v2\/users\/2"}],"replies":[{"embeddable":true,"href":"https:\/\/geo-education.ch\/index.php?rest_route=%2Fwp%2Fv2%2Fcomments&post=3383"}],"version-history":[{"count":31,"href":"https:\/\/geo-education.ch\/index.php?rest_route=\/wp\/v2\/pages\/3383\/revisions"}],"predecessor-version":[{"id":21227,"href":"https:\/\/geo-education.ch\/index.php?rest_route=\/wp\/v2\/pages\/3383\/revisions\/21227"}],"up":[{"embeddable":true,"href":"https:\/\/geo-education.ch\/index.php?rest_route=\/wp\/v2\/pages\/3317"}],"wp:attachment":[{"href":"https:\/\/geo-education.ch\/index.php?rest_route=%2Fwp%2Fv2%2Fmedia&parent=3383"}],"curies":[{"name":"wp","href":"https:\/\/api.w.org\/{rel}","templated":true}]}}

<div id="themify_builder_content-3383" data-postid="3383" class="themify_builder_content themify_builder_content-3383 themify_builder">
    	<!-- module_row -->
	<div  class="themify_builder_row module_row clearfix module_row_0 themify_builder_3383_row module_row_3383-0 tb_46ec229">
	    	    <div class="row_inner col_align_top" >
			<div  class="module_column tb-column col-full first tb_3383_column module_column_0 module_column_3383-0-0 tb_59c6673">
	    	    	        <div class="tb-column-inner">
		        <!-- module feature -->
   <div  class="module module-feature tb_2114ad9 with-chart with-overlay-image layout-icon-left size-custom  ">
        <style type="text/css">.tb_2114ad9 .module-feature-chart-html5 {
			    box-shadow: inset 0 0 0 3px rgba(0,0,0,.1);
			}
			.tb_2114ad9 .chart-loaded.chart-html5-fill {
			    box-shadow: inset 0 0 0 3px #de5d5d;
		    }</style>
        
        <div class="module-feature-image">
            <img loading="lazy" decoding="async" width="288" height="302" src="https://geo-education.ch/wp-content/uploads/2018/08/S8.png" class=" wp-post-image wp-image-580" title="S8" alt="S8" srcset="https://geo-education.ch/wp-content/uploads/2018/08/S8.png 288w, https://geo-education.ch/wp-content/uploads/2018/08/S8-286x300.png 286w, https://geo-education.ch/wp-content/uploads/2018/08/S8-256x268.png 256w, https://geo-education.ch/wp-content/uploads/2018/08/S8-978x1025.png 978w, https://geo-education.ch/wp-content/uploads/2018/08/S8-500x524.png 500w" sizes="auto, (max-width: 288px) 100vw, 288px" />
            
                <div class="module-feature-chart-html5"
                                         data-progress="0"
                         data-progress-end="100"
                         data-size=""
                                          >
                    <div class="chart-html5-circle">
                                                    <div class="chart-html5-mask chart-html5-full">
                                <div class="chart-html5-fill"></div>
                            </div>
                            <div class="chart-html5-mask chart-html5-half">
                                <div class="chart-html5-fill"></div>
                            </div>
                                                <div class="chart-html5-inset chart-html5-inset-icon">

                                                                                            <i class="module-feature-icon fa fa-home" style="color: #000"></i>                            
                        </div>
                    </div>
                </div>

                        </div>

        <div class="module-feature-content">
				    <div class="tb_text_wrap">
		<h5>Ihre Kompetenzen nach erfolgreicher Modulprüfung</h5>
<p>Rechtliche und geomatiktechnische Grundlagen auf Stufe Bund und Kanton beschreiben, Zusammenhänge in der Amtlichen Vermessung unterscheiden und die einzelnen Arbeitsschritte situationsgerecht anwenden. Die für die Praxis wichtigen Artikel aus dem Grundbuchrecht, Baurecht und Raumplanungsgesetz beschreiben und die Vertragsverhältnisse aus dem Obligationenrecht anwenden. Zusätzlich beschreiben sie Grundzüge des Handels- und Gesellschaftsrecht und wenden die Grundsätze im Personen- und Sachrecht korrekt an. Im Weiteren können sie die Grundzüge des Baurechts beschreiben.</p>
<h4>MODULUMFANG</h4>
<h5>Unterrichtszeit</h5>
<p>84 Lektionen</p>
<h4>VORAUSSETZUNGEN</h4>
<p>Grundkenntnisse in Geomatik</p>
<h4>KURSE, INHALTE UND LERNZIELE</h4>
<h5><a href="https://geo-education.ch/?page_id=3802&amp;lang=de">Grundbuchrechte / Rechte</a></h5>
<h5><a href="https://geo-education.ch/?page_id=3806&amp;lang=de">Amtliche Vermessung</a></h5>
<h5 class="module-feature-title"><a href="https://geo-education.ch/?page_id=20224#">ÖREB &amp; DMAV</a></h5>
<h5> </h5>
<h4>MODULKOSTEN (ALLE KURSE UND MODULPRÜFUNG)</h4>
<p>CHF 2&#8217;000 .-</p>	    </div>
	</div>

    </div>
    <!-- /module feature -->
	        </div>
	    	</div>
		    </div>
	    <!-- /row_inner -->
	</div>
	<!-- /module_row -->
		<!-- module_row -->
	<div  class="themify_builder_row module_row clearfix module_row_1 themify_builder_3383_row module_row_3383-1 tb_34ed39e">
	    	    <div class="row_inner col_align_top" >
			<div  class="module_column tb-column col-full first tb_3383_column module_column_0 module_column_3383-1-0 tb_e932513">
	    	    	        <div class="tb-column-inner">
		        <!-- module buttons -->
    <div  class="module module-buttons tb_457f59f xlarge solid squared  ">
	        	<div class="module-buttons">
                            <div class="module-buttons-item buttons-fullwidth ">
		    			<a href="https://geo-education.ch/?tribe_events_cat=modul-amtliche-vermessung-f8" class="ui builder_button tb_default_color" target="_blank" rel="noopener">
		    		    			<span>Nächste Kursdaten und Online-Registrierung</span>
		    		    			</a>
		                    </div>
                    </div>
    </div>
    <!-- /module buttons -->
	        </div>
	    	</div>
		    </div>
	    <!-- /row_inner -->
	</div>
	<!-- /module_row -->
	</div>

<p>Ihre Kompetenzen nach erfolgreicher Modulprüfung Rechtliche und geomatiktechnische Grundlagen auf Stufe Bund und Kanton beschreiben, Zusammenhänge in der Amtlichen Vermessung unterscheiden und die einzelnen Arbeitsschritte situationsgerecht anwenden. Die für die [&hellip;]</p>
