{"id":3422,"date":"2018-08-22T10:04:07","date_gmt":"2018-08-22T08:04:07","guid":{"rendered":"http:\/\/geo-education.ch\/?page_id=3422"},"modified":"2023-01-28T15:42:50","modified_gmt":"2023-01-28T14:42:50","slug":"b3c-management-de-la-qualite","status":"publish","type":"page","link":"https:\/\/geo-education.ch\/?page_id=3422","title":{"rendered":"Qualit\u00e4tsmanagement"},"content":{"rendered":"<h4>Beschreibung<\/h4>\n<p>Qualit\u00e4tsmanagement ist die Planung, Lenkung und Verbesserung von definierten Arbeitsprozessen und deren Abl\u00e4ufe. Regelungen zur Arbeitssicherheit sind auf allen Ebenen der Gesetzgebung zu finden und m\u00fcssen betrieblich zwingend umgesetzt werden.<\/p>\n<h4>Voraussetzungen<\/h4>\n<p>Keine<\/p>\n<h4>Ziel<\/h4>\n<p>Vorgehen beim Aufbau eines Qualit\u00e4tsmanagement-Systems interpretieren und auf das eigene betriebliche Umfeld transferieren.<br \/>\nIm QM-Bereich der Arbeitssicherheit sind die folgenden Punkte bedarfsgerecht anzuwenden und umzusetzen<\/p>\n<ul>\n<li>Unfallgefahren erkennen<\/li>\n<li>Richtiges Verhalten bei Unf\u00e4llen<\/li>\n<li>Sensibilisierung auf Gefahrenpotentiale im Arbeitsbereich<\/li>\n<li>Erweiterung des Allgemeinwissens im Zusammenhang mit Strom<\/li>\n<li>Arbeitsger\u00e4te und Werkzeuge richtig einsetzen und Gefahren ausschliessen<\/li>\n<li>Signalisierung im Strassenverkehr<\/li>\n<\/ul>\n<h4>Inhalt<\/h4>\n<h5>Qualit\u00e4tsmanagement<\/h5>\n<ul>\n<li>Werkzeuge (TQM)<\/li>\n<li>Prozessdefinition, -aufnahme, -darstellung (Art \/ Vorgehen)<\/li>\n<li>Vorgehen beim Aufbau eines Qualit\u00e4tsmanagementsystems<\/li>\n<li>Planung und Durchf\u00fchrung<\/li>\n<li>Aktionspl\u00e4ne zur Verbesserung<\/li>\n<li>Vor- und Nachteile einer Zertifizierung nach ISO 9001<\/li>\n<\/ul>\n<h5>Arbeitssicherheit<\/h5>\n<ul>\n<li>Unfall &#8211; Pr\u00e4vention<\/li>\n<li>SUVA &#8211; Literatur<\/li>\n<li>Schutzausr\u00fcstung<\/li>\n<li>Signalisation<\/li>\n<li>Unfallgefahren erkennen (Maschinen auf dem Bau, Strom, FI-Schutzschalter, Gifte)<\/li>\n<li>Unfallmeldungen und Vorgehen<\/li>\n<li>Fluchtwege, Gebrauch von Feuerl\u00f6schern, kleine Br\u00e4nde l\u00f6schen<\/li>\n<li>Suchtmittel<\/li>\n<\/ul>\n<h4>Unterrichtszeit<\/h4>\n<p>16 (2 Tage)<\/p>\n<h4>Kurskosten<\/h4>\n<p>CHF 400.-<\/p>\n<div id=\"themify_builder_content-3422\" data-postid=\"3422\" class=\"themify_builder_content themify_builder_content-3422 themify_builder\">\n    \t<!-- module_row -->\n\t<div  class=\"themify_builder_row module_row clearfix module_row_0 themify_builder_3422_row module_row_3422-0 tb_34ed39e\">\n\t    \t    <div class=\"row_inner col_align_top\" >\n\t\t\t<div  class=\"module_column tb-column col-full first tb_3422_column module_column_0 module_column_3422-0-0 tb_e932513\">\n\t    \t    \t        <div class=\"tb-column-inner\">\n\t\t        <!-- module buttons -->\n    <div  class=\"module module-buttons tb_457f59f xlarge solid squared  \">\n\t        \t<div class=\"module-buttons\">\n                            <div class=\"module-buttons-item buttons-fullwidth \">\n\t\t    \t\t\t<a href=\"https:\/\/geo-education.ch\/?tribe_events_cat=qualitaetsmanagement\" class=\"ui builder_button tb_default_color\" target=\"_blank\" rel=\"noopener\">\n\t\t    \t\t    \t\t\t<span>N\u00e4chste Kursdaten und Online-Registrierung<\/span>\n\t\t    \t\t    \t\t\t<\/a>\n\t\t                    <\/div>\n                    <\/div>\n    <\/div>\n    <!-- \/module buttons -->\n\t        <\/div>\n\t    \t<\/div>\n\t\t    <\/div>\n\t    <!-- \/row_inner -->\n\t<\/div>\n\t<!-- \/module_row -->\n\t<\/div>\n\n\n","protected":false},"excerpt":{"rendered":"<p>Beschreibung Qualit\u00e4tsmanagement ist die Planung, Lenkung und Verbesserung von definierten Arbeitsprozessen und deren Abl\u00e4ufe. Regelungen zur Arbeitssicherheit sind auf allen Ebenen der Gesetzgebung zu finden und m\u00fcssen betrieblich zwingend umgesetzt [&hellip;]<\/p>\n","protected":false},"author":2,"featured_media":0,"parent":3339,"menu_order":2,"comment_status":"closed","ping_status":"closed","template":"","meta":{"_price":"","_stock":"","_tribe_ticket_header":"","_tribe_default_ticket_provider":"","_tribe_ticket_capacity":"0","_ticket_start_date":"","_ticket_end_date":"","_tribe_ticket_show_description":"","_tribe_ticket_show_not_going":false,"_tribe_ticket_use_global_stock":"","_tribe_ticket_global_stock_level":"","_global_stock_mode":"","_global_stock_cap":"","_tribe_rsvp_for_event":"","_tribe_ticket_going_count":"","_tribe_ticket_not_going_count":"","_tribe_tickets_list":"[]","_tribe_ticket_has_attendee_info_fields":false,"footnotes":""},"class_list":["post-3422","page","type-page","status-publish","hentry","has-post-title","has-post-date","has-post-category","has-post-tag","has-post-comment","has-post-author",""],"_links":{"self":[{"href":"https:\/\/geo-education.ch\/index.php?rest_route=\/wp\/v2\/pages\/3422","targetHints":{"allow":["GET"]}}],"collection":[{"href":"https:\/\/geo-education.ch\/index.php?rest_route=\/wp\/v2\/pages"}],"about":[{"href":"https:\/\/geo-education.ch\/index.php?rest_route=\/wp\/v2\/types\/page"}],"author":[{"embeddable":true,"href":"https:\/\/geo-education.ch\/index.php?rest_route=\/wp\/v2\/users\/2"}],"replies":[{"embeddable":true,"href":"https:\/\/geo-education.ch\/index.php?rest_route=%2Fwp%2Fv2%2Fcomments&post=3422"}],"version-history":[{"count":12,"href":"https:\/\/geo-education.ch\/index.php?rest_route=\/wp\/v2\/pages\/3422\/revisions"}],"predecessor-version":[{"id":17115,"href":"https:\/\/geo-education.ch\/index.php?rest_route=\/wp\/v2\/pages\/3422\/revisions\/17115"}],"up":[{"embeddable":true,"href":"https:\/\/geo-education.ch\/index.php?rest_route=\/wp\/v2\/pages\/3339"}],"wp:attachment":[{"href":"https:\/\/geo-education.ch\/index.php?rest_route=%2Fwp%2Fv2%2Fmedia&parent=3422"}],"curies":[{"name":"wp","href":"https:\/\/api.w.org\/{rel}","templated":true}]}}