{"id":3476,"date":"2018-08-24T18:43:41","date_gmt":"2018-08-24T16:43:41","guid":{"rendered":"http:\/\/geo-education.ch\/?page_id=3476"},"modified":"2025-02-09T17:24:10","modified_gmt":"2025-02-09T16:24:10","slug":"s2b-systemes-dinformation-reseaux","status":"publish","type":"page","link":"https:\/\/geo-education.ch\/?page_id=3476","title":{"rendered":"Netzinformationssysteme"},"content":{"rendered":"<p>&nbsp;<\/p>\n<div id=\"themify_builder_content-3476\" data-postid=\"3476\" class=\"themify_builder_content themify_builder_content-3476 themify_builder\">\n    \t<!-- module_row -->\n\t<div  class=\"themify_builder_row module_row clearfix module_row_0 themify_builder_3476_row module_row_3476-0 tb_34ed39e\">\n\t    \t    <div class=\"row_inner col_align_top\" >\n\t\t\t<div  class=\"module_column tb-column col-full first tb_3476_column module_column_0 module_column_3476-0-0 tb_e932513\">\n\t    \t    \t        <div class=\"tb-column-inner\">\n\t\t        <!-- module feature -->\n   <div  class=\"module module-feature tb_u9x7429 with-chart with-overlay-image layout-icon-left size-custom  \">\n        <style type=\"text\/css\">.tb_u9x7429 .module-feature-chart-html5 {\n\t\t\t    box-shadow: inset 0 0 0 3px rgba(0,0,0,.1);\n\t\t\t}\n\t\t\t.tb_u9x7429 .chart-loaded.chart-html5-fill {\n\t\t\t    box-shadow: inset 0 0 0 3px #de5d5d;\n\t\t    }<\/style>\n        \n        <div class=\"module-feature-image\">\n            <img loading=\"lazy\" decoding=\"async\" width=\"287\" height=\"292\" src=\"https:\/\/geo-education.ch\/wp-content\/uploads\/2018\/08\/S2.png\" class=\" wp-post-image wp-image-556\" title=\"S2\" alt=\"S2\" srcset=\"https:\/\/geo-education.ch\/wp-content\/uploads\/2018\/08\/S2.png 287w, https:\/\/geo-education.ch\/wp-content\/uploads\/2018\/08\/S2-256x260.png 256w, https:\/\/geo-education.ch\/wp-content\/uploads\/2018\/08\/S2-978x995.png 978w\" sizes=\"auto, (max-width: 287px) 100vw, 287px\" \/>\n            \n                <div class=\"module-feature-chart-html5\"\n                                         data-progress=\"0\"\n                         data-progress-end=\"100\"\n                         data-size=\"\"\n                                          >\n                    <div class=\"chart-html5-circle\">\n                                                    <div class=\"chart-html5-mask chart-html5-full\">\n                                <div class=\"chart-html5-fill\"><\/div>\n                            <\/div>\n                            <div class=\"chart-html5-mask chart-html5-half\">\n                                <div class=\"chart-html5-fill\"><\/div>\n                            <\/div>\n                                                <div class=\"chart-html5-inset chart-html5-inset-icon\">\n\n                                                                                            <i class=\"module-feature-icon fa fa-home\" style=\"color: #000\"><\/i>                            \n                        <\/div>\n                    <\/div>\n                <\/div>\n\n                        <\/div>\n\n        <div class=\"module-feature-content\">\n\t\t\t\t    <div class=\"tb_text_wrap\">\n\t\t<h4>BESCHREIBUNG<\/h4>\n<p>Werkinformation von Ver- und Entsorgungsleitungen m\u00fcssen heute in Werkinformationssystemen mit einheitlichem Raumbezug verwaltet und nachgef\u00fchrt werden.<\/p>\n<h4>VORAUSSETZUNGEN<\/h4>\n<p>GIS Basiskenntnisse<\/p>\n<h4>ZIEL<\/h4>\n<ul>\n<li>Wichtigste Datenbanktechnologien f\u00fcr die Verwaltung von Werkinformationen beschreiben<\/li>\n<li>NIS \u2013 Datenmodelle der verschiedenen Medien interpretieren<\/li>\n<li>Datentransfer und Austauschformate zwischen NIS-Systemen unterscheiden<\/li>\n<li>Trends im 3D-Bereich f\u00fcr Netzinformationen beschreiben<\/li>\n<\/ul>\n<h4>INHALT<\/h4>\n<ul>\n<li class=\"xmsonormal\">NIS im Kontext mit GIS<\/li>\n<li class=\"xmsonormal\">NIS Charakteristik &amp; Anforderungen<\/li>\n<li class=\"xmsonormal\">NIS Netztopologie\u00a0\u00a0\u00a0\u00a0\u00a0\u00a0\u00a0\u00a0\u00a0\u00a0\u00a0\u00a0\u00a0\u00a0\u00a0\u00a0\u00a0\u00a0\u00a0\u00a0\u00a0\u00a0\u00a0\u00a0\u00a0<\/li>\n<li class=\"xmsonormal\"><span class=\"\" lang=\"DE\">Asset Lifecycle Management mit NIS<br class=\"\" \/>Planung \u2013 Projektierung \u2013 Bau \u2013 Dokumentation \u2013 Betrieb \u2013 Unterhalt<\/span><\/li>\n<li class=\"xmsonormal\"><span class=\"\" lang=\"DE\">NIS Netzberechnungen &amp; Visualisierungen<\/span><\/li>\n<li class=\"xmsonormal\">NIS Service &#8211; Leitungsauskunft<\/li>\n<li class=\"xmsonormal\">Norm SIA-405<\/li>\n<li class=\"xmsonormal\">Vision Leitungskataster Schweiz<\/li>\n<li class=\"xmsonormal\">Ausblick 3D, IoT<\/li>\n<\/ul>\n<h4>UNTERRICHTSZEIT<\/h4>\n<p>16 (2 Tage)<\/p>\n<h4>KURSKOSTEN<\/h4>\n<p>CHF 550.-<\/p>\n<div id=\"themify_builder_content-3358\" class=\"themify_builder_content themify_builder_content-3358 themify_builder\" data-postid=\"3358\">\u00a0<\/div>\t    <\/div>\n\t<\/div>\n\n    <\/div>\n    <!-- \/module feature -->\n    <!-- module buttons -->\n    <div  class=\"module module-buttons tb_457f59f xlarge solid squared  \">\n\t        \t<div class=\"module-buttons\">\n                            <div class=\"module-buttons-item buttons-fullwidth \">\n\t\t    \t\t\t<a href=\"https:\/\/geo-education.ch\/?tribe_events_cat=netzinformationssysteme\" class=\"ui builder_button tb_default_color\" target=\"_blank\" rel=\"noopener\">\n\t\t    \t\t    \t\t\t<span>N\u00e4chste Kursdaten und Online-Registrierung<\/span>\n\t\t    \t\t    \t\t\t<\/a>\n\t\t                    <\/div>\n                    <\/div>\n    <\/div>\n    <!-- \/module buttons -->\n\t        <\/div>\n\t    \t<\/div>\n\t\t    <\/div>\n\t    <!-- \/row_inner -->\n\t<\/div>\n\t<!-- \/module_row -->\n\t<\/div>\n\n\n","protected":false},"excerpt":{"rendered":"<p>&nbsp; BESCHREIBUNG Werkinformation von Ver- und Entsorgungsleitungen m\u00fcssen heute in Werkinformationssystemen mit einheitlichem Raumbezug verwaltet und nachgef\u00fchrt werden. VORAUSSETZUNGEN GIS Basiskenntnisse ZIEL Wichtigste Datenbanktechnologien f\u00fcr die Verwaltung von Werkinformationen beschreiben [&hellip;]<\/p>\n","protected":false},"author":2,"featured_media":0,"parent":3358,"menu_order":1,"comment_status":"closed","ping_status":"closed","template":"","meta":{"_price":"","_stock":"","_tribe_ticket_header":"","_tribe_default_ticket_provider":"","_tribe_ticket_capacity":"0","_ticket_start_date":"","_ticket_end_date":"","_tribe_ticket_show_description":"","_tribe_ticket_show_not_going":false,"_tribe_ticket_use_global_stock":"","_tribe_ticket_global_stock_level":"","_global_stock_mode":"","_global_stock_cap":"","_tribe_rsvp_for_event":"","_tribe_ticket_going_count":"","_tribe_ticket_not_going_count":"","_tribe_tickets_list":"[]","_tribe_ticket_has_attendee_info_fields":false,"footnotes":""},"class_list":["post-3476","page","type-page","status-publish","hentry","has-post-title","has-post-date","has-post-category","has-post-tag","has-post-comment","has-post-author",""],"_links":{"self":[{"href":"https:\/\/geo-education.ch\/index.php?rest_route=\/wp\/v2\/pages\/3476","targetHints":{"allow":["GET"]}}],"collection":[{"href":"https:\/\/geo-education.ch\/index.php?rest_route=\/wp\/v2\/pages"}],"about":[{"href":"https:\/\/geo-education.ch\/index.php?rest_route=\/wp\/v2\/types\/page"}],"author":[{"embeddable":true,"href":"https:\/\/geo-education.ch\/index.php?rest_route=\/wp\/v2\/users\/2"}],"replies":[{"embeddable":true,"href":"https:\/\/geo-education.ch\/index.php?rest_route=%2Fwp%2Fv2%2Fcomments&post=3476"}],"version-history":[{"count":18,"href":"https:\/\/geo-education.ch\/index.php?rest_route=\/wp\/v2\/pages\/3476\/revisions"}],"predecessor-version":[{"id":21862,"href":"https:\/\/geo-education.ch\/index.php?rest_route=\/wp\/v2\/pages\/3476\/revisions\/21862"}],"up":[{"embeddable":true,"href":"https:\/\/geo-education.ch\/index.php?rest_route=\/wp\/v2\/pages\/3358"}],"wp:attachment":[{"href":"https:\/\/geo-education.ch\/index.php?rest_route=%2Fwp%2Fv2%2Fmedia&parent=3476"}],"curies":[{"name":"wp","href":"https:\/\/api.w.org\/{rel}","templated":true}]}}