{"id":3480,"date":"2018-08-24T18:46:32","date_gmt":"2018-08-24T16:46:32","guid":{"rendered":"http:\/\/geo-education.ch\/?page_id=3480"},"modified":"2020-07-12T13:35:42","modified_gmt":"2020-07-12T11:35:42","slug":"s2c-sig-mobile","status":"publish","type":"page","link":"https:\/\/geo-education.ch\/?page_id=3480","title":{"rendered":"Web Praxis (F2b)"},"content":{"rendered":"<h4>Beschreibung<\/h4>\n<p>Mobile GI-Systeme haben in der Informationsgesellschaft eine wichtige Rolle angenommen. Bedeutung f\u00fcr Datenproduzierende, Endger\u00e4tehersteller und Anwendende werden durchleuchtet.<br \/>\nIm Kurs werden gesellschaftliche, wie aber auch technische M\u00f6glichkeiten aufgezeigt, Ger\u00e4te getestet und Varianten der Programmierung von mobilen Endger\u00e4ten umgesetzt.<\/p>\n<h4>Voraussetzungen<\/h4>\n<p>GIS-Basiskenntnisse<\/p>\n<h4>Ziel<\/h4>\n<h5>Die Teilnehmenden unterscheiden<\/h5>\n<ul>\n<li>den Begriff Mobile-GIS und erkl\u00e4ren die damit in Zusammenhang stehenden Komponenten.<\/li>\n<li>Systemarchitektur, Schnittstellen und Systeme<\/li>\n<li>Einsatzm\u00f6glichkeiten eines mobilen GIS nach Sinn und planen Anforderungen an ein mobiles System<\/li>\n<li>aktuelle Technologien<\/li>\n<\/ul>\n<h4>Inhalt<\/h4>\n<ul>\n<li>Mobile Informationsgesellschaft<\/li>\n<li>Mobile-GIS, Anwendungen in der Praxis<\/li>\n<li>Technologie\u00fcberblick<\/li>\n<li>Mobile-GIS, Anwendungen auf Android entwickeln<\/li>\n<\/ul>\n<h4>Unterrichtszeit<\/h4>\n<p>16 (2 Tage)<\/p>\n<h4>Kurskosten<\/h4>\n<p>CHF 700.-<\/p>\n<div id=\"themify_builder_content-3480\" data-postid=\"3480\" class=\"themify_builder_content themify_builder_content-3480 themify_builder\">\n    \t<!-- module_row -->\n\t<div  class=\"themify_builder_row module_row clearfix module_row_0 themify_builder_3480_row module_row_3480-0 tb_34ed39e\">\n\t    \t    <div class=\"row_inner col_align_top\" >\n\t\t\t<div  class=\"module_column tb-column col-full first tb_3480_column module_column_0 module_column_3480-0-0 tb_e932513\">\n\t    \t    \t        <div class=\"tb-column-inner\">\n\t\t        <!-- module buttons -->\n    <div  class=\"module module-buttons tb_457f59f xlarge solid squared  \">\n\t        \t<div class=\"module-buttons\">\n                            <div class=\"module-buttons-item buttons-fullwidth \">\n\t\t    \t\t\t<a href=\"https:\/\/geo-education.ch\/?tribe_events_cat=mobile-gis\" class=\"ui builder_button tb_default_color\" target=\"_blank\" rel=\"noopener\">\n\t\t    \t\t    \t\t\t<span>N\u00e4chste Kursdaten und Online-Registrierung<\/span>\n\t\t    \t\t    \t\t\t<\/a>\n\t\t                    <\/div>\n                    <\/div>\n    <\/div>\n    <!-- \/module buttons -->\n\t        <\/div>\n\t    \t<\/div>\n\t\t    <\/div>\n\t    <!-- \/row_inner -->\n\t<\/div>\n\t<!-- \/module_row -->\n\t<\/div>\n\n\n","protected":false},"excerpt":{"rendered":"<p>Beschreibung Mobile GI-Systeme haben in der Informationsgesellschaft eine wichtige Rolle angenommen. Bedeutung f\u00fcr Datenproduzierende, Endger\u00e4tehersteller und Anwendende werden durchleuchtet. Im Kurs werden gesellschaftliche, wie aber auch technische M\u00f6glichkeiten aufgezeigt, Ger\u00e4te [&hellip;]<\/p>\n","protected":false},"author":2,"featured_media":0,"parent":3358,"menu_order":2,"comment_status":"closed","ping_status":"closed","template":"","meta":{"_price":"","_stock":"","_tribe_ticket_header":"","_tribe_default_ticket_provider":"","_tribe_ticket_capacity":"0","_ticket_start_date":"","_ticket_end_date":"","_tribe_ticket_show_description":"","_tribe_ticket_show_not_going":false,"_tribe_ticket_use_global_stock":"","_tribe_ticket_global_stock_level":"","_global_stock_mode":"","_global_stock_cap":"","_tribe_rsvp_for_event":"","_tribe_ticket_going_count":"","_tribe_ticket_not_going_count":"","_tribe_tickets_list":"[]","_tribe_ticket_has_attendee_info_fields":false,"footnotes":""},"class_list":["post-3480","page","type-page","status-publish","hentry","has-post-title","has-post-date","has-post-category","has-post-tag","has-post-comment","has-post-author",""],"_links":{"self":[{"href":"https:\/\/geo-education.ch\/index.php?rest_route=\/wp\/v2\/pages\/3480","targetHints":{"allow":["GET"]}}],"collection":[{"href":"https:\/\/geo-education.ch\/index.php?rest_route=\/wp\/v2\/pages"}],"about":[{"href":"https:\/\/geo-education.ch\/index.php?rest_route=\/wp\/v2\/types\/page"}],"author":[{"embeddable":true,"href":"https:\/\/geo-education.ch\/index.php?rest_route=\/wp\/v2\/users\/2"}],"replies":[{"embeddable":true,"href":"https:\/\/geo-education.ch\/index.php?rest_route=%2Fwp%2Fv2%2Fcomments&post=3480"}],"version-history":[{"count":13,"href":"https:\/\/geo-education.ch\/index.php?rest_route=\/wp\/v2\/pages\/3480\/revisions"}],"predecessor-version":[{"id":12326,"href":"https:\/\/geo-education.ch\/index.php?rest_route=\/wp\/v2\/pages\/3480\/revisions\/12326"}],"up":[{"embeddable":true,"href":"https:\/\/geo-education.ch\/index.php?rest_route=\/wp\/v2\/pages\/3358"}],"wp:attachment":[{"href":"https:\/\/geo-education.ch\/index.php?rest_route=%2Fwp%2Fv2%2Fmedia&parent=3480"}],"curies":[{"name":"wp","href":"https:\/\/api.w.org\/{rel}","templated":true}]}}