{"id":3826,"date":"2018-08-27T11:40:31","date_gmt":"2018-08-27T09:40:31","guid":{"rendered":"http:\/\/geo-education.ch\/?page_id=3826"},"modified":"2023-01-14T17:38:10","modified_gmt":"2023-01-14T16:38:10","slug":"s10a-statique-et-construction","status":"publish","type":"page","link":"https:\/\/geo-education.ch\/?page_id=3826","title":{"rendered":"Statik und Bauwesen (F10a)"},"content":{"rendered":"<div id=\"themify_builder_content-3826\" data-postid=\"3826\" class=\"themify_builder_content themify_builder_content-3826 themify_builder\">\n    \t<!-- module_row -->\n\t<div  class=\"themify_builder_row module_row clearfix module_row_1 themify_builder_3826_row module_row_3826-1 tb_d40b5b9\">\n\t    \t    <div class=\"row_inner col_align_top\" >\n\t\t\t<div  class=\"module_column tb-column col-full first tb_3826_column module_column_0 module_column_3826-1-0 tb_f389122\">\n\t    \t    \t        <div class=\"tb-column-inner\">\n\t\t    <!-- module text -->\n<div  class=\"module module-text tb_077136d  repeat  \">\n            <div  class=\"tb_text_wrap\">\n    <h4>Beschreibung<\/h4>\n<p>Baustatik ist f\u00fcr Personen, die im Baunebengewerbe t\u00e4tig sind, von Vorteil. Die Inhalte erweitern das Verst\u00e4ndnis von Aufbau und Wirkungsweise von Bauwerken.<\/p>\n<h4>Voraussetzungen<\/h4>\n<p>T\u00e4tigkeit im Baunebengewerbe (Bauvermessung, Geoinformatik, Raumplanung, \u2026)<\/p>\n<h4>Ziel<\/h4>\n<ul>\n<li>Die wichtigsten Grundlagen der Baustatik verstehen<\/li>\n<li>Berechnungen und Zusammenh\u00e4nge der grundlegenden Baustatik &#8211; Themen ableiten und anwenden<\/li>\n<\/ul>\n<h4>Inhalt<\/h4>\n<ul>\n<li>Einf\u00fchrung (Begriff und Aufgabe Baustatik, Tragwerke und statische Systeme, Belastungen, Auflager von Tragwerken<\/li>\n<li>Kr\u00e4fte (Begriff, Drehmoment, Zusammensetzen und Zerlegen)<\/li>\n<li>Gleichgewicht (Begriff, Grafische und rechnerische Gleichgewichtsbedingungen)<\/li>\n<li>Der einfache Balken (Ermittlung der Auflagerkr\u00e4fte, Anwendungen)<\/li>\n<li>Schnittgr\u00f6ssen (Begriff, Vorzeichenregelung, Darstellung der Schnittgr\u00f6ssen in angewandten Aufgaben)<\/li>\n<li>Festigkeitslehre (Begriff Spannung, Spannungsnachweise, Einfache Dimensionierung)<\/li>\n<\/ul>\n<h4>Unterrichtszeit<\/h4>\n<p>32 (4 Tage)<\/p>\n<h4>Kurskosten<\/h4>\n<p>CHF 700.-<\/p>    <\/div>\n<\/div>\n<!-- \/module text -->\n\t        <\/div>\n\t    \t<\/div>\n\t\t    <\/div>\n\t    <!-- \/row_inner -->\n\t<\/div>\n\t<!-- \/module_row -->\n\t\t<!-- module_row -->\n\t<div  class=\"themify_builder_row module_row clearfix module_row_2 themify_builder_3826_row module_row_3826-2 tb_34ed39e\">\n\t    \t    <div class=\"row_inner col_align_top\" >\n\t\t\t<div  class=\"module_column tb-column col-full first tb_3826_column module_column_0 module_column_3826-2-0 tb_e932513\">\n\t    \t    \t        <div class=\"tb-column-inner\">\n\t\t        <!-- module buttons -->\n    <div  class=\"module module-buttons tb_457f59f xlarge solid squared  \">\n\t        \t<div class=\"module-buttons\">\n                            <div class=\"module-buttons-item buttons-fullwidth \">\n\t\t    \t\t\t<a href=\"https:\/\/geo-education.ch\/?tribe_events_cat=statik-und-bauwesen\" class=\"ui builder_button tb_default_color\" target=\"_blank\" rel=\"noopener\">\n\t\t    \t\t    \t\t\t<span>N\u00e4chste Kursdaten und Online-Registrierung<\/span>\n\t\t    \t\t    \t\t\t<\/a>\n\t\t                    <\/div>\n                    <\/div>\n    <\/div>\n    <!-- \/module buttons -->\n\t        <\/div>\n\t    \t<\/div>\n\t\t    <\/div>\n\t    <!-- \/row_inner -->\n\t<\/div>\n\t<!-- \/module_row -->\n\t<\/div>\n\n\n","protected":false},"excerpt":{"rendered":"<p>Beschreibung Baustatik ist f\u00fcr Personen, die im Baunebengewerbe t\u00e4tig sind, von Vorteil. Die Inhalte erweitern das Verst\u00e4ndnis von Aufbau und Wirkungsweise von Bauwerken. Voraussetzungen T\u00e4tigkeit im Baunebengewerbe (Bauvermessung, Geoinformatik, Raumplanung, [&hellip;]<\/p>\n","protected":false},"author":2,"featured_media":0,"parent":3390,"menu_order":0,"comment_status":"closed","ping_status":"closed","template":"","meta":{"_price":"","_stock":"","_tribe_ticket_header":"","_tribe_default_ticket_provider":"","_tribe_ticket_capacity":"0","_ticket_start_date":"","_ticket_end_date":"","_tribe_ticket_show_description":"","_tribe_ticket_show_not_going":false,"_tribe_ticket_use_global_stock":"","_tribe_ticket_global_stock_level":"","_global_stock_mode":"","_global_stock_cap":"","_tribe_rsvp_for_event":"","_tribe_ticket_going_count":"","_tribe_ticket_not_going_count":"","_tribe_tickets_list":"[]","_tribe_ticket_has_attendee_info_fields":false,"footnotes":""},"class_list":["post-3826","page","type-page","status-publish","hentry","has-post-title","has-post-date","has-post-category","has-post-tag","has-post-comment","has-post-author",""],"_links":{"self":[{"href":"https:\/\/geo-education.ch\/index.php?rest_route=\/wp\/v2\/pages\/3826","targetHints":{"allow":["GET"]}}],"collection":[{"href":"https:\/\/geo-education.ch\/index.php?rest_route=\/wp\/v2\/pages"}],"about":[{"href":"https:\/\/geo-education.ch\/index.php?rest_route=\/wp\/v2\/types\/page"}],"author":[{"embeddable":true,"href":"https:\/\/geo-education.ch\/index.php?rest_route=\/wp\/v2\/users\/2"}],"replies":[{"embeddable":true,"href":"https:\/\/geo-education.ch\/index.php?rest_route=%2Fwp%2Fv2%2Fcomments&post=3826"}],"version-history":[{"count":41,"href":"https:\/\/geo-education.ch\/index.php?rest_route=\/wp\/v2\/pages\/3826\/revisions"}],"predecessor-version":[{"id":16926,"href":"https:\/\/geo-education.ch\/index.php?rest_route=\/wp\/v2\/pages\/3826\/revisions\/16926"}],"up":[{"embeddable":true,"href":"https:\/\/geo-education.ch\/index.php?rest_route=\/wp\/v2\/pages\/3390"}],"wp:attachment":[{"href":"https:\/\/geo-education.ch\/index.php?rest_route=%2Fwp%2Fv2%2Fmedia&parent=3826"}],"curies":[{"name":"wp","href":"https:\/\/api.w.org\/{rel}","templated":true}]}}