{"id":5252,"date":"2018-08-27T11:08:36","date_gmt":"2018-08-27T09:08:36","guid":{"rendered":"http:\/\/geo-education.ch\/?page_id=5252"},"modified":"2020-04-09T01:10:18","modified_gmt":"2020-04-08T23:10:18","slug":"s8a-rf-droits","status":"publish","type":"page","link":"https:\/\/geo-education.ch\/?page_id=5252&lang=it","title":{"rendered":"Diritto del Registro Fondiario\/Diritti (F8a)"},"content":{"rendered":"<h4>Descrizione<\/h4>\n<p>I rapporti delle propriet\u00e0 fondiarie in Svizzera sono disciplinati dai diritti del Registro Fondiario.<\/p>\n<h4>Requisiti<\/h4>\n<p>Nessuno<\/p>\n<h4>Obiettivo<\/h4>\n<ul>\n<li>Descrivere gli articoli importanti nella pratica tratti dai Diritti del Registro Fondiario, dal Diritto di Costruzione e dalla Legge sulla Pianificazione Territoriale.<\/li>\n<li>Esercitare la consulenza nei confronti della clientela in modo professionale.<\/li>\n<li>Utilizzare le singole relazioni contrattuali contemplate nel diritto obbligazionario.<\/li>\n<li>Descrivere i punti fondamentali del diritto commerciale e societario.<\/li>\n<li>Utilizzare i principi del diritto concernente le persone e le cose.<\/li>\n<li>Descrivere i punti fondamentali del diritto di costruzione.<\/li>\n<\/ul>\n<h4>Contenuto<\/h4>\n<h5>Nominare e descrivere i punti salienti delle prescrizioni legali seguenti:<\/h5>\n<ul>\n<li>registro fondiario<\/li>\n<li>propriet\u00e0 complessiva, compropriet\u00e0 e propriet\u00e0 per piani<\/li>\n<li>restrizioni alle propriet\u00e0 di fondi<\/li>\n<li>limitazioni sui diritti al possesso di oggetti<\/li>\n<li>diritto fondiario rurale<\/li>\n<li>analizzare esempi di fatti concreti<\/li>\n<li>principi della legge edilizia e pianificatoria Durata<\/li>\n<\/ul>\n<h5>Descrivere gli svolgimenti delle seguenti operazioni:<\/h5>\n<ul>\n<li>il trapasso di propriet\u00e0<\/li>\n<li>le modifiche di confine<\/li>\n<li>cancellare e modificare i diritti<\/li>\n<\/ul>\n<h5>Diritto generale:<\/h5>\n<ul>\n<li>ordinamento giuridico in Svizzera<\/li>\n<li>principi fondamentali dei diritti contrattuali<\/li>\n<li>caratteristiche del diritto commerciale e societario<\/li>\n<li>diritto concernente le persone e le cose<\/li>\n<\/ul>\n<h4>Durata<\/h4>\n<p>32 ore lezione<\/p>\n<h4>Prezzo del corso<\/h4>\n<p>CHF 450.-<\/p>\n<div id=\"themify_builder_content-5252\" data-postid=\"5252\" class=\"themify_builder_content themify_builder_content-5252 themify_builder\">\n    <\/div>\n\n\n","protected":false},"excerpt":{"rendered":"<p>Descrizione I rapporti delle propriet\u00e0 fondiarie in Svizzera sono disciplinati dai diritti del Registro Fondiario. Requisiti Nessuno Obiettivo Descrivere gli articoli importanti nella pratica tratti dai Diritti del Registro Fondiario, [&hellip;]<\/p>\n","protected":false},"author":2,"featured_media":0,"parent":5111,"menu_order":0,"comment_status":"closed","ping_status":"closed","template":"","meta":{"_price":"","_stock":"","_tribe_ticket_header":"","_tribe_default_ticket_provider":"","_tribe_ticket_capacity":"0","_ticket_start_date":"","_ticket_end_date":"","_tribe_ticket_show_description":"","_tribe_ticket_show_not_going":false,"_tribe_ticket_use_global_stock":"","_tribe_ticket_global_stock_level":"","_global_stock_mode":"","_global_stock_cap":"","_tribe_rsvp_for_event":"","_tribe_ticket_going_count":"","_tribe_ticket_not_going_count":"","_tribe_tickets_list":"[]","_tribe_ticket_has_attendee_info_fields":false,"footnotes":""},"class_list":["post-5252","page","type-page","status-publish","hentry","has-post-title","has-post-date","has-post-category","has-post-tag","has-post-comment","has-post-author",""],"_links":{"self":[{"href":"https:\/\/geo-education.ch\/index.php?rest_route=\/wp\/v2\/pages\/5252","targetHints":{"allow":["GET"]}}],"collection":[{"href":"https:\/\/geo-education.ch\/index.php?rest_route=\/wp\/v2\/pages"}],"about":[{"href":"https:\/\/geo-education.ch\/index.php?rest_route=\/wp\/v2\/types\/page"}],"author":[{"embeddable":true,"href":"https:\/\/geo-education.ch\/index.php?rest_route=\/wp\/v2\/users\/2"}],"replies":[{"embeddable":true,"href":"https:\/\/geo-education.ch\/index.php?rest_route=%2Fwp%2Fv2%2Fcomments&post=5252"}],"version-history":[{"count":8,"href":"https:\/\/geo-education.ch\/index.php?rest_route=\/wp\/v2\/pages\/5252\/revisions"}],"predecessor-version":[{"id":10428,"href":"https:\/\/geo-education.ch\/index.php?rest_route=\/wp\/v2\/pages\/5252\/revisions\/10428"}],"up":[{"embeddable":true,"href":"https:\/\/geo-education.ch\/index.php?rest_route=\/wp\/v2\/pages\/5111"}],"wp:attachment":[{"href":"https:\/\/geo-education.ch\/index.php?rest_route=%2Fwp%2Fv2%2Fmedia&parent=5252"}],"curies":[{"name":"wp","href":"https:\/\/api.w.org\/{rel}","templated":true}]}}