{"id":605,"date":"2018-08-18T08:26:10","date_gmt":"2018-08-18T06:26:10","guid":{"rendered":"http:\/\/geo-education.ch\/?page_id=605"},"modified":"2022-09-19T18:15:27","modified_gmt":"2022-09-19T16:15:27","slug":"module-b1-personnalite","status":"publish","type":"page","link":"https:\/\/geo-education.ch\/?page_id=605&lang=fr","title":{"rendered":"Module B1 Personnalit\u00e9"},"content":{"rendered":"<div id=\"themify_builder_content-605\" data-postid=\"605\" class=\"themify_builder_content themify_builder_content-605 themify_builder\">\n    \t<!-- module_row -->\n\t<div  class=\"themify_builder_row module_row clearfix module_row_0 themify_builder_605_row module_row_605-0 tb_58231ca\">\n\t    \t    <div class=\"row_inner col_align_top\" >\n\t\t\t<div  class=\"module_column tb-column col-full first tb_605_column module_column_0 module_column_605-0-0 tb_a73eee3\">\n\t    \t    \t        <div class=\"tb-column-inner\">\n\t\t        <!-- module feature -->\n   <div  class=\"module module-feature tb_caf29cd with-chart with-overlay-image layout-icon-left size-custom  \">\n        <style type=\"text\/css\">.tb_caf29cd .module-feature-chart-html5 {\n\t\t\t    box-shadow: inset 0 0 0 3px rgba(0,0,0,.1);\n\t\t\t}\n\t\t\t.tb_caf29cd .chart-loaded.chart-html5-fill {\n\t\t\t    box-shadow: inset 0 0 0 3px #de5d5d;\n\t\t    }<\/style>\n        \n        <div class=\"module-feature-image\">\n            <img loading=\"lazy\" decoding=\"async\" width=\"286\" height=\"313\" src=\"https:\/\/geo-education.ch\/wp-content\/uploads\/2018\/08\/B1.png\" class=\" wp-post-image wp-image-532\" title=\"B1 Personnalit\u00e9\" alt=\"B1 Personnalit\u00e9\" srcset=\"https:\/\/geo-education.ch\/wp-content\/uploads\/2018\/08\/B1.png 286w, https:\/\/geo-education.ch\/wp-content\/uploads\/2018\/08\/B1-274x300.png 274w, https:\/\/geo-education.ch\/wp-content\/uploads\/2018\/08\/B1-256x280.png 256w, https:\/\/geo-education.ch\/wp-content\/uploads\/2018\/08\/B1-978x1070.png 978w\" sizes=\"auto, (max-width: 286px) 100vw, 286px\" \/>\n            \n                <div class=\"module-feature-chart-html5\"\n                                         data-progress=\"0\"\n                         data-progress-end=\"100\"\n                         data-size=\"\"\n                                          >\n                    <div class=\"chart-html5-circle\">\n                                                    <div class=\"chart-html5-mask chart-html5-full\">\n                                <div class=\"chart-html5-fill\"><\/div>\n                            <\/div>\n                            <div class=\"chart-html5-mask chart-html5-half\">\n                                <div class=\"chart-html5-fill\"><\/div>\n                            <\/div>\n                                                <div class=\"chart-html5-inset chart-html5-inset-icon\">\n\n                                                                                            <i class=\"module-feature-icon fa fa-home\"><\/i>                            \n                        <\/div>\n                    <\/div>\n                <\/div>\n\n                        <\/div>\n\n        <div class=\"module-feature-content\">\n\t\t\t\t    <div class=\"tb_text_wrap\">\n\t\t<div class=\"\">\n<div class=\"\">\n<div class=\"\">\n<div class=\"\">\n<h5>Apr\u00e8s avoir pass\u00e9 avec succ\u00e8s l\u2019examen de module, vous avez acquis les comp\u00e9tences essentielles suivantes:<\/h5>\n<\/div>\n<\/div>\n<\/div>\n<\/div>\n<ul>\n<li>Capacit\u00e9 de cibler vos comp\u00e9tences personnelles et de les \u00e9valuer correctement.<\/li>\n<li>Appliquer diff\u00e9rentes techniques de travail dans votre environnement professionnel et disposer de connaissances n\u00e9cessaires pour offrir aux apprenti(e)s un climat de formation particuli\u00e8rement favorable.<\/li>\n<li>Mettre en oeuvre l\u2019ordonnance sur la formation de g\u00e9omaticien et g\u00e9omaticienne (CFC) dans le cadre de la formation des apprenti(e)s.<\/li>\n<\/ul>\n<h4>DUR\u00c9E D\u2019\u00c9TUDE<\/h4>\n<h5>P\u00e9riodes enseign\u00e9es<\/h5>\n<p>69 p\u00e9riodes<\/p>\n<h5>P\u00e9riodes de travail individuel<\/h5>\n<p>16 p\u00e9riodes<\/p>\n<h4>PR\u00c9REQUIS (RECOMMANDATIONS)<\/h4>\n<p>Aucun<\/p>\n<h5>Attestation\u00a0de\u00a0formatrice\/formateur en\u00a0entreprise\u00a0reconnu \u00e0 l\u2019\u00e9chelle suisse:<\/h5>\n<p>Formation professionnelle initiale avec CFC, 2 ans d\u2019exp\u00e9rience professionnelle dans\u00a0le\u00a0domaine de la formation<\/p>\n<h4>COURS, CONTENU ET OBJECTIFS<\/h4>\n<h5><a href=\"https:\/\/geo-education.ch\/?page_id=621&amp;lang=fr\">B1a Comp\u00e9tence personnelle<\/a><\/h5>\n<h5><a href=\"https:\/\/geo-education.ch\/?page_id=760&amp;lang=fr\">B1b Formation des apprentis<\/a><\/h5>\n<h5><a href=\"https:\/\/geo-education.ch\/?page_id=776&amp;lang=fr\">B1c Technique de travail<\/a><\/h5>\n<h4>PRIX DU MODULE (TOUS LES COURS ET EXAMEN)<\/h4>\n<p>CHF 1\u2019400 .-<\/p>\n<h4>REMARQUES<\/h4>\n<p>Les cours B1a \u201ccomp\u00e9tence personnelle\u201d, B1b \u201cformation des apprentis\u201d et B1c \u201ctechnique de travail\u201d ne peuvent pas \u00eatre suivis individuellement. Ce module sera \u201cfusionn\u00e9\u201d au cours de \u201cFormation pour Formateur en Entreprise\u201d (CFFE), organis\u00e9 habituellement par le Service de la Formation Professionnelle SFP-VD.<\/p>\n<p>Pour pouvoir obtenir l\u2019attestation CFFE (ma\u00eetre d\u2019apprentissage valable pour tous les cantons), le candidat doit avoir suivi 100% des cours. Pour pouvoir obtenir le certificat du module CF-geo, le candidat doit r\u00e9ussir l\u2019examen du module.<\/p>\t    <\/div>\n\t<\/div>\n\n    <\/div>\n    <!-- \/module feature -->\n\t        <\/div>\n\t    \t<\/div>\n\t\t    <\/div>\n\t    <!-- \/row_inner -->\n\t<\/div>\n\t<!-- \/module_row -->\n\t\t<!-- module_row -->\n\t<div  class=\"themify_builder_row module_row clearfix module_row_1 themify_builder_605_row module_row_605-1 tb_ttay822\">\n\t    \t    <div class=\"row_inner col_align_top\" >\n\t\t\t<div  class=\"module_column tb-column col-full first tb_605_column module_column_0 module_column_605-1-0 tb_xdzo822\">\n\t    \t    \t        <div class=\"tb-column-inner\">\n\t\t        <!-- module buttons -->\n    <div  class=\"module module-buttons tb_y14o823 xlarge solid squared  \">\n\t        \t<div class=\"module-buttons\">\n                            <div class=\"module-buttons-item buttons-fullwidth \">\n\t\t    \t\t\t<a href=\"https:\/\/geo-education.ch\/?tribe_events_cat=personnalite-b1&#038;lang=fr\" class=\"ui builder_button tb_default_color\" target=\"_blank\" rel=\"noopener\">\n\t\t    \t\t    \t\t\t<span>Calendrier des prochains cours et inscription en ligne<\/span>\n\t\t    \t\t    \t\t\t<\/a>\n\t\t                    <\/div>\n                    <\/div>\n    <\/div>\n    <!-- \/module buttons -->\n\t        <\/div>\n\t    \t<\/div>\n\t\t    <\/div>\n\t    <!-- \/row_inner -->\n\t<\/div>\n\t<!-- \/module_row -->\n\t<\/div>\n\n\n","protected":false},"excerpt":{"rendered":"<p>Apr\u00e8s avoir pass\u00e9 avec succ\u00e8s l\u2019examen de module, vous avez acquis les comp\u00e9tences essentielles suivantes: Capacit\u00e9 de cibler vos comp\u00e9tences personnelles et de les \u00e9valuer correctement. Appliquer diff\u00e9rentes techniques de [&hellip;]<\/p>\n","protected":false},"author":2,"featured_media":0,"parent":2083,"menu_order":0,"comment_status":"closed","ping_status":"closed","template":"","meta":{"_price":"","_stock":"","_tribe_ticket_header":"","_tribe_default_ticket_provider":"","_tribe_ticket_capacity":"0","_ticket_start_date":"","_ticket_end_date":"","_tribe_ticket_show_description":"","_tribe_ticket_show_not_going":false,"_tribe_ticket_use_global_stock":"","_tribe_ticket_global_stock_level":"","_global_stock_mode":"","_global_stock_cap":"","_tribe_rsvp_for_event":"","_tribe_ticket_going_count":"","_tribe_ticket_not_going_count":"","_tribe_tickets_list":"[]","_tribe_ticket_has_attendee_info_fields":false,"footnotes":""},"class_list":["post-605","page","type-page","status-publish","hentry","has-post-title","has-post-date","has-post-category","has-post-tag","has-post-comment","has-post-author",""],"_links":{"self":[{"href":"https:\/\/geo-education.ch\/index.php?rest_route=\/wp\/v2\/pages\/605","targetHints":{"allow":["GET"]}}],"collection":[{"href":"https:\/\/geo-education.ch\/index.php?rest_route=\/wp\/v2\/pages"}],"about":[{"href":"https:\/\/geo-education.ch\/index.php?rest_route=\/wp\/v2\/types\/page"}],"author":[{"embeddable":true,"href":"https:\/\/geo-education.ch\/index.php?rest_route=\/wp\/v2\/users\/2"}],"replies":[{"embeddable":true,"href":"https:\/\/geo-education.ch\/index.php?rest_route=%2Fwp%2Fv2%2Fcomments&post=605"}],"version-history":[{"count":97,"href":"https:\/\/geo-education.ch\/index.php?rest_route=\/wp\/v2\/pages\/605\/revisions"}],"predecessor-version":[{"id":16059,"href":"https:\/\/geo-education.ch\/index.php?rest_route=\/wp\/v2\/pages\/605\/revisions\/16059"}],"up":[{"embeddable":true,"href":"https:\/\/geo-education.ch\/index.php?rest_route=\/wp\/v2\/pages\/2083"}],"wp:attachment":[{"href":"https:\/\/geo-education.ch\/index.php?rest_route=%2Fwp%2Fv2%2Fmedia&parent=605"}],"curies":[{"name":"wp","href":"https:\/\/api.w.org\/{rel}","templated":true}]}}

Module B1 Personnalité

<div id="themify_builder_content-605" data-postid="605" class="themify_builder_content themify_builder_content-605 themify_builder">
    	<!-- module_row -->
	<div  class="themify_builder_row module_row clearfix module_row_0 themify_builder_605_row module_row_605-0 tb_58231ca">
	    	    <div class="row_inner col_align_top" >
			<div  class="module_column tb-column col-full first tb_605_column module_column_0 module_column_605-0-0 tb_a73eee3">
	    	    	        <div class="tb-column-inner">
		        <!-- module feature -->
   <div  class="module module-feature tb_caf29cd with-chart with-overlay-image layout-icon-left size-custom  ">
        <style type="text/css">.tb_caf29cd .module-feature-chart-html5 {
			    box-shadow: inset 0 0 0 3px rgba(0,0,0,.1);
			}
			.tb_caf29cd .chart-loaded.chart-html5-fill {
			    box-shadow: inset 0 0 0 3px #de5d5d;
		    }</style>
        
        <div class="module-feature-image">
            <img loading="lazy" decoding="async" width="286" height="313" src="https://geo-education.ch/wp-content/uploads/2018/08/B1.png" class=" wp-post-image wp-image-532" title="B1 Personnalité" alt="B1 Personnalité" srcset="https://geo-education.ch/wp-content/uploads/2018/08/B1.png 286w, https://geo-education.ch/wp-content/uploads/2018/08/B1-274x300.png 274w, https://geo-education.ch/wp-content/uploads/2018/08/B1-256x280.png 256w, https://geo-education.ch/wp-content/uploads/2018/08/B1-978x1070.png 978w" sizes="auto, (max-width: 286px) 100vw, 286px" />
            
                <div class="module-feature-chart-html5"
                                         data-progress="0"
                         data-progress-end="100"
                         data-size=""
                                          >
                    <div class="chart-html5-circle">
                                                    <div class="chart-html5-mask chart-html5-full">
                                <div class="chart-html5-fill"></div>
                            </div>
                            <div class="chart-html5-mask chart-html5-half">
                                <div class="chart-html5-fill"></div>
                            </div>
                                                <div class="chart-html5-inset chart-html5-inset-icon">

                                                                                            <i class="module-feature-icon fa fa-home"></i>                            
                        </div>
                    </div>
                </div>

                        </div>

        <div class="module-feature-content">
				    <div class="tb_text_wrap">
		<div class="">
<div class="">
<div class="">
<div class="">
<h5>Après avoir passé avec succès l’examen de module, vous avez acquis les compétences essentielles suivantes:</h5>
</div>
</div>
</div>
</div>
<ul>
<li>Capacité de cibler vos compétences personnelles et de les évaluer correctement.</li>
<li>Appliquer différentes techniques de travail dans votre environnement professionnel et disposer de connaissances nécessaires pour offrir aux apprenti(e)s un climat de formation particulièrement favorable.</li>
<li>Mettre en oeuvre l’ordonnance sur la formation de géomaticien et géomaticienne (CFC) dans le cadre de la formation des apprenti(e)s.</li>
</ul>
<h4>DURÉE D’ÉTUDE</h4>
<h5>Périodes enseignées</h5>
<p>69 périodes</p>
<h5>Périodes de travail individuel</h5>
<p>16 périodes</p>
<h4>PRÉREQUIS (RECOMMANDATIONS)</h4>
<p>Aucun</p>
<h5>Attestation de formatrice/formateur en entreprise reconnu à l’échelle suisse:</h5>
<p>Formation professionnelle initiale avec CFC, 2 ans d’expérience professionnelle dans le domaine de la formation</p>
<h4>COURS, CONTENU ET OBJECTIFS</h4>
<h5><a href="https://geo-education.ch/?page_id=621&amp;lang=fr">B1a Compétence personnelle</a></h5>
<h5><a href="https://geo-education.ch/?page_id=760&amp;lang=fr">B1b Formation des apprentis</a></h5>
<h5><a href="https://geo-education.ch/?page_id=776&amp;lang=fr">B1c Technique de travail</a></h5>
<h4>PRIX DU MODULE (TOUS LES COURS ET EXAMEN)</h4>
<p>CHF 1’400 .-</p>
<h4>REMARQUES</h4>
<p>Les cours B1a “compétence personnelle”, B1b “formation des apprentis” et B1c “technique de travail” ne peuvent pas être suivis individuellement. Ce module sera “fusionné” au cours de “Formation pour Formateur en Entreprise” (CFFE), organisé habituellement par le Service de la Formation Professionnelle SFP-VD.</p>
<p>Pour pouvoir obtenir l’attestation CFFE (maître d’apprentissage valable pour tous les cantons), le candidat doit avoir suivi 100% des cours. Pour pouvoir obtenir le certificat du module CF-geo, le candidat doit réussir l’examen du module.</p>	    </div>
	</div>

    </div>
    <!-- /module feature -->
	        </div>
	    	</div>
		    </div>
	    <!-- /row_inner -->
	</div>
	<!-- /module_row -->
		<!-- module_row -->
	<div  class="themify_builder_row module_row clearfix module_row_1 themify_builder_605_row module_row_605-1 tb_ttay822">
	    	    <div class="row_inner col_align_top" >
			<div  class="module_column tb-column col-full first tb_605_column module_column_0 module_column_605-1-0 tb_xdzo822">
	    	    	        <div class="tb-column-inner">
		        <!-- module buttons -->
    <div  class="module module-buttons tb_y14o823 xlarge solid squared  ">
	        	<div class="module-buttons">
                            <div class="module-buttons-item buttons-fullwidth ">
		    			<a href="https://geo-education.ch/?tribe_events_cat=personnalite-b1&#038;lang=fr" class="ui builder_button tb_default_color" target="_blank" rel="noopener">
		    		    			<span>Calendrier des prochains cours et inscription en ligne</span>
		    		    			</a>
		                    </div>
                    </div>
    </div>
    <!-- /module buttons -->
	        </div>
	    	</div>
		    </div>
	    <!-- /row_inner -->
	</div>
	<!-- /module_row -->
	</div>

<p>Après avoir passé avec succès l’examen de module, vous avez acquis les compétences essentielles suivantes: Capacité de cibler vos compétences personnelles et de les évaluer correctement. Appliquer différentes techniques de [&hellip;]</p>
