{"id":6176,"date":"2018-10-04T21:33:58","date_gmt":"2018-10-04T19:33:58","guid":{"rendered":"https:\/\/geo-education.ch\/?page_id=6176"},"modified":"2024-06-20T14:26:26","modified_gmt":"2024-06-20T12:26:26","slug":"examen-professionnel","status":"publish","type":"page","link":"https:\/\/geo-education.ch\/?page_id=6176&lang=fr","title":{"rendered":"Examen professionnel"},"content":{"rendered":"<div id=\"themify_builder_content-6176\" data-postid=\"6176\" class=\"themify_builder_content themify_builder_content-6176 themify_builder\">\n    \t<!-- module_row -->\n\t<div  class=\"themify_builder_row module_row clearfix module_row_0 themify_builder_6176_row module_row_6176-0 tb_50c5b56\">\n\t    \t    <div class=\"row_inner col_align_top\" >\n\t\t\t<div  class=\"module_column tb-column col-full first tb_6176_column module_column_0 module_column_6176-0-0 tb_59547c3\">\n\t    \t    \t        <div class=\"tb-column-inner\">\n\t\t        <!-- module feature -->\n   <div  class=\"module module-feature tb_25c8e24 with-chart layout-icon-left size-small  \">\n        <style type=\"text\/css\">.tb_25c8e24 .module-feature-chart-html5 {\n\t\t\t    box-shadow: inset 0 0 0 3px rgba(0,0,0,.1);\n\t\t\t}\n\t\t\t.tb_25c8e24 .chart-loaded.chart-html5-fill {\n\t\t\t    box-shadow: inset 0 0 0 3px #de5d5d;\n\t\t    }<\/style>\n        \n        <div class=\"module-feature-image\">\n            \n            \n                <div class=\"module-feature-chart-html5\"\n                                         data-progress=\"0\"\n                         data-progress-end=\"100\"\n                         data-size=\"100\"\n                                          >\n                    <div class=\"chart-html5-circle\">\n                                                    <div class=\"chart-html5-mask chart-html5-full\">\n                                <div class=\"chart-html5-fill\"><\/div>\n                            <\/div>\n                            <div class=\"chart-html5-mask chart-html5-half\">\n                                <div class=\"chart-html5-fill\"><\/div>\n                            <\/div>\n                                                <div class=\"chart-html5-inset chart-html5-inset-icon\">\n\n                                                                                            <i class=\"module-feature-icon fa fa-graduation-cap\" style=\"color: #000\"><\/i>                            \n                        <\/div>\n                    <\/div>\n                <\/div>\n\n                        <\/div>\n\n        <div class=\"module-feature-content\">\n\t\t\t                                        <h3 class=\"module-feature-title\">\n                                                                                            L'examen professionnel                                                                                    <\/h3>\n                                \t    <div class=\"tb_text_wrap\">\n\t\t<p>L&#8217;examen professionnel couronne ta formation en tant que technicien \/ technicienne en g\u00e9omatique. A l&#8217;occasion de ton travail de dipl\u00f4me, tu pourras mettre en \u0153uvre tes nouvelles comp\u00e9tences et approfondir un sujet qui t&#8217;int\u00e9resse.<\/p>\n<h4>Inscription \u00e0\u00a0l&#8217;examen<\/h4>\n<p>La date limite de l\u2019inscription pr\u00e9c\u00e8de le d\u00e9but de l\u2019examen (jour de la pr\u00e9sentation et discussion orale) de 6 mois. A la date d\u2019inscription, tous les certificats de module valables doivent \u00eatre obtenus. L\u2019inscription se fait en ligne <a href=\"https:\/\/portal.tv-geo.ch\" target=\"_blank\" rel=\"noopener\">en cliquant sur ce lien<\/a>.<\/p>\n<h5><a href=\"https:\/\/www.formation-geomatique.ch\/formation-continue\/examen-professionnel.html\" target=\"_blank\" rel=\"noopener\">&gt; Informations concernant l&#8217;examen professionnel sur le site de l&#8217;Association fa\u00eeti\u00e8re G\u00e9omaticiens\/G\u00e9omaticiennes Suisse<\/a><\/h5>\t    <\/div>\n\t<\/div>\n\n    <\/div>\n    <!-- \/module feature -->\n\t        <\/div>\n\t    \t<\/div>\n\t\t    <\/div>\n\t    <!-- \/row_inner -->\n\t<\/div>\n\t<!-- \/module_row -->\n\t<\/div>\n\n\n","protected":false},"excerpt":{"rendered":"<p>L&#8217;examen professionnel L&#8217;examen professionnel couronne ta formation en tant que technicien \/ technicienne en g\u00e9omatique. A l&#8217;occasion de ton travail de dipl\u00f4me, tu pourras mettre en \u0153uvre tes nouvelles comp\u00e9tences [&hellip;]<\/p>\n","protected":false},"author":2,"featured_media":0,"parent":6611,"menu_order":3,"comment_status":"closed","ping_status":"closed","template":"","meta":{"_price":"","_stock":"","_tribe_ticket_header":"","_tribe_default_ticket_provider":"","_tribe_ticket_capacity":"0","_ticket_start_date":"","_ticket_end_date":"","_tribe_ticket_show_description":"","_tribe_ticket_show_not_going":false,"_tribe_ticket_use_global_stock":"","_tribe_ticket_global_stock_level":"","_global_stock_mode":"","_global_stock_cap":"","_tribe_rsvp_for_event":"","_tribe_ticket_going_count":"","_tribe_ticket_not_going_count":"","_tribe_tickets_list":"[]","_tribe_ticket_has_attendee_info_fields":false,"footnotes":""},"class_list":["post-6176","page","type-page","status-publish","hentry","has-post-title","has-post-date","has-post-category","has-post-tag","has-post-comment","has-post-author",""],"_links":{"self":[{"href":"https:\/\/geo-education.ch\/index.php?rest_route=\/wp\/v2\/pages\/6176","targetHints":{"allow":["GET"]}}],"collection":[{"href":"https:\/\/geo-education.ch\/index.php?rest_route=\/wp\/v2\/pages"}],"about":[{"href":"https:\/\/geo-education.ch\/index.php?rest_route=\/wp\/v2\/types\/page"}],"author":[{"embeddable":true,"href":"https:\/\/geo-education.ch\/index.php?rest_route=\/wp\/v2\/users\/2"}],"replies":[{"embeddable":true,"href":"https:\/\/geo-education.ch\/index.php?rest_route=%2Fwp%2Fv2%2Fcomments&post=6176"}],"version-history":[{"count":26,"href":"https:\/\/geo-education.ch\/index.php?rest_route=\/wp\/v2\/pages\/6176\/revisions"}],"predecessor-version":[{"id":21025,"href":"https:\/\/geo-education.ch\/index.php?rest_route=\/wp\/v2\/pages\/6176\/revisions\/21025"}],"up":[{"embeddable":true,"href":"https:\/\/geo-education.ch\/index.php?rest_route=\/wp\/v2\/pages\/6611"}],"wp:attachment":[{"href":"https:\/\/geo-education.ch\/index.php?rest_route=%2Fwp%2Fv2%2Fmedia&parent=6176"}],"curies":[{"name":"wp","href":"https:\/\/api.w.org\/{rel}","templated":true}]}}

<div id="themify_builder_content-6176" data-postid="6176" class="themify_builder_content themify_builder_content-6176 themify_builder">
    	<!-- module_row -->
	<div  class="themify_builder_row module_row clearfix module_row_0 themify_builder_6176_row module_row_6176-0 tb_50c5b56">
	    	    <div class="row_inner col_align_top" >
			<div  class="module_column tb-column col-full first tb_6176_column module_column_0 module_column_6176-0-0 tb_59547c3">
	    	    	        <div class="tb-column-inner">
		        <!-- module feature -->
   <div  class="module module-feature tb_25c8e24 with-chart layout-icon-left size-small  ">
        <style type="text/css">.tb_25c8e24 .module-feature-chart-html5 {
			    box-shadow: inset 0 0 0 3px rgba(0,0,0,.1);
			}
			.tb_25c8e24 .chart-loaded.chart-html5-fill {
			    box-shadow: inset 0 0 0 3px #de5d5d;
		    }</style>
        
        <div class="module-feature-image">
            
            
                <div class="module-feature-chart-html5"
                                         data-progress="0"
                         data-progress-end="100"
                         data-size="100"
                                          >
                    <div class="chart-html5-circle">
                                                    <div class="chart-html5-mask chart-html5-full">
                                <div class="chart-html5-fill"></div>
                            </div>
                            <div class="chart-html5-mask chart-html5-half">
                                <div class="chart-html5-fill"></div>
                            </div>
                                                <div class="chart-html5-inset chart-html5-inset-icon">

                                                                                            <i class="module-feature-icon fa fa-graduation-cap" style="color: #000"></i>                            
                        </div>
                    </div>
                </div>

                        </div>

        <div class="module-feature-content">
			                                        <h3 class="module-feature-title">
                                                                                            L'examen professionnel                                                                                    </h3>
                                	    <div class="tb_text_wrap">
		<p>L&#8217;examen professionnel couronne ta formation en tant que technicien / technicienne en géomatique. A l&#8217;occasion de ton travail de diplôme, tu pourras mettre en œuvre tes nouvelles compétences et approfondir un sujet qui t&#8217;intéresse.</p>
<h4>Inscription à l&#8217;examen</h4>
<p>La date limite de l’inscription précède le début de l’examen (jour de la présentation et discussion orale) de 6 mois. A la date d’inscription, tous les certificats de module valables doivent être obtenus. L’inscription se fait en ligne <a href="https://portal.tv-geo.ch" target="_blank" rel="noopener">en cliquant sur ce lien</a>.</p>
<h5><a href="https://www.formation-geomatique.ch/formation-continue/examen-professionnel.html" target="_blank" rel="noopener">&gt; Informations concernant l&#8217;examen professionnel sur le site de l&#8217;Association faîtière Géomaticiens/Géomaticiennes Suisse</a></h5>	    </div>
	</div>

    </div>
    <!-- /module feature -->
	        </div>
	    	</div>
		    </div>
	    <!-- /row_inner -->
	</div>
	<!-- /module_row -->
	</div>

<p>L&#8217;examen professionnel L&#8217;examen professionnel couronne ta formation en tant que technicien / technicienne en géomatique. A l&#8217;occasion de ton travail de diplôme, tu pourras mettre en œuvre tes nouvelles compétences [&hellip;]</p>
