{"id":621,"date":"2018-08-18T09:09:29","date_gmt":"2018-08-18T07:09:29","guid":{"rendered":"http:\/\/geo-education.ch\/?page_id=621"},"modified":"2022-09-19T18:25:00","modified_gmt":"2022-09-19T16:25:00","slug":"cours-b1a-competence-personnelle","status":"publish","type":"page","link":"https:\/\/geo-education.ch\/?page_id=621&lang=fr","title":{"rendered":"Comp\u00e9tence personnelle (B1a)"},"content":{"rendered":"<h4>Description<\/h4>\n<p><span style=\"font-weight: 400;\">Outre les comp\u00e9tences professionnelles, r\u00e9fl\u00e9chir \u00e0 ses comp\u00e9tences personnelles \u00e9largies et les rassembler afin de les utiliser de mani\u00e8re cibl\u00e9e dans l&#8217;environnement professionnel mais aussi dans la vie priv\u00e9e.<\/span><\/p>\n<h4>Pr\u00e9requis (recommandations)<\/h4>\n<p>Aucun<\/p>\n<h4>Objectifs<\/h4>\n<p><span style=\"font-weight: 400;\">En r\u00e9f\u00e9rence aux supports de formation, les participants peuvent :\u00a0<\/span><\/p>\n<ul>\n<li style=\"font-weight: 400;\" aria-level=\"1\"><span style=\"font-weight: 400;\">Reconna\u00eetre, \u00e9valuer et documenter syst\u00e9matiquement et de mani\u00e8re compr\u00e9hensible leurs aptitudes, comp\u00e9tences et qualifications.<\/span><\/li>\n<li style=\"font-weight: 400;\" aria-level=\"1\"><span style=\"font-weight: 400;\">A partir des divers pas d\u2019\u00e9tude, d\u00e9duire les forces personnelles essentielles et les comp\u00e9tences principales (trouver le fil rouge).\u00a0<\/span><\/li>\n<li style=\"font-weight: 400;\" aria-level=\"1\"><span style=\"font-weight: 400;\">\u00c9laborer de mani\u00e8re cibl\u00e9e le dossier pour preuve de leur comp\u00e9tence et faire correspondre en m\u00eame temps leur profil personnel avec le profil des exigences impos\u00e9.\u00a0<\/span><\/li>\n<li style=\"font-weight: 400;\" aria-level=\"1\"><span style=\"font-weight: 400;\">Planifier et ex\u00e9cuter un acte de candidature \/ une proposition.\u00a0<\/span><\/li>\n<li style=\"font-weight: 400;\" aria-level=\"1\"><span style=\"font-weight: 400;\">Appliquer durablement et ind\u00e9pendamment la gestion de leurs comp\u00e9tences avec le soutien du\u00a0 bilan-portfolio.<\/span><\/li>\n<\/ul>\n<h4>Contenu<\/h4>\n<ul>\n<li style=\"font-weight: 400;\" aria-level=\"1\"><span style=\"font-weight: 400;\">Bases pour la reconnaissance formelle de certaines comp\u00e9tences et prestations dans la formation \/ profession.<\/span><\/li>\n<li style=\"font-weight: 400;\" aria-level=\"1\"><span style=\"font-weight: 400;\">Pr\u00e9sentation du d\u00e9veloppement en vue d\u2019une candidature \/ d\u2019un proc\u00e9d\u00e9 de qualification choisi.<\/span><\/li>\n<li style=\"font-weight: 400;\" aria-level=\"1\"><span style=\"font-weight: 400;\">Saisie des performances (\u00e9ducatives) ant\u00e9rieures (analyse de potentiel).\u00a0<\/span><\/li>\n<li style=\"font-weight: 400;\" aria-level=\"1\"><span style=\"font-weight: 400;\">\u00c9tablissement d\u2019un profil de comp\u00e9tences et justification des comp\u00e9tences principales en conformit\u00e9 avec le(s) profil(s) d\u2019exigence requis.\u00a0<\/span><\/li>\n<\/ul>\n<h4>Dur\u00e9e d\u2019\u00e9tude<\/h4>\n<p>8 p\u00e9riodes enseign\u00e9es plus environ 7 p\u00e9riodes de travail individuel.<\/p>\n<h4>Prix du cours<\/h4>\n<p>CHF 200.-<\/p>\n<h4>Particularit\u00e9s<\/h4>\n<ul>\n<li>Ce module sera fusionn\u00e9 au \u00ab Cours de Formation pour Formateur en Entreprise&#8221; (CFFE).<\/li>\n<li>Pour pouvoir obtenir l&#8217;attestation CFFE (ma\u00eetre d&#8217;apprentissage valable pour tous les cantons), le candidat doit avoir suivi au minimum 90% des cours.<\/li>\n<li>Pour pouvoir obtenir le certificat CF-geo du module, le candidat doit r\u00e9ussir l&#8217;examen du module.<\/li>\n<li>Il n&#8217;est pas possible de ne suivre qu&#8217;un cours de ce module. Le module doit \u00eatre suivi dans son int\u00e9gralit\u00e9.<\/li>\n<\/ul>\n<div id=\"themify_builder_content-621\" data-postid=\"621\" class=\"themify_builder_content themify_builder_content-621 themify_builder\">\n    \t<!-- module_row -->\n\t<div  class=\"themify_builder_row module_row clearfix module_row_0 themify_builder_621_row module_row_621-0 tb_oups247\">\n\t    \t    <div class=\"row_inner col_align_top\" >\n\t\t\t<div  class=\"module_column tb-column col-full first tb_621_column module_column_0 module_column_621-0-0 tb_mylo247\">\n\t    \t    \t        <div class=\"tb-column-inner\">\n\t\t        <!-- module buttons -->\n    <div  class=\"module module-buttons tb_a2ot247 xlarge solid squared  \">\n\t        \t<div class=\"module-buttons\">\n                            <div class=\"module-buttons-item buttons-fullwidth \">\n\t\t    \t\t\t<a href=\"https:\/\/geo-education.ch\/?tribe_events_cat=competence-personnelle&#038;lang=fr\" class=\"ui builder_button tb_default_color\" target=\"_blank\" rel=\"noopener\">\n\t\t    \t\t    \t\t\t<span>Calendrier des prochains cours et inscription en ligne<\/span>\n\t\t    \t\t    \t\t\t<\/a>\n\t\t                    <\/div>\n                    <\/div>\n    <\/div>\n    <!-- \/module buttons -->\n\t        <\/div>\n\t    \t<\/div>\n\t\t    <\/div>\n\t    <!-- \/row_inner -->\n\t<\/div>\n\t<!-- \/module_row -->\n\t<\/div>\n\n\n","protected":false},"excerpt":{"rendered":"<p>Description Outre les comp\u00e9tences professionnelles, r\u00e9fl\u00e9chir \u00e0 ses comp\u00e9tences personnelles \u00e9largies et les rassembler afin de les utiliser de mani\u00e8re cibl\u00e9e dans l&#8217;environnement professionnel mais aussi dans la vie priv\u00e9e. [&hellip;]<\/p>\n","protected":false},"author":2,"featured_media":0,"parent":605,"menu_order":0,"comment_status":"closed","ping_status":"closed","template":"","meta":{"_price":"","_stock":"","_tribe_ticket_header":"","_tribe_default_ticket_provider":"","_tribe_ticket_capacity":"0","_ticket_start_date":"","_ticket_end_date":"","_tribe_ticket_show_description":"","_tribe_ticket_show_not_going":false,"_tribe_ticket_use_global_stock":"","_tribe_ticket_global_stock_level":"","_global_stock_mode":"","_global_stock_cap":"","_tribe_rsvp_for_event":"","_tribe_ticket_going_count":"","_tribe_ticket_not_going_count":"","_tribe_tickets_list":"[]","_tribe_ticket_has_attendee_info_fields":false,"footnotes":""},"class_list":["post-621","page","type-page","status-publish","hentry","has-post-title","has-post-date","has-post-category","has-post-tag","has-post-comment","has-post-author",""],"_links":{"self":[{"href":"https:\/\/geo-education.ch\/index.php?rest_route=\/wp\/v2\/pages\/621","targetHints":{"allow":["GET"]}}],"collection":[{"href":"https:\/\/geo-education.ch\/index.php?rest_route=\/wp\/v2\/pages"}],"about":[{"href":"https:\/\/geo-education.ch\/index.php?rest_route=\/wp\/v2\/types\/page"}],"author":[{"embeddable":true,"href":"https:\/\/geo-education.ch\/index.php?rest_route=\/wp\/v2\/users\/2"}],"replies":[{"embeddable":true,"href":"https:\/\/geo-education.ch\/index.php?rest_route=%2Fwp%2Fv2%2Fcomments&post=621"}],"version-history":[{"count":29,"href":"https:\/\/geo-education.ch\/index.php?rest_route=\/wp\/v2\/pages\/621\/revisions"}],"predecessor-version":[{"id":16068,"href":"https:\/\/geo-education.ch\/index.php?rest_route=\/wp\/v2\/pages\/621\/revisions\/16068"}],"up":[{"embeddable":true,"href":"https:\/\/geo-education.ch\/index.php?rest_route=\/wp\/v2\/pages\/605"}],"wp:attachment":[{"href":"https:\/\/geo-education.ch\/index.php?rest_route=%2Fwp%2Fv2%2Fmedia&parent=621"}],"curies":[{"name":"wp","href":"https:\/\/api.w.org\/{rel}","templated":true}]}}

Compétence personnelle (B1a)

<h4>Description</h4>
<p><span style="font-weight: 400;">Outre les compétences professionnelles, réfléchir à ses compétences personnelles élargies et les rassembler afin de les utiliser de manière ciblée dans l&#8217;environnement professionnel mais aussi dans la vie privée.</span></p>
<h4>Prérequis (recommandations)</h4>
<p>Aucun</p>
<h4>Objectifs</h4>
<p><span style="font-weight: 400;">En référence aux supports de formation, les participants peuvent : </span></p>
<ul>
<li style="font-weight: 400;" aria-level="1"><span style="font-weight: 400;">Reconnaître, évaluer et documenter systématiquement et de manière compréhensible leurs aptitudes, compétences et qualifications.</span></li>
<li style="font-weight: 400;" aria-level="1"><span style="font-weight: 400;">A partir des divers pas d’étude, déduire les forces personnelles essentielles et les compétences principales (trouver le fil rouge). </span></li>
<li style="font-weight: 400;" aria-level="1"><span style="font-weight: 400;">Élaborer de manière ciblée le dossier pour preuve de leur compétence et faire correspondre en même temps leur profil personnel avec le profil des exigences imposé. </span></li>
<li style="font-weight: 400;" aria-level="1"><span style="font-weight: 400;">Planifier et exécuter un acte de candidature / une proposition. </span></li>
<li style="font-weight: 400;" aria-level="1"><span style="font-weight: 400;">Appliquer durablement et indépendamment la gestion de leurs compétences avec le soutien du  bilan-portfolio.</span></li>
</ul>
<h4>Contenu</h4>
<ul>
<li style="font-weight: 400;" aria-level="1"><span style="font-weight: 400;">Bases pour la reconnaissance formelle de certaines compétences et prestations dans la formation / profession.</span></li>
<li style="font-weight: 400;" aria-level="1"><span style="font-weight: 400;">Présentation du développement en vue d’une candidature / d’un procédé de qualification choisi.</span></li>
<li style="font-weight: 400;" aria-level="1"><span style="font-weight: 400;">Saisie des performances (éducatives) antérieures (analyse de potentiel). </span></li>
<li style="font-weight: 400;" aria-level="1"><span style="font-weight: 400;">Établissement d’un profil de compétences et justification des compétences principales en conformité avec le(s) profil(s) d’exigence requis. </span></li>
</ul>
<h4>Durée d’étude</h4>
<p>8 périodes enseignées plus environ 7 périodes de travail individuel.</p>
<h4>Prix du cours</h4>
<p>CHF 200.-</p>
<h4>Particularités</h4>
<ul>
<li>Ce module sera fusionné au « Cours de Formation pour Formateur en Entreprise&#8221; (CFFE).</li>
<li>Pour pouvoir obtenir l&#8217;attestation CFFE (maître d&#8217;apprentissage valable pour tous les cantons), le candidat doit avoir suivi au minimum 90% des cours.</li>
<li>Pour pouvoir obtenir le certificat CF-geo du module, le candidat doit réussir l&#8217;examen du module.</li>
<li>Il n&#8217;est pas possible de ne suivre qu&#8217;un cours de ce module. Le module doit être suivi dans son intégralité.</li>
</ul>
<div id="themify_builder_content-621" data-postid="621" class="themify_builder_content themify_builder_content-621 themify_builder">
    	<!-- module_row -->
	<div  class="themify_builder_row module_row clearfix module_row_0 themify_builder_621_row module_row_621-0 tb_oups247">
	    	    <div class="row_inner col_align_top" >
			<div  class="module_column tb-column col-full first tb_621_column module_column_0 module_column_621-0-0 tb_mylo247">
	    	    	        <div class="tb-column-inner">
		        <!-- module buttons -->
    <div  class="module module-buttons tb_a2ot247 xlarge solid squared  ">
	        	<div class="module-buttons">
                            <div class="module-buttons-item buttons-fullwidth ">
		    			<a href="https://geo-education.ch/?tribe_events_cat=competence-personnelle&#038;lang=fr" class="ui builder_button tb_default_color" target="_blank" rel="noopener">
		    		    			<span>Calendrier des prochains cours et inscription en ligne</span>
		    		    			</a>
		                    </div>
                    </div>
    </div>
    <!-- /module buttons -->
	        </div>
	    	</div>
		    </div>
	    <!-- /row_inner -->
	</div>
	<!-- /module_row -->
	</div>

<p>Description Outre les compétences professionnelles, réfléchir à ses compétences personnelles élargies et les rassembler afin de les utiliser de manière ciblée dans l&#8217;environnement professionnel mais aussi dans la vie privée. [&hellip;]</p>
