{"id":760,"date":"2018-08-21T17:46:48","date_gmt":"2018-08-21T15:46:48","guid":{"rendered":"http:\/\/geo-education.ch\/?page_id=760"},"modified":"2022-09-19T18:52:14","modified_gmt":"2022-09-19T16:52:14","slug":"b1b-formation-des-apprentis","status":"publish","type":"page","link":"https:\/\/geo-education.ch\/?page_id=760&lang=fr","title":{"rendered":"Formation des apprentis (B1b)"},"content":{"rendered":"<h4>Description<\/h4>\n<p>Transmettre aux apprentis, des comp\u00e9tences professionnelles et sociales au sein de l\u2019entreprise.<\/p>\n<h4>Pr\u00e9requis (recommandations)<\/h4>\n<p><span style=\"font-weight: 400;\">Vous utilisez MS Office (Excel).<\/span><\/p>\n<h4>Objectifs<\/h4>\n<p><span style=\"font-weight: 400;\">Appliquer dans la pratique des techniques de conduite et de formation du domaine de l\u2019apprentissage.<\/span><\/p>\n<p><span style=\"font-weight: 400;\">Vous \u00eates capable de :\u00a0<\/span><\/p>\n<ul>\n<li style=\"font-weight: 400;\" aria-level=\"1\"><span style=\"font-weight: 400;\">Planifier la formation en relation avec les ressources de l\u2019entreprise.<\/span><\/li>\n<li style=\"font-weight: 400;\" aria-level=\"1\"><span style=\"font-weight: 400;\">Evaluer les capacit\u00e9s atteintes par les apprentis (en th\u00e9orie, calculs prof et math\u00e9matique).<\/span><\/li>\n<li style=\"font-weight: 400;\" aria-level=\"1\"><span style=\"font-weight: 400;\">D\u00e9finir des buts individuels bas\u00e9s sur l\u2019aptitude de l\u2019apprenti.<\/span><\/li>\n<li style=\"font-weight: 400;\" aria-level=\"1\"><span style=\"font-weight: 400;\">Transmettre des connaissances et du savoir professionnel.<\/span><\/li>\n<\/ul>\n<h4>Contenu<\/h4>\n<ul>\n<li style=\"font-weight: 400;\" aria-level=\"1\"><span style=\"font-weight: 400;\">Bases de la formation professionnelle.<\/span><\/li>\n<li style=\"font-weight: 400;\" aria-level=\"1\"><span style=\"font-weight: 400;\">Bases l\u00e9gales du rapport d\u2019apprentissage.<\/span><\/li>\n<li style=\"font-weight: 400;\" aria-level=\"1\"><span style=\"font-weight: 400;\">D\u00e9veloppement de la jeunesse (psychologie).<\/span><\/li>\n<li style=\"font-weight: 400;\" aria-level=\"1\"><span style=\"font-weight: 400;\">Conduite de jeunes personnes.<\/span><\/li>\n<li style=\"font-weight: 400;\" aria-level=\"1\"><span style=\"font-weight: 400;\">Encouragement de la sant\u00e9 \/ pr\u00e9vention de la toxicomanie.<\/span><\/li>\n<li style=\"font-weight: 400;\" aria-level=\"1\"><span style=\"font-weight: 400;\">Planification de la formation.<\/span><\/li>\n<li style=\"font-weight: 400;\" aria-level=\"1\"><span style=\"font-weight: 400;\">Enseigner et apprendre dans l\u2019entreprise.<\/span><\/li>\n<li style=\"font-weight: 400;\" aria-level=\"1\"><span style=\"font-weight: 400;\">Qualification des apprentis.<\/span><\/li>\n<li style=\"font-weight: 400;\" aria-level=\"1\"><span style=\"font-weight: 400;\">Rappel de notions de math\u00e9matique et Excel au niveau CFC.<\/span><\/li>\n<\/ul>\n<h4>Dur\u00e9e d\u2019\u00e9tude<\/h4>\n<p>45 p\u00e9riodes enseign\u00e9es plus environ 5 p\u00e9riodes de travail individuel.<\/p>\n<h4>Particularit\u00e9s<\/h4>\n<ul>\n<li>Ce module sera fusionn\u00e9 au \u00ab Cours de Formation pour Formateur en Entreprise&#8221; (CFFE).<\/li>\n<li>Pour pouvoir obtenir l&#8217;attestation CFFE (ma\u00eetre d&#8217;apprentissage valable pour tous les cantons), le candidat doit avoir suivi au minimum 90% des cours.<\/li>\n<li>Pour pouvoir obtenir le certificat CF-geo du module, le candidat doit r\u00e9ussir l&#8217;examen du module.<\/li>\n<li>Il n&#8217;est pas possible de ne suivre qu&#8217;un cours de ce module. Le module doit \u00eatre suivi dans son int\u00e9gralit\u00e9.<\/li>\n<\/ul>\n<h4>Prix du cours<\/h4>\n<p>CHF 950.-<div id=\"themify_builder_content-760\" data-postid=\"760\" class=\"themify_builder_content themify_builder_content-760 themify_builder\">\n    \t<!-- module_row -->\n\t<div  class=\"themify_builder_row module_row clearfix module_row_0 themify_builder_760_row module_row_760-0 tb_2e8b450\">\n\t    \t    <div class=\"row_inner col_align_top\" >\n\t\t\t<div  class=\"module_column tb-column col-full first tb_760_column module_column_0 module_column_760-0-0 tb_x61q451\">\n\t    \t    \t        <div class=\"tb-column-inner\">\n\t\t        <!-- module buttons -->\n    <div  class=\"module module-buttons tb_hslp451 xlarge solid squared  \">\n\t        \t<div class=\"module-buttons\">\n                            <div class=\"module-buttons-item buttons-fullwidth \">\n\t\t    \t\t\t<a href=\"https:\/\/geo-education.ch\/?tribe_events_cat=formation-des-apprentis&#038;lang=fr\" class=\"ui builder_button tb_default_color\" target=\"_blank\" rel=\"noopener\">\n\t\t    \t\t    \t\t\t<span>Calendrier des prochains cours et inscription en ligne<\/span>\n\t\t    \t\t    \t\t\t<\/a>\n\t\t                    <\/div>\n                    <\/div>\n    <\/div>\n    <!-- \/module buttons -->\n\t        <\/div>\n\t    \t<\/div>\n\t\t    <\/div>\n\t    <!-- \/row_inner -->\n\t<\/div>\n\t<!-- \/module_row -->\n\t<\/div>\n\n\n","protected":false},"excerpt":{"rendered":"<p>Description Transmettre aux apprentis, des comp\u00e9tences professionnelles et sociales au sein de l\u2019entreprise. Pr\u00e9requis (recommandations) Vous utilisez MS Office (Excel). Objectifs Appliquer dans la pratique des techniques de conduite et [&hellip;]<\/p>\n","protected":false},"author":2,"featured_media":0,"parent":605,"menu_order":1,"comment_status":"closed","ping_status":"closed","template":"","meta":{"_price":"","_stock":"","_tribe_ticket_header":"","_tribe_default_ticket_provider":"","_tribe_ticket_capacity":"0","_ticket_start_date":"","_ticket_end_date":"","_tribe_ticket_show_description":"","_tribe_ticket_show_not_going":false,"_tribe_ticket_use_global_stock":"","_tribe_ticket_global_stock_level":"","_global_stock_mode":"","_global_stock_cap":"","_tribe_rsvp_for_event":"","_tribe_ticket_going_count":"","_tribe_ticket_not_going_count":"","_tribe_tickets_list":"[]","_tribe_ticket_has_attendee_info_fields":false,"footnotes":""},"class_list":["post-760","page","type-page","status-publish","hentry","has-post-title","has-post-date","has-post-category","has-post-tag","has-post-comment","has-post-author",""],"_links":{"self":[{"href":"https:\/\/geo-education.ch\/index.php?rest_route=\/wp\/v2\/pages\/760","targetHints":{"allow":["GET"]}}],"collection":[{"href":"https:\/\/geo-education.ch\/index.php?rest_route=\/wp\/v2\/pages"}],"about":[{"href":"https:\/\/geo-education.ch\/index.php?rest_route=\/wp\/v2\/types\/page"}],"author":[{"embeddable":true,"href":"https:\/\/geo-education.ch\/index.php?rest_route=\/wp\/v2\/users\/2"}],"replies":[{"embeddable":true,"href":"https:\/\/geo-education.ch\/index.php?rest_route=%2Fwp%2Fv2%2Fcomments&post=760"}],"version-history":[{"count":13,"href":"https:\/\/geo-education.ch\/index.php?rest_route=\/wp\/v2\/pages\/760\/revisions"}],"predecessor-version":[{"id":16092,"href":"https:\/\/geo-education.ch\/index.php?rest_route=\/wp\/v2\/pages\/760\/revisions\/16092"}],"up":[{"embeddable":true,"href":"https:\/\/geo-education.ch\/index.php?rest_route=\/wp\/v2\/pages\/605"}],"wp:attachment":[{"href":"https:\/\/geo-education.ch\/index.php?rest_route=%2Fwp%2Fv2%2Fmedia&parent=760"}],"curies":[{"name":"wp","href":"https:\/\/api.w.org\/{rel}","templated":true}]}}

<h4>Description</h4>
<p>Transmettre aux apprentis, des compétences professionnelles et sociales au sein de l’entreprise.</p>
<h4>Prérequis (recommandations)</h4>
<p><span style="font-weight: 400;">Vous utilisez MS Office (Excel).</span></p>
<h4>Objectifs</h4>
<p><span style="font-weight: 400;">Appliquer dans la pratique des techniques de conduite et de formation du domaine de l’apprentissage.</span></p>
<p><span style="font-weight: 400;">Vous êtes capable de : </span></p>
<ul>
<li style="font-weight: 400;" aria-level="1"><span style="font-weight: 400;">Planifier la formation en relation avec les ressources de l’entreprise.</span></li>
<li style="font-weight: 400;" aria-level="1"><span style="font-weight: 400;">Evaluer les capacités atteintes par les apprentis (en théorie, calculs prof et mathématique).</span></li>
<li style="font-weight: 400;" aria-level="1"><span style="font-weight: 400;">Définir des buts individuels basés sur l’aptitude de l’apprenti.</span></li>
<li style="font-weight: 400;" aria-level="1"><span style="font-weight: 400;">Transmettre des connaissances et du savoir professionnel.</span></li>
</ul>
<h4>Contenu</h4>
<ul>
<li style="font-weight: 400;" aria-level="1"><span style="font-weight: 400;">Bases de la formation professionnelle.</span></li>
<li style="font-weight: 400;" aria-level="1"><span style="font-weight: 400;">Bases légales du rapport d’apprentissage.</span></li>
<li style="font-weight: 400;" aria-level="1"><span style="font-weight: 400;">Développement de la jeunesse (psychologie).</span></li>
<li style="font-weight: 400;" aria-level="1"><span style="font-weight: 400;">Conduite de jeunes personnes.</span></li>
<li style="font-weight: 400;" aria-level="1"><span style="font-weight: 400;">Encouragement de la santé / prévention de la toxicomanie.</span></li>
<li style="font-weight: 400;" aria-level="1"><span style="font-weight: 400;">Planification de la formation.</span></li>
<li style="font-weight: 400;" aria-level="1"><span style="font-weight: 400;">Enseigner et apprendre dans l’entreprise.</span></li>
<li style="font-weight: 400;" aria-level="1"><span style="font-weight: 400;">Qualification des apprentis.</span></li>
<li style="font-weight: 400;" aria-level="1"><span style="font-weight: 400;">Rappel de notions de mathématique et Excel au niveau CFC.</span></li>
</ul>
<h4>Durée d’étude</h4>
<p>45 périodes enseignées plus environ 5 périodes de travail individuel.</p>
<h4>Particularités</h4>
<ul>
<li>Ce module sera fusionné au « Cours de Formation pour Formateur en Entreprise&#8221; (CFFE).</li>
<li>Pour pouvoir obtenir l&#8217;attestation CFFE (maître d&#8217;apprentissage valable pour tous les cantons), le candidat doit avoir suivi au minimum 90% des cours.</li>
<li>Pour pouvoir obtenir le certificat CF-geo du module, le candidat doit réussir l&#8217;examen du module.</li>
<li>Il n&#8217;est pas possible de ne suivre qu&#8217;un cours de ce module. Le module doit être suivi dans son intégralité.</li>
</ul>
<h4>Prix du cours</h4>
<p>CHF 950.-<div id="themify_builder_content-760" data-postid="760" class="themify_builder_content themify_builder_content-760 themify_builder">
    	<!-- module_row -->
	<div  class="themify_builder_row module_row clearfix module_row_0 themify_builder_760_row module_row_760-0 tb_2e8b450">
	    	    <div class="row_inner col_align_top" >
			<div  class="module_column tb-column col-full first tb_760_column module_column_0 module_column_760-0-0 tb_x61q451">
	    	    	        <div class="tb-column-inner">
		        <!-- module buttons -->
    <div  class="module module-buttons tb_hslp451 xlarge solid squared  ">
	        	<div class="module-buttons">
                            <div class="module-buttons-item buttons-fullwidth ">
		    			<a href="https://geo-education.ch/?tribe_events_cat=formation-des-apprentis&#038;lang=fr" class="ui builder_button tb_default_color" target="_blank" rel="noopener">
		    		    			<span>Calendrier des prochains cours et inscription en ligne</span>
		    		    			</a>
		                    </div>
                    </div>
    </div>
    <!-- /module buttons -->
	        </div>
	    	</div>
		    </div>
	    <!-- /row_inner -->
	</div>
	<!-- /module_row -->
	</div>

<p>Description Transmettre aux apprentis, des compétences professionnelles et sociales au sein de l’entreprise. Prérequis (recommandations) Vous utilisez MS Office (Excel). Objectifs Appliquer dans la pratique des techniques de conduite et [&hellip;]</p>
