{"id":776,"date":"2018-08-21T18:11:31","date_gmt":"2018-08-21T16:11:31","guid":{"rendered":"http:\/\/geo-education.ch\/?page_id=776"},"modified":"2022-09-19T18:40:22","modified_gmt":"2022-09-19T16:40:22","slug":"b1c-technique-de-travail","status":"publish","type":"page","link":"https:\/\/geo-education.ch\/?page_id=776&lang=fr","title":{"rendered":"Technique de travail (B1c)"},"content":{"rendered":"<h4>Description<\/h4>\n<p>Conna\u00eetre son style de travail personnel est la base d\u2019un apprentissage et d\u2019un travail efficaces.<\/p>\n<h4>Pr\u00e9requis (recommandations)<\/h4>\n<p>Aucun<\/p>\n<h4>Objectifs<\/h4>\n<ul>\n<li style=\"font-weight: 400;\" aria-level=\"1\"><span style=\"font-weight: 400;\">Citer des m\u00e9thodes et les appliquer de mani\u00e8re cibl\u00e9e.<\/span><\/li>\n<li style=\"font-weight: 400;\" aria-level=\"1\"><span style=\"font-weight: 400;\">Structurer des proc\u00e9dures.<\/span><\/li>\n<li style=\"font-weight: 400;\" aria-level=\"1\"><span style=\"font-weight: 400;\">Reconna\u00eetre et accro\u00eetre son propre style d\u2019\u00e9tude et de travail.<\/span><\/li>\n<\/ul>\n<h4>Contenu<\/h4>\n<h5><span style=\"font-weight: 400;\">Technique de travail :<\/span><\/h5>\n<ul>\n<li style=\"font-weight: 400;\" aria-level=\"1\"><span style=\"font-weight: 400;\">Analyser ses propres techniques de travail.<\/span><\/li>\n<li style=\"font-weight: 400;\" aria-level=\"1\"><span style=\"font-weight: 400;\">Gestion du temps ( journ\u00e9es, planification de semaines, priorit\u00e9s, etc\u2026)<\/span><\/li>\n<li style=\"font-weight: 400;\" aria-level=\"1\"><span style=\"font-weight: 400;\">M\u00e9thodes de travail.<\/span><\/li>\n<li style=\"font-weight: 400;\" aria-level=\"1\"><span style=\"font-weight: 400;\">Reconna\u00eetre les facteurs de perturbation, perte de temps.<\/span><\/li>\n<\/ul>\n<h5><span style=\"font-weight: 400;\">Technique d\u2019apprentissage :<\/span><\/h5>\n<ul>\n<li style=\"font-weight: 400;\" aria-level=\"1\"><span style=\"font-weight: 400;\">Cheminements et mod\u00e8les d\u2019apprentissage.<\/span><\/li>\n<li style=\"font-weight: 400;\" aria-level=\"1\"><span style=\"font-weight: 400;\">Auto-motivations.<\/span><\/li>\n<li style=\"font-weight: 400;\" aria-level=\"1\"><span style=\"font-weight: 400;\">Diverses strat\u00e9gies d\u2019apprentissage traditionnelles et nouvelles.<\/span><\/li>\n<\/ul>\n<h4>Dur\u00e9e d\u2019\u00e9tude<\/h4>\n<p>16 p\u00e9riodes enseign\u00e9es plus environ 4 p\u00e9riodes de travail individuel.<\/p>\n<h4>Particularit\u00e9s<\/h4>\n<ul>\n<li><span style=\"font-weight: 400;\">Ce module sera fusionn\u00e9 au \u00ab Cours de Formation pour Formateur en Entreprise&#8221; (CFFE)<\/span><\/li>\n<li>Pour pouvoir obtenir l&#8217;attestation CFFE (ma\u00eetre d&#8217;apprentissage valable pour tous les cantons), le candidat doit avoir suivi au minimum 90% des cours.<\/li>\n<li>Pour pouvoir obtenir le certificat CF-geo du module, le candidat doit r\u00e9ussir l&#8217;examen du module.<\/li>\n<li>Il n&#8217;est pas possible de ne suivre qu&#8217;un cours de ce module. Le module doit \u00eatre suivi dans son int\u00e9gralit\u00e9.<\/li>\n<\/ul>\n<h4>Prix du cours<\/h4>\n<p>CHF 350.-<div id=\"themify_builder_content-776\" data-postid=\"776\" class=\"themify_builder_content themify_builder_content-776 themify_builder\">\n    \t<!-- module_row -->\n\t<div  class=\"themify_builder_row module_row clearfix module_row_0 themify_builder_776_row module_row_776-0 tb_ic4p73\">\n\t    \t    <div class=\"row_inner col_align_top\" >\n\t\t\t<div  class=\"module_column tb-column col-full first tb_776_column module_column_0 module_column_776-0-0 tb_xhti74\">\n\t    \t    \t        <div class=\"tb-column-inner\">\n\t\t        <!-- module buttons -->\n    <div  class=\"module module-buttons tb_nwr075 xlarge solid squared  \">\n\t        \t<div class=\"module-buttons\">\n                            <div class=\"module-buttons-item buttons-fullwidth \">\n\t\t    \t\t\t<a href=\"https:\/\/geo-education.ch\/?tribe_events_cat=technique-de-travail&#038;lang=fr\" class=\"ui builder_button tb_default_color\" target=\"_blank\" rel=\"noopener\">\n\t\t    \t\t    \t\t\t<span>Calendrier des prochains cours et inscription en ligne<\/span>\n\t\t    \t\t    \t\t\t<\/a>\n\t\t                    <\/div>\n                    <\/div>\n    <\/div>\n    <!-- \/module buttons -->\n\t        <\/div>\n\t    \t<\/div>\n\t\t    <\/div>\n\t    <!-- \/row_inner -->\n\t<\/div>\n\t<!-- \/module_row -->\n\t<\/div>\n\n\n","protected":false},"excerpt":{"rendered":"<p>Description Conna\u00eetre son style de travail personnel est la base d\u2019un apprentissage et d\u2019un travail efficaces. Pr\u00e9requis (recommandations) Aucun Objectifs Citer des m\u00e9thodes et les appliquer de mani\u00e8re cibl\u00e9e. Structurer [&hellip;]<\/p>\n","protected":false},"author":2,"featured_media":0,"parent":605,"menu_order":2,"comment_status":"closed","ping_status":"closed","template":"","meta":{"_price":"","_stock":"","_tribe_ticket_header":"","_tribe_default_ticket_provider":"","_tribe_ticket_capacity":"0","_ticket_start_date":"","_ticket_end_date":"","_tribe_ticket_show_description":"","_tribe_ticket_show_not_going":false,"_tribe_ticket_use_global_stock":"","_tribe_ticket_global_stock_level":"","_global_stock_mode":"","_global_stock_cap":"","_tribe_rsvp_for_event":"","_tribe_ticket_going_count":"","_tribe_ticket_not_going_count":"","_tribe_tickets_list":"[]","_tribe_ticket_has_attendee_info_fields":false,"footnotes":""},"class_list":["post-776","page","type-page","status-publish","hentry","has-post-title","has-post-date","has-post-category","has-post-tag","has-post-comment","has-post-author",""],"_links":{"self":[{"href":"https:\/\/geo-education.ch\/index.php?rest_route=\/wp\/v2\/pages\/776","targetHints":{"allow":["GET"]}}],"collection":[{"href":"https:\/\/geo-education.ch\/index.php?rest_route=\/wp\/v2\/pages"}],"about":[{"href":"https:\/\/geo-education.ch\/index.php?rest_route=\/wp\/v2\/types\/page"}],"author":[{"embeddable":true,"href":"https:\/\/geo-education.ch\/index.php?rest_route=\/wp\/v2\/users\/2"}],"replies":[{"embeddable":true,"href":"https:\/\/geo-education.ch\/index.php?rest_route=%2Fwp%2Fv2%2Fcomments&post=776"}],"version-history":[{"count":9,"href":"https:\/\/geo-education.ch\/index.php?rest_route=\/wp\/v2\/pages\/776\/revisions"}],"predecessor-version":[{"id":16078,"href":"https:\/\/geo-education.ch\/index.php?rest_route=\/wp\/v2\/pages\/776\/revisions\/16078"}],"up":[{"embeddable":true,"href":"https:\/\/geo-education.ch\/index.php?rest_route=\/wp\/v2\/pages\/605"}],"wp:attachment":[{"href":"https:\/\/geo-education.ch\/index.php?rest_route=%2Fwp%2Fv2%2Fmedia&parent=776"}],"curies":[{"name":"wp","href":"https:\/\/api.w.org\/{rel}","templated":true}]}}

<h4>Description</h4>
<p>Connaître son style de travail personnel est la base d’un apprentissage et d’un travail efficaces.</p>
<h4>Prérequis (recommandations)</h4>
<p>Aucun</p>
<h4>Objectifs</h4>
<ul>
<li style="font-weight: 400;" aria-level="1"><span style="font-weight: 400;">Citer des méthodes et les appliquer de manière ciblée.</span></li>
<li style="font-weight: 400;" aria-level="1"><span style="font-weight: 400;">Structurer des procédures.</span></li>
<li style="font-weight: 400;" aria-level="1"><span style="font-weight: 400;">Reconnaître et accroître son propre style d’étude et de travail.</span></li>
</ul>
<h4>Contenu</h4>
<h5><span style="font-weight: 400;">Technique de travail :</span></h5>
<ul>
<li style="font-weight: 400;" aria-level="1"><span style="font-weight: 400;">Analyser ses propres techniques de travail.</span></li>
<li style="font-weight: 400;" aria-level="1"><span style="font-weight: 400;">Gestion du temps ( journées, planification de semaines, priorités, etc…)</span></li>
<li style="font-weight: 400;" aria-level="1"><span style="font-weight: 400;">Méthodes de travail.</span></li>
<li style="font-weight: 400;" aria-level="1"><span style="font-weight: 400;">Reconnaître les facteurs de perturbation, perte de temps.</span></li>
</ul>
<h5><span style="font-weight: 400;">Technique d’apprentissage :</span></h5>
<ul>
<li style="font-weight: 400;" aria-level="1"><span style="font-weight: 400;">Cheminements et modèles d’apprentissage.</span></li>
<li style="font-weight: 400;" aria-level="1"><span style="font-weight: 400;">Auto-motivations.</span></li>
<li style="font-weight: 400;" aria-level="1"><span style="font-weight: 400;">Diverses stratégies d’apprentissage traditionnelles et nouvelles.</span></li>
</ul>
<h4>Durée d’étude</h4>
<p>16 périodes enseignées plus environ 4 périodes de travail individuel.</p>
<h4>Particularités</h4>
<ul>
<li><span style="font-weight: 400;">Ce module sera fusionné au « Cours de Formation pour Formateur en Entreprise&#8221; (CFFE)</span></li>
<li>Pour pouvoir obtenir l&#8217;attestation CFFE (maître d&#8217;apprentissage valable pour tous les cantons), le candidat doit avoir suivi au minimum 90% des cours.</li>
<li>Pour pouvoir obtenir le certificat CF-geo du module, le candidat doit réussir l&#8217;examen du module.</li>
<li>Il n&#8217;est pas possible de ne suivre qu&#8217;un cours de ce module. Le module doit être suivi dans son intégralité.</li>
</ul>
<h4>Prix du cours</h4>
<p>CHF 350.-<div id="themify_builder_content-776" data-postid="776" class="themify_builder_content themify_builder_content-776 themify_builder">
    	<!-- module_row -->
	<div  class="themify_builder_row module_row clearfix module_row_0 themify_builder_776_row module_row_776-0 tb_ic4p73">
	    	    <div class="row_inner col_align_top" >
			<div  class="module_column tb-column col-full first tb_776_column module_column_0 module_column_776-0-0 tb_xhti74">
	    	    	        <div class="tb-column-inner">
		        <!-- module buttons -->
    <div  class="module module-buttons tb_nwr075 xlarge solid squared  ">
	        	<div class="module-buttons">
                            <div class="module-buttons-item buttons-fullwidth ">
		    			<a href="https://geo-education.ch/?tribe_events_cat=technique-de-travail&#038;lang=fr" class="ui builder_button tb_default_color" target="_blank" rel="noopener">
		    		    			<span>Calendrier des prochains cours et inscription en ligne</span>
		    		    			</a>
		                    </div>
                    </div>
    </div>
    <!-- /module buttons -->
	        </div>
	    	</div>
		    </div>
	    <!-- /row_inner -->
	</div>
	<!-- /module_row -->
	</div>

<p>Description Connaître son style de travail personnel est la base d’un apprentissage et d’un travail efficaces. Prérequis (recommandations) Aucun Objectifs Citer des méthodes et les appliquer de manière ciblée. Structurer [&hellip;]</p>
