{"id":800,"date":"2018-08-21T19:20:42","date_gmt":"2018-08-21T17:20:42","guid":{"rendered":"http:\/\/geo-education.ch\/?page_id=800"},"modified":"2022-09-19T18:13:00","modified_gmt":"2022-09-19T16:13:00","slug":"b2b-communication","status":"publish","type":"page","link":"https:\/\/geo-education.ch\/?page_id=800&lang=fr","title":{"rendered":"Communication (B2b)"},"content":{"rendered":"<h4>Description<\/h4>\n<p><span style=\"font-weight: 400;\">Le contact \u00e9crit et oral est une condition importante pour agir avec succ\u00e8s au quotidien dans l&#8217;entreprise et dans la vie priv\u00e9e<\/span>.<\/p>\n<h4>Pr\u00e9requis (recommandations)<\/h4>\n<p>Aucun<\/p>\n<h4>Objectifs<\/h4>\n<ul>\n<li style=\"font-weight: 400;\" aria-level=\"1\"><span style=\"font-weight: 400;\">Appliquer les principes rh\u00e9toriques.<\/span><\/li>\n<li style=\"font-weight: 400;\" aria-level=\"1\"><span style=\"font-weight: 400;\">Apprendre \u00e0 conna\u00eetre diff\u00e9rentes sortes de textes et savoir les appliquer.<\/span><\/li>\n<li style=\"font-weight: 400;\" aria-level=\"1\"><span style=\"font-weight: 400;\">Analyser des textes.<\/span><\/li>\n<li style=\"font-weight: 400;\" aria-level=\"1\"><span style=\"font-weight: 400;\">R\u00e9diger correctement des lettres et des rapports dans les domaines priv\u00e9 et commercial, ainsi que des proc\u00e8s-verbaux.<\/span><\/li>\n<li style=\"font-weight: 400;\" aria-level=\"1\"><span style=\"font-weight: 400;\">Se perfectionner en orthographe et en grammaire.<\/span><\/li>\n<\/ul>\n<h4>Contenu<\/h4>\n<ul>\n<li style=\"font-weight: 400;\" aria-level=\"1\"><span style=\"font-weight: 400;\">Bases de la communication (verbale, \u00e9crite).<\/span><\/li>\n<li style=\"font-weight: 400;\" aria-level=\"1\"><span style=\"font-weight: 400;\">Consolider et approfondir les connaissances de base linguistiques (orales et par \u00e9crit).<\/span><\/li>\n<li style=\"font-weight: 400;\" aria-level=\"1\"><span style=\"font-weight: 400;\">Diff\u00e9rentes sortes de textes (lettres, rapport, PV, etc).<\/span><\/li>\n<li style=\"font-weight: 400;\" aria-level=\"1\"><span style=\"font-weight: 400;\">Analyser des textes et favoriser leur compr\u00e9hension.<\/span><\/li>\n<li style=\"font-weight: 400;\" aria-level=\"1\"><span style=\"font-weight: 400;\">R\u00e9visions des bases orthographiques et grammaticales.<\/span><\/li>\n<\/ul>\n<h4>Dur\u00e9e d\u2019\u00e9tude<\/h4>\n<p>16 p\u00e9riodes enseign\u00e9es plus environ 4 p\u00e9riodes de travail individuel.<\/p>\n<h4>Particularit\u00e9s<\/h4>\n<p><span style=\"font-weight: 400;\">Il n&#8217;est pas possible de ne suivre qu&#8217;un cours de ce module. Le module doit \u00eatre suivi dans son int\u00e9gralit\u00e9.<\/span><\/p>\n<h4>Prix du cours<\/h4>\n<p>CHF 400.-<div id=\"themify_builder_content-800\" data-postid=\"800\" class=\"themify_builder_content themify_builder_content-800 themify_builder\">\n    \t<!-- module_row -->\n\t<div  class=\"themify_builder_row module_row clearfix module_row_0 themify_builder_800_row module_row_800-0 tb_fmio737\">\n\t    \t    <div class=\"row_inner col_align_top\" >\n\t\t\t<div  class=\"module_column tb-column col-full first tb_800_column module_column_0 module_column_800-0-0 tb_be3j738\">\n\t    \t    \t        <div class=\"tb-column-inner\">\n\t\t        <!-- module buttons -->\n    <div  class=\"module module-buttons tb_wyk3738 xlarge solid squared  \">\n\t        \t<div class=\"module-buttons\">\n                            <div class=\"module-buttons-item buttons-fullwidth \">\n\t\t    \t\t\t<a href=\"https:\/\/geo-education.ch\/?tribe_events_cat=personnalite-b1&#038;lang=fr\" class=\"ui builder_button tb_default_color\" target=\"_blank\" rel=\"noopener\">\n\t\t    \t\t    \t\t\t<span>Calendrier des prochains cours et inscription en ligne<\/span>\n\t\t    \t\t    \t\t\t<\/a>\n\t\t                    <\/div>\n                    <\/div>\n    <\/div>\n    <!-- \/module buttons -->\n\t        <\/div>\n\t    \t<\/div>\n\t\t    <\/div>\n\t    <!-- \/row_inner -->\n\t<\/div>\n\t<!-- \/module_row -->\n\t<\/div>\n\n\n","protected":false},"excerpt":{"rendered":"<p>Description Le contact \u00e9crit et oral est une condition importante pour agir avec succ\u00e8s au quotidien dans l&#8217;entreprise et dans la vie priv\u00e9e. Pr\u00e9requis (recommandations) Aucun Objectifs Appliquer les principes [&hellip;]<\/p>\n","protected":false},"author":2,"featured_media":0,"parent":755,"menu_order":1,"comment_status":"closed","ping_status":"closed","template":"","meta":{"_price":"","_stock":"","_tribe_ticket_header":"","_tribe_default_ticket_provider":"","_tribe_ticket_capacity":"0","_ticket_start_date":"","_ticket_end_date":"","_tribe_ticket_show_description":"","_tribe_ticket_show_not_going":false,"_tribe_ticket_use_global_stock":"","_tribe_ticket_global_stock_level":"","_global_stock_mode":"","_global_stock_cap":"","_tribe_rsvp_for_event":"","_tribe_ticket_going_count":"","_tribe_ticket_not_going_count":"","_tribe_tickets_list":"[]","_tribe_ticket_has_attendee_info_fields":false,"footnotes":""},"class_list":["post-800","page","type-page","status-publish","hentry","has-post-title","has-post-date","has-post-category","has-post-tag","has-post-comment","has-post-author",""],"_links":{"self":[{"href":"https:\/\/geo-education.ch\/index.php?rest_route=\/wp\/v2\/pages\/800","targetHints":{"allow":["GET"]}}],"collection":[{"href":"https:\/\/geo-education.ch\/index.php?rest_route=\/wp\/v2\/pages"}],"about":[{"href":"https:\/\/geo-education.ch\/index.php?rest_route=\/wp\/v2\/types\/page"}],"author":[{"embeddable":true,"href":"https:\/\/geo-education.ch\/index.php?rest_route=\/wp\/v2\/users\/2"}],"replies":[{"embeddable":true,"href":"https:\/\/geo-education.ch\/index.php?rest_route=%2Fwp%2Fv2%2Fcomments&post=800"}],"version-history":[{"count":11,"href":"https:\/\/geo-education.ch\/index.php?rest_route=\/wp\/v2\/pages\/800\/revisions"}],"predecessor-version":[{"id":16057,"href":"https:\/\/geo-education.ch\/index.php?rest_route=\/wp\/v2\/pages\/800\/revisions\/16057"}],"up":[{"embeddable":true,"href":"https:\/\/geo-education.ch\/index.php?rest_route=\/wp\/v2\/pages\/755"}],"wp:attachment":[{"href":"https:\/\/geo-education.ch\/index.php?rest_route=%2Fwp%2Fv2%2Fmedia&parent=800"}],"curies":[{"name":"wp","href":"https:\/\/api.w.org\/{rel}","templated":true}]}}

<h4>Description</h4>
<p><span style="font-weight: 400;">Le contact écrit et oral est une condition importante pour agir avec succès au quotidien dans l&#8217;entreprise et dans la vie privée</span>.</p>
<h4>Prérequis (recommandations)</h4>
<p>Aucun</p>
<h4>Objectifs</h4>
<ul>
<li style="font-weight: 400;" aria-level="1"><span style="font-weight: 400;">Appliquer les principes rhétoriques.</span></li>
<li style="font-weight: 400;" aria-level="1"><span style="font-weight: 400;">Apprendre à connaître différentes sortes de textes et savoir les appliquer.</span></li>
<li style="font-weight: 400;" aria-level="1"><span style="font-weight: 400;">Analyser des textes.</span></li>
<li style="font-weight: 400;" aria-level="1"><span style="font-weight: 400;">Rédiger correctement des lettres et des rapports dans les domaines privé et commercial, ainsi que des procès-verbaux.</span></li>
<li style="font-weight: 400;" aria-level="1"><span style="font-weight: 400;">Se perfectionner en orthographe et en grammaire.</span></li>
</ul>
<h4>Contenu</h4>
<ul>
<li style="font-weight: 400;" aria-level="1"><span style="font-weight: 400;">Bases de la communication (verbale, écrite).</span></li>
<li style="font-weight: 400;" aria-level="1"><span style="font-weight: 400;">Consolider et approfondir les connaissances de base linguistiques (orales et par écrit).</span></li>
<li style="font-weight: 400;" aria-level="1"><span style="font-weight: 400;">Différentes sortes de textes (lettres, rapport, PV, etc).</span></li>
<li style="font-weight: 400;" aria-level="1"><span style="font-weight: 400;">Analyser des textes et favoriser leur compréhension.</span></li>
<li style="font-weight: 400;" aria-level="1"><span style="font-weight: 400;">Révisions des bases orthographiques et grammaticales.</span></li>
</ul>
<h4>Durée d’étude</h4>
<p>16 périodes enseignées plus environ 4 périodes de travail individuel.</p>
<h4>Particularités</h4>
<p><span style="font-weight: 400;">Il n&#8217;est pas possible de ne suivre qu&#8217;un cours de ce module. Le module doit être suivi dans son intégralité.</span></p>
<h4>Prix du cours</h4>
<p>CHF 400.-<div id="themify_builder_content-800" data-postid="800" class="themify_builder_content themify_builder_content-800 themify_builder">
    	<!-- module_row -->
	<div  class="themify_builder_row module_row clearfix module_row_0 themify_builder_800_row module_row_800-0 tb_fmio737">
	    	    <div class="row_inner col_align_top" >
			<div  class="module_column tb-column col-full first tb_800_column module_column_0 module_column_800-0-0 tb_be3j738">
	    	    	        <div class="tb-column-inner">
		        <!-- module buttons -->
    <div  class="module module-buttons tb_wyk3738 xlarge solid squared  ">
	        	<div class="module-buttons">
                            <div class="module-buttons-item buttons-fullwidth ">
		    			<a href="https://geo-education.ch/?tribe_events_cat=personnalite-b1&#038;lang=fr" class="ui builder_button tb_default_color" target="_blank" rel="noopener">
		    		    			<span>Calendrier des prochains cours et inscription en ligne</span>
		    		    			</a>
		                    </div>
                    </div>
    </div>
    <!-- /module buttons -->
	        </div>
	    	</div>
		    </div>
	    <!-- /row_inner -->
	</div>
	<!-- /module_row -->
	</div>

<p>Description Le contact écrit et oral est une condition importante pour agir avec succès au quotidien dans l&#8217;entreprise et dans la vie privée. Prérequis (recommandations) Aucun Objectifs Appliquer les principes [&hellip;]</p>
