{"id":844,"date":"2018-08-22T10:30:36","date_gmt":"2018-08-22T08:30:36","guid":{"rendered":"http:\/\/geo-education.ch\/?page_id=844"},"modified":"2022-12-24T15:45:39","modified_gmt":"2022-12-24T14:45:39","slug":"b4a-interlis-i-et-ii","status":"publish","type":"page","link":"https:\/\/geo-education.ch\/?page_id=844&lang=fr","title":{"rendered":"Interlis I et II (B4a)"},"content":{"rendered":"<h4>Description<\/h4>\n<p>Interlis I et II forment une interface importante dans le monde des SIT et de la MO.<\/p>\n<h4>Pr\u00e9requis (recommandations)<\/h4>\n<p>Vous avez des notions \u00e9l\u00e9mentaires sur la mensuration officielle. Vous travaillez avec MS Office et des donn\u00e9es \u00e0 r\u00e9f\u00e9rences spatiales.<\/p>\n<h4>Objectifs<\/h4>\n<ul>\n<li>Analyser des messages d\u2019erreurs lors d\u2019importations ou d\u2019exportations via Interlis.<\/li>\n<li>D\u00e9crire de simples mod\u00e8les de donn\u00e9es \u00e0 l\u2019aide d\u2019Interlis.<\/li>\n<li>D\u00e9crire la mani\u00e8re de fonctionner de l\u2019interface de la mensuration officielle (IMO).<\/li>\n<\/ul>\n<h4>Contenu<\/h4>\n<ul>\n<li>Interlis I &amp; II.<\/li>\n<li>Mod\u00e9lisation de donn\u00e9es avec Interlis.<\/li>\n<li>IMO.<\/li>\n<li>Possibilit\u00e9s de contr\u00f4le des donn\u00e9es.<\/li>\n<\/ul>\n<h4>Dur\u00e9e d\u2019\u00e9tude<\/h4>\n<p>24 p\u00e9riodes enseign\u00e9es plus environ 6 p\u00e9riodes de travail individuel.<\/p>\n<h4>Prix du cours<\/h4>\n<p>CHF 650.-<\/p>\n<div id=\"themify_builder_content-844\" data-postid=\"844\" class=\"themify_builder_content themify_builder_content-844 themify_builder\">\n    \t<!-- module_row -->\n\t<div  class=\"themify_builder_row module_row clearfix module_row_0 themify_builder_844_row module_row_844-0 tb_5ddw155\">\n\t    \t    <div class=\"row_inner col_align_top\" >\n\t\t\t<div  class=\"module_column tb-column col-full first tb_844_column module_column_0 module_column_844-0-0 tb_jchk156\">\n\t    \t    \t        <div class=\"tb-column-inner\">\n\t\t        <!-- module buttons -->\n    <div  class=\"module module-buttons tb_09dx156 xlarge solid squared  \">\n\t        \t<div class=\"module-buttons\">\n                            <div class=\"module-buttons-item buttons-fullwidth \">\n\t\t    \t\t\t<a href=\"https:\/\/geo-education.ch\/?tribe_events_cat=interlis-i-et-ii&#038;lang=fr\" class=\"ui builder_button tb_default_color\" target=\"_blank\" rel=\"noopener\">\n\t\t    \t\t    \t\t\t<span>Calendrier des prochains cours et inscription en ligne<\/span>\n\t\t    \t\t    \t\t\t<\/a>\n\t\t                    <\/div>\n                    <\/div>\n    <\/div>\n    <!-- \/module buttons -->\n\t        <\/div>\n\t    \t<\/div>\n\t\t    <\/div>\n\t    <!-- \/row_inner -->\n\t<\/div>\n\t<!-- \/module_row -->\n\t<\/div>\n\n\n","protected":false},"excerpt":{"rendered":"<p>Description Interlis I et II forment une interface importante dans le monde des SIT et de la MO. Pr\u00e9requis (recommandations) Vous avez des notions \u00e9l\u00e9mentaires sur la mensuration officielle. Vous [&hellip;]<\/p>\n","protected":false},"author":2,"featured_media":0,"parent":837,"menu_order":0,"comment_status":"closed","ping_status":"closed","template":"","meta":{"_price":"","_stock":"","_tribe_ticket_header":"","_tribe_default_ticket_provider":"","_tribe_ticket_capacity":"0","_ticket_start_date":"","_ticket_end_date":"","_tribe_ticket_show_description":"","_tribe_ticket_show_not_going":false,"_tribe_ticket_use_global_stock":"","_tribe_ticket_global_stock_level":"","_global_stock_mode":"","_global_stock_cap":"","_tribe_rsvp_for_event":"","_tribe_ticket_going_count":"","_tribe_ticket_not_going_count":"","_tribe_tickets_list":"[]","_tribe_ticket_has_attendee_info_fields":false,"footnotes":""},"class_list":["post-844","page","type-page","status-publish","hentry","has-post-title","has-post-date","has-post-category","has-post-tag","has-post-comment","has-post-author",""],"_links":{"self":[{"href":"https:\/\/geo-education.ch\/index.php?rest_route=\/wp\/v2\/pages\/844","targetHints":{"allow":["GET"]}}],"collection":[{"href":"https:\/\/geo-education.ch\/index.php?rest_route=\/wp\/v2\/pages"}],"about":[{"href":"https:\/\/geo-education.ch\/index.php?rest_route=\/wp\/v2\/types\/page"}],"author":[{"embeddable":true,"href":"https:\/\/geo-education.ch\/index.php?rest_route=\/wp\/v2\/users\/2"}],"replies":[{"embeddable":true,"href":"https:\/\/geo-education.ch\/index.php?rest_route=%2Fwp%2Fv2%2Fcomments&post=844"}],"version-history":[{"count":11,"href":"https:\/\/geo-education.ch\/index.php?rest_route=\/wp\/v2\/pages\/844\/revisions"}],"predecessor-version":[{"id":16797,"href":"https:\/\/geo-education.ch\/index.php?rest_route=\/wp\/v2\/pages\/844\/revisions\/16797"}],"up":[{"embeddable":true,"href":"https:\/\/geo-education.ch\/index.php?rest_route=\/wp\/v2\/pages\/837"}],"wp:attachment":[{"href":"https:\/\/geo-education.ch\/index.php?rest_route=%2Fwp%2Fv2%2Fmedia&parent=844"}],"curies":[{"name":"wp","href":"https:\/\/api.w.org\/{rel}","templated":true}]}}

<h4>Description</h4>
<p>Interlis I et II forment une interface importante dans le monde des SIT et de la MO.</p>
<h4>Prérequis (recommandations)</h4>
<p>Vous avez des notions élémentaires sur la mensuration officielle. Vous travaillez avec MS Office et des données à références spatiales.</p>
<h4>Objectifs</h4>
<ul>
<li>Analyser des messages d’erreurs lors d’importations ou d’exportations via Interlis.</li>
<li>Décrire de simples modèles de données à l’aide d’Interlis.</li>
<li>Décrire la manière de fonctionner de l’interface de la mensuration officielle (IMO).</li>
</ul>
<h4>Contenu</h4>
<ul>
<li>Interlis I &amp; II.</li>
<li>Modélisation de données avec Interlis.</li>
<li>IMO.</li>
<li>Possibilités de contrôle des données.</li>
</ul>
<h4>Durée d’étude</h4>
<p>24 périodes enseignées plus environ 6 périodes de travail individuel.</p>
<h4>Prix du cours</h4>
<p>CHF 650.-</p>
<div id="themify_builder_content-844" data-postid="844" class="themify_builder_content themify_builder_content-844 themify_builder">
    	<!-- module_row -->
	<div  class="themify_builder_row module_row clearfix module_row_0 themify_builder_844_row module_row_844-0 tb_5ddw155">
	    	    <div class="row_inner col_align_top" >
			<div  class="module_column tb-column col-full first tb_844_column module_column_0 module_column_844-0-0 tb_jchk156">
	    	    	        <div class="tb-column-inner">
		        <!-- module buttons -->
    <div  class="module module-buttons tb_09dx156 xlarge solid squared  ">
	        	<div class="module-buttons">
                            <div class="module-buttons-item buttons-fullwidth ">
		    			<a href="https://geo-education.ch/?tribe_events_cat=interlis-i-et-ii&#038;lang=fr" class="ui builder_button tb_default_color" target="_blank" rel="noopener">
		    		    			<span>Calendrier des prochains cours et inscription en ligne</span>
		    		    			</a>
		                    </div>
                    </div>
    </div>
    <!-- /module buttons -->
	        </div>
	    	</div>
		    </div>
	    <!-- /row_inner -->
	</div>
	<!-- /module_row -->
	</div>

<p>Description Interlis I et II forment une interface importante dans le monde des SIT et de la MO. Prérequis (recommandations) Vous avez des notions élémentaires sur la mensuration officielle. Vous [&hellip;]</p>
