{"id":8703,"date":"2019-03-01T11:59:27","date_gmt":"2019-03-01T10:59:27","guid":{"rendered":"https:\/\/geo-education.ch\/?page_id=8703"},"modified":"2026-04-23T09:16:05","modified_gmt":"2026-04-23T07:16:05","slug":"kursangebot","status":"publish","type":"page","link":"https:\/\/geo-education.ch\/?page_id=8703&lang=fr","title":{"rendered":"Offre de cours"},"content":{"rendered":"<div id=\"themify_builder_content-8703\" data-postid=\"8703\" class=\"themify_builder_content themify_builder_content-8703 themify_builder\">\n    \t<!-- module_row -->\n\t<div   class=\"themify_builder_row module_row clearfix fullwidth_row_container module_row_0 themify_builder_8703_row module_row_8703-0 tb_2n9p596\">\n\t    \t    <div class=\"row_inner col_align_bottom gutter-none col_auto_height direction-rtl\"   data-desktop_dir=\"rtl\" data-tablet_dir=\"rtl\" data-tablet_landscape_dir=\"rtl\" data-basecol=\"1\" data-col_mobile=\"column-full\">\n\t\t\t<div  class=\"module_column tb-column col-full first tb_8703_column module_column_0 module_column_8703-0-0 tb_qkxh597\">\n\t    \t    \t        <div class=\"tb-column-inner\">\n\t\t    \t<div  class=\"themify_builder_sub_row module_subrow clearfix sub_row_0-0-0 tb_ryv2597\" >\n\t    \t    <div class=\"subrow_inner gutter-none col_align_middle\"   data-basecol=\"2\" data-col_tablet=\"column4-2\" data-col_tablet_landscape=\"column4-2\" data-col_mobile=\"column-full\">\n\t\t\t<div style=\"width:49%;\" class=\"sub_column module_column col2-1 first sub_column_post_8703 sub_column_0-0-0-0 tb_fgg0598\"> \n\t    \t    \t        <div class=\"tb-column-inner\">\n\t\t        <!-- module image -->\n    <div  class=\"module module-image tb_vbka598  image-center  \" data-lax=\"true\" data-lax-anchor=\"self\" data-lax-optimize=\"true\" data-lax-translate-y=\"(vh*0.7) 0,(vh*0) -70\" data-lax-v-speed=\"1\" data-lax-no-op=\"true\" style=\"z-index:1;\">\n\t                <div class=\"image-wrap\">\n                            <img decoding=\"async\" src=\"https:\/\/geo-education.ch\/wp-content\/uploads\/2020\/06\/Evolution_geo-1024x683-600x400.jpg\" width=\"600\" class=\" wp-post-image wp-image-13495\" title=\"Evolution_geo\" alt=\"Evolution_geo\" srcset=\"https:\/\/geo-education.ch\/wp-content\/uploads\/2020\/06\/Evolution_geo-1024x683-600x400.jpg 600w, https:\/\/geo-education.ch\/wp-content\/uploads\/2020\/06\/Evolution_geo-300x200.jpg 300w, https:\/\/geo-education.ch\/wp-content\/uploads\/2020\/06\/Evolution_geo-1024x683.jpg 1024w, https:\/\/geo-education.ch\/wp-content\/uploads\/2020\/06\/Evolution_geo-768x512.jpg 768w, https:\/\/geo-education.ch\/wp-content\/uploads\/2020\/06\/Evolution_geo-1536x1024.jpg 1536w, https:\/\/geo-education.ch\/wp-content\/uploads\/2020\/06\/Evolution_geo-2048x1365.jpg 2048w, https:\/\/geo-education.ch\/wp-content\/uploads\/2020\/06\/Evolution_geo-1024x683-500x333.jpg 500w\" sizes=\"(max-width: 600px) 100vw, 600px\" \/>            \n                        <\/div>\n            <!-- \/image-wrap -->\n        \n        \n        <\/div>\n    <!-- \/module image -->\n\t        <\/div>\n\t    \t<\/div>\n\t\t<div style=\"width:51%;\" class=\"sub_column module_column col2-1 last sub_column_post_8703 sub_column_0-0-0-1 tb_ak4c599\" > \n\t    \t    \t        <div class=\"tb-column-inner\">\n\t\t    <!-- module text -->\n<div  class=\"module module-text tb_dxf4599  repeat  \" style=\"z-index:3;\">\n            <div  class=\"tb_text_wrap\">\n    <h3>G\u00e9omatique, mensuration et ing\u00e9nierie<\/h3>\n<ul>\n<li style=\"text-align: left;\">\n<h5><a href=\"https:\/\/geo-education.ch\/?page_id=988&amp;lang=fr\">Am\u00e9nagement du territoire<\/a><\/h5>\n<\/li>\n<li style=\"text-align: left;\">\n<h5><a href=\"https:\/\/geo-education.ch\/?page_id=980&amp;lang=fr\">Bases MO<\/a><\/h5>\n<\/li>\n<li style=\"text-align: left;\">\n<h5><a href=\"https:\/\/geo-education.ch\/?page_id=882&amp;lang=fr\">Cadastre RDPPF<\/a><\/h5>\n<\/li>\n<li style=\"text-align: left;\">\n<h5><a href=\"https:\/\/geo-education.ch\/?page_id=1099&amp;lang=fr\">Calcul technique<\/a><\/h5>\n<\/li>\n<li>\n<h5><a href=\"https:\/\/geo-education.ch\/?page_id=22666&amp;lang=fr\">Cartographie mobile avec la technologie SLAM<\/a><\/h5>\n<\/li>\n<li style=\"text-align: left;\">\n<h5><a href=\"https:\/\/geo-education.ch\/?page_id=1127&amp;lang=fr\">G\u00e9ologie et technique du sol<\/a><\/h5>\n<\/li>\n<li style=\"text-align: left;\">\n<h5><a href=\"https:\/\/geo-education.ch\/?page_id=1120&amp;lang=fr\">Hydrologie et hydraulique<\/a><\/h5>\n<\/li>\n<li>\n<h5><a href=\"https:\/\/geo-education.ch\/?page_id=1095&amp;lang=fr\">Installations techniques<\/a><\/h5>\n<\/li>\n<li style=\"text-align: left;\">\n<h5><a href=\"https:\/\/geo-education.ch\/?page_id=1108&amp;lang=fr\">Mensuration de chantier<\/a><\/h5>\n<\/li>\n<li style=\"text-align: left;\">\n<h5><a href=\"https:\/\/geo-education.ch\/?page_id=1089&amp;lang=fr\">Mensuration officielle<\/a><\/h5>\n<\/li>\n<li style=\"text-align: left;\">\n<h5><a href=\"https:\/\/geo-education.ch\/?page_id=1104&amp;lang=fr\">Mensuration technique et industrielle<\/a><\/h5>\n<\/li>\n<li>\n<h5><a href=\"https:\/\/geo-education.ch\/?page_id=1061&amp;lang=fr\">Photogramm\u00e9trie<\/a><\/h5>\n<\/li>\n<li>\n<h5><a href=\"https:\/\/geo-education.ch\/?page_id=1070&amp;lang=fr\">R\u00e9seaux points fixes &amp; GNSS<\/a><\/h5>\n<\/li>\n<li style=\"text-align: left;\">\n<h5><a href=\"https:\/\/geo-education.ch\/?page_id=1084&amp;lang=fr\">RF \/ droit<\/a><\/h5>\n<\/li>\n<li style=\"text-align: left;\">\n<h5><a href=\"https:\/\/geo-education.ch\/?page_id=1116&amp;lang=fr\">Statistique de construction<\/a><\/h5>\n<\/li>\n<li style=\"text-align: left;\">\n<h5><a href=\"https:\/\/geo-education.ch\/?page_id=992&amp;lang=fr\">Technique de g\u00e9nie-rural et environnement<\/a><\/h5>\n<\/li>\n<li style=\"text-align: left;\">\n<h5><a href=\"https:\/\/geo-education.ch\/?page_id=1079&amp;lang=fr\">Th\u00e9orie des erreurs<\/a><\/h5>\n<\/li>\n<li>\n<h5><a href=\"https:\/\/geo-education.ch\/?page_id=1066&amp;lang=fr\">Technique des instruments<\/a><\/h5>\n<\/li>\n<li>\n<h5><a href=\"https:\/\/geo-education.ch\/?page_id=1116&amp;lang=fr\">Statistique de construction<\/a><\/h5>\n<\/li>\n<\/ul>    <\/div>\n<\/div>\n<!-- \/module text -->\n\t        <\/div>\n\t    \t<\/div>\n\t\t    <\/div>\n\t<\/div><!-- \/themify_builder_sub_row -->\n\t\t<div  class=\"themify_builder_sub_row module_subrow clearfix sub_row_0-0-1 tb_usc2599\">\n\t    \t    <div class=\"subrow_inner gutter-none col_align_middle\"   data-basecol=\"2\" data-col_tablet=\"column4-2\" data-col_tablet_landscape=\"column4-2\">\n\t\t\t<div  class=\"sub_column module_column col2-1 first sub_column_post_8703 sub_column_0-0-1-0 tb_2ekm600\"> \n\t    \t    \t        <div class=\"tb-column-inner\">\n\t\t    <!-- module text -->\n<div  class=\"module module-text tb_xz92600  repeat  \" style=\"z-index:3;\">\n            <div  class=\"tb_text_wrap\">\n    <h3>SIG &#8211; G\u00e9oinformation<\/h3>\n<ul>\n<li style=\"text-align: left;\">\n<h5><a href=\"https:\/\/geo-education.ch\/?page_id=4824\">Additive Fertigung (en allemand)<\/a><\/h5>\n<\/li>\n<li>\n<h5><a href=\"https:\/\/geo-education.ch\/?page_id=1053&amp;lang=fr\">Analyse et publications 3D<\/a><\/h5>\n<\/li>\n<li style=\"text-align: left;\">\n<h5><a href=\"https:\/\/geo-education.ch\/?page_id=1029&amp;lang=fr\">Base de donn\u00e9es<\/a><\/h5>\n<\/li>\n<li style=\"text-align: left;\">\n<h5><a href=\"https:\/\/geo-education.ch\/?page_id=984&amp;lang=fr\">Bases SIT<\/a><\/h5>\n<\/li>\n<li>\n<h5><a href=\"https:\/\/geo-education.ch\/?page_id=1034&amp;lang=fr\">BD pratique<\/a><\/h5>\n<\/li>\n<li style=\"text-align: left;\">\n<h5><a href=\"https:\/\/geo-education.ch\/?page_id=1050&amp;lang=fr\">Gestion de donn\u00e9es 3D<\/a><\/h5>\n<\/li>\n<li style=\"text-align: left;\">\n<h5><a href=\"https:\/\/geo-education.ch\/?page_id=1013&amp;lang=fr\">Gestion SIT<\/a><\/h5>\n<\/li>\n<li style=\"text-align: left;\">\n<h5><a href=\"https:\/\/geo-education.ch\/?page_id=844&amp;lang=fr\">Interlis I et II<\/a><\/h5>\n<\/li>\n<li style=\"text-align: left;\">\n<h5><a href=\"https:\/\/geo-education.ch\/?page_id=1017&amp;lang=fr\">Projet SIT<\/a><\/h5>\n<\/li>\n<li style=\"text-align: left;\">\n<h5><a href=\"https:\/\/geo-education.ch\/?page_id=4156\">Python \u2013 Geodatenverarbeitung (en allemand)<\/a><\/h5>\n<\/li>\n<li>\n<h5><a href=\"https:\/\/geo-education.ch\/?page_id=1044&amp;lang=fr\">Saisie de donn\u00e9es 3D<\/a><\/h5>\n<\/li>\n<li>\n<h5><a href=\"https:\/\/geo-education.ch\/?page_id=1007&amp;lang=fr\">SIG Mobile<\/a><\/h5>\n<\/li>\n<li style=\"text-align: left;\">\n<h5><a href=\"https:\/\/geo-education.ch\/?page_id=1001&amp;lang=fr\">Syst\u00e8mes d\u2019information r\u00e9seaux<\/a><\/h5>\n<\/li>\n<li style=\"text-align: left;\">\n<h5><a href=\"https:\/\/geo-education.ch\/?page_id=1023&amp;lang=fr\">Traitement de donn\u00e9es<\/a><\/h5>\n<\/li>\n<li>\n<h5><a href=\"https:\/\/geo-education.ch\/?page_id=997&amp;lang=fr\">Web SIG<\/a><\/h5>\n<\/li>\n<\/ul>    <\/div>\n<\/div>\n<!-- \/module text -->\n\t        <\/div>\n\t    \t<\/div>\n\t\t<div  class=\"sub_column module_column col2-1 last sub_column_post_8703 sub_column_0-0-1-1 tb_8iyi600\"> \n\t    \t    \t        <div class=\"tb-column-inner\">\n\t\t        <!-- module image -->\n    <div  class=\"module module-image tb_ynsj600  image-center  \" data-lax=\"true\" data-lax-anchor=\"self\" data-lax-optimize=\"true\" data-lax-translate-y=\"(vh*0.7) 0,(vh*0) -70\" data-lax-v-speed=\"1\" data-lax-no-op=\"true\" style=\"z-index:1;\">\n\t                <div class=\"image-wrap\">\n                            <img decoding=\"async\" src=\"https:\/\/geo-education.ch\/wp-content\/uploads\/2020\/06\/AdobeStock_363317781-1-1024x683-600x399.jpeg\" width=\"600\" class=\" wp-post-image wp-image-13511\" title=\"lake ecology\" alt=\"lake ecology\" srcset=\"https:\/\/geo-education.ch\/wp-content\/uploads\/2020\/06\/AdobeStock_363317781-1-1024x683-600x399.jpeg 600w, https:\/\/geo-education.ch\/wp-content\/uploads\/2020\/06\/AdobeStock_363317781-1-300x200.jpeg 300w, https:\/\/geo-education.ch\/wp-content\/uploads\/2020\/06\/AdobeStock_363317781-1-1024x683.jpeg 1024w, https:\/\/geo-education.ch\/wp-content\/uploads\/2020\/06\/AdobeStock_363317781-1-768x512.jpeg 768w, https:\/\/geo-education.ch\/wp-content\/uploads\/2020\/06\/AdobeStock_363317781-1-1536x1024.jpeg 1536w, https:\/\/geo-education.ch\/wp-content\/uploads\/2020\/06\/AdobeStock_363317781-1-2048x1365.jpeg 2048w\" sizes=\"(max-width: 600px) 100vw, 600px\" \/>            \n                        <\/div>\n            <!-- \/image-wrap -->\n        \n        \n        <\/div>\n    <!-- \/module image -->\n\t        <\/div>\n\t    \t<\/div>\n\t\t    <\/div>\n\t<\/div><!-- \/themify_builder_sub_row -->\n\t\t        <\/div>\n\t    \t<\/div>\n\t\t    <\/div>\n\t    <!-- \/row_inner -->\n\t<\/div>\n\t<!-- \/module_row -->\n\t\t<!-- module_row -->\n\t<div   class=\"themify_builder_row module_row clearfix fullwidth_row_container module_row_1 themify_builder_8703_row module_row_8703-1 tb_68hs418\">\n\t    \t    <div class=\"row_inner col_align_bottom gutter-none col_auto_height direction-rtl\"   data-desktop_dir=\"rtl\" data-tablet_dir=\"rtl\" data-tablet_landscape_dir=\"rtl\" data-basecol=\"1\" data-col_mobile=\"column-full\">\n\t\t\t<div  class=\"module_column tb-column col-full first tb_8703_column module_column_0 module_column_8703-1-0 tb_w2lj418\">\n\t    \t    \t        <div class=\"tb-column-inner\">\n\t\t    \t<div  class=\"themify_builder_sub_row module_subrow clearfix sub_row_1-0-0 tb_vtq3419\" >\n\t    \t    <div class=\"subrow_inner gutter-none col_align_middle\"   data-basecol=\"2\" data-col_tablet=\"column4-2\" data-col_tablet_landscape=\"column4-2\" data-col_mobile=\"column-full\">\n\t\t\t<div style=\"width:49%;\" class=\"sub_column module_column col2-1 first sub_column_post_8703 sub_column_1-0-0-0 tb_m8ij419\"> \n\t    \t    \t        <div class=\"tb-column-inner\">\n\t\t        <!-- module image -->\n    <div  class=\"module module-image tb_banv420  image-center  \" data-lax=\"true\" data-lax-anchor=\"self\" data-lax-optimize=\"true\" data-lax-translate-y=\"(vh*0.7) 0,(vh*0) -70\" data-lax-v-speed=\"1\" data-lax-no-op=\"true\" style=\"z-index:1;\">\n\t                <div class=\"image-wrap\">\n                            <img decoding=\"async\" src=\"https:\/\/geo-education.ch\/wp-content\/uploads\/2020\/06\/AdobeStock_231707841-1024x541-600x316.jpeg\" width=\"600\" class=\" wp-post-image wp-image-13522\" title=\"Focus on IT Or ITSM Information Technology Service Management Concept.\" alt=\"Focus on IT Or ITSM Information Technology Service Management Concept.\" srcset=\"https:\/\/geo-education.ch\/wp-content\/uploads\/2020\/06\/AdobeStock_231707841-1024x541-600x316.jpeg 600w, https:\/\/geo-education.ch\/wp-content\/uploads\/2020\/06\/AdobeStock_231707841-300x158.jpeg 300w, https:\/\/geo-education.ch\/wp-content\/uploads\/2020\/06\/AdobeStock_231707841-1024x541.jpeg 1024w, https:\/\/geo-education.ch\/wp-content\/uploads\/2020\/06\/AdobeStock_231707841-768x405.jpeg 768w, https:\/\/geo-education.ch\/wp-content\/uploads\/2020\/06\/AdobeStock_231707841-1536x811.jpeg 1536w, https:\/\/geo-education.ch\/wp-content\/uploads\/2020\/06\/AdobeStock_231707841-2048x1081.jpeg 2048w\" sizes=\"(max-width: 600px) 100vw, 600px\" \/>            \n                        <\/div>\n            <!-- \/image-wrap -->\n        \n        \n        <\/div>\n    <!-- \/module image -->\n\t        <\/div>\n\t    \t<\/div>\n\t\t<div style=\"width:51%;\" class=\"sub_column module_column col2-1 last sub_column_post_8703 sub_column_1-0-0-1 tb_cnpe420\"> \n\t    \t    \t        <div class=\"tb-column-inner\">\n\t\t    <!-- module text -->\n<div  class=\"module module-text tb_8m8t421  repeat  \" style=\"z-index:3;\">\n            <div  class=\"tb_text_wrap\">\n    <h3>Informatique<\/h3>\n<ul>\n<li style=\"text-align: left;\">\n<h5><a href=\"https:\/\/geo-education.ch\/?page_id=848&amp;lang=fr\">Mod\u00e8les de donn\u00e9es<\/a><\/h5>\n<\/li>\n<li style=\"text-align: left;\">\n<h5><a href=\"https:\/\/geo-education.ch\/?page_id=852&amp;lang=fr\">Formats, interfaces, XML<\/a><\/h5>\n<\/li>\n<li style=\"text-align: left;\">\n<h5><a href=\"https:\/\/geo-education.ch\/?page_id=976&amp;lang=fr\">TI Droit et s\u00e9curit\u00e9<\/a><\/h5>\n<\/li>\n<li><strong><a href=\"https:\/\/geo-education.ch\/?page_id=871&amp;lang=fr\">TI Gestion de donn\u00e9es<\/a><\/strong><\/li>\n<\/ul>    <\/div>\n<\/div>\n<!-- \/module text -->\n\t        <\/div>\n\t    \t<\/div>\n\t\t    <\/div>\n\t<\/div><!-- \/themify_builder_sub_row -->\n\t\t<div  class=\"themify_builder_sub_row module_subrow clearfix sub_row_1-0-1 tb_ecbb421\">\n\t    \t    <div class=\"subrow_inner gutter-none col_align_middle\"   data-basecol=\"2\" data-col_tablet=\"column4-2\" data-col_tablet_landscape=\"column4-2\">\n\t\t\t<div  class=\"sub_column module_column col2-1 first sub_column_post_8703 sub_column_1-0-1-0 tb_5f16421\"> \n\t    \t    \t        <div class=\"tb-column-inner\">\n\t\t    <!-- module text -->\n<div  class=\"module module-text tb_61hc422  repeat  \" style=\"z-index:3;\">\n            <div  class=\"tb_text_wrap\">\n    <h3>Gestion de projet, leadership et communication<\/h3>\n<ul>\n<li>\n<h5><a href=\"https:\/\/geo-education.ch\/?page_id=830&amp;lang=fr\">Client, offre et devis<\/a><\/h5>\n<\/li>\n<li>\n<h5><a href=\"https:\/\/geo-education.ch\/?page_id=800&amp;lang=fr\">Communication<\/a><\/h5>\n<\/li>\n<li style=\"text-align: left;\">\n<h5><a href=\"https:\/\/geo-education.ch\/?page_id=621&amp;lang=fr\">Comp\u00e9tence personnelle<\/a><\/h5>\n<\/li>\n<li style=\"text-align: left;\">\n<h5><a href=\"https:\/\/geo-education.ch\/?page_id=819&amp;lang=fr\">Economie de march\u00e9<\/a><\/h5>\n<\/li>\n<li style=\"text-align: left;\">\n<h5><a href=\"https:\/\/geo-education.ch\/?page_id=760&amp;lang=fr\">Formation des apprentis<\/a><\/h5>\n<\/li>\n<li>\n<h5><a href=\"https:\/\/geo-education.ch\/?page_id=833&amp;lang=fr\">Gestion de projet<\/a><\/h5>\n<\/li>\n<li style=\"text-align: left;\">\n<h5><a href=\"https:\/\/geo-education.ch\/?page_id=827&amp;lang=fr\">Management de la qualit\u00e9<\/a><\/h5>\n<\/li>\n<li style=\"text-align: left;\">\n<h5><a href=\"https:\/\/geo-education.ch\/?page_id=792&amp;lang=fr\">Normes<\/a><\/h5>\n<\/li>\n<li style=\"text-align: left;\">\n<h5><a href=\"https:\/\/geo-education.ch\/?page_id=797&amp;lang=fr\">Pr\u00e9sentation<\/a><\/h5>\n<\/li>\n<li style=\"text-align: left;\">\n<h5><a href=\"https:\/\/geo-education.ch\/?page_id=776&amp;lang=fr\">Technique de travail<\/a><\/h5>\n<\/li>\n<\/ul>    <\/div>\n<\/div>\n<!-- \/module text -->\n\t        <\/div>\n\t    \t<\/div>\n\t\t<div  class=\"sub_column module_column col2-1 last sub_column_post_8703 sub_column_1-0-1-1 tb_su8u422\"> \n\t    \t    \t        <div class=\"tb-column-inner\">\n\t\t        <!-- module image -->\n    <div  class=\"module module-image tb_9kcn422  image-center  \" data-lax=\"true\" data-lax-anchor=\"self\" data-lax-optimize=\"true\" data-lax-translate-y=\"(vh*0.7) 0,(vh*0) -70\" data-lax-v-speed=\"1\" data-lax-no-op=\"true\" style=\"z-index:1;\">\n\t                <div class=\"image-wrap\">\n                            <img decoding=\"async\" src=\"https:\/\/geo-education.ch\/wp-content\/uploads\/2020\/06\/AdobeStock_275422920-1024x358-600x210.jpeg\" width=\"600\" class=\" wp-post-image wp-image-13530\" title=\"Light Bulbs Concept\" alt=\"Light Bulbs Concept\" srcset=\"https:\/\/geo-education.ch\/wp-content\/uploads\/2020\/06\/AdobeStock_275422920-1024x358-600x210.jpeg 600w, https:\/\/geo-education.ch\/wp-content\/uploads\/2020\/06\/AdobeStock_275422920-300x105.jpeg 300w, https:\/\/geo-education.ch\/wp-content\/uploads\/2020\/06\/AdobeStock_275422920-1024x358.jpeg 1024w, https:\/\/geo-education.ch\/wp-content\/uploads\/2020\/06\/AdobeStock_275422920-768x269.jpeg 768w, https:\/\/geo-education.ch\/wp-content\/uploads\/2020\/06\/AdobeStock_275422920-1536x538.jpeg 1536w, https:\/\/geo-education.ch\/wp-content\/uploads\/2020\/06\/AdobeStock_275422920-2048x717.jpeg 2048w\" sizes=\"(max-width: 600px) 100vw, 600px\" \/>            \n                        <\/div>\n            <!-- \/image-wrap -->\n        \n        \n        <\/div>\n    <!-- \/module image -->\n\t        <\/div>\n\t    \t<\/div>\n\t\t    <\/div>\n\t<\/div><!-- \/themify_builder_sub_row -->\n\t\t        <\/div>\n\t    \t<\/div>\n\t\t    <\/div>\n\t    <!-- \/row_inner -->\n\t<\/div>\n\t<!-- \/module_row -->\n\t<\/div>\n\n\n","protected":false},"excerpt":{"rendered":"<p>G\u00e9omatique, mensuration et ing\u00e9nierie Am\u00e9nagement du territoire Bases MO Cadastre RDPPF Calcul technique Cartographie mobile avec la technologie SLAM G\u00e9ologie et technique du sol Hydrologie et hydraulique Installations techniques Mensuration [&hellip;]<\/p>\n","protected":false},"author":2,"featured_media":0,"parent":0,"menu_order":0,"comment_status":"closed","ping_status":"closed","template":"","meta":{"_price":"","_stock":"","_tribe_ticket_header":"","_tribe_default_ticket_provider":"","_tribe_ticket_capacity":"0","_ticket_start_date":"","_ticket_end_date":"","_tribe_ticket_show_description":"","_tribe_ticket_show_not_going":false,"_tribe_ticket_use_global_stock":"","_tribe_ticket_global_stock_level":"","_global_stock_mode":"","_global_stock_cap":"","_tribe_rsvp_for_event":"","_tribe_ticket_going_count":"","_tribe_ticket_not_going_count":"","_tribe_tickets_list":"[]","_tribe_ticket_has_attendee_info_fields":false,"footnotes":""},"class_list":["post-8703","page","type-page","status-publish","hentry","has-post-title","has-post-date","has-post-category","has-post-tag","has-post-comment","has-post-author",""],"_links":{"self":[{"href":"https:\/\/geo-education.ch\/index.php?rest_route=\/wp\/v2\/pages\/8703","targetHints":{"allow":["GET"]}}],"collection":[{"href":"https:\/\/geo-education.ch\/index.php?rest_route=\/wp\/v2\/pages"}],"about":[{"href":"https:\/\/geo-education.ch\/index.php?rest_route=\/wp\/v2\/types\/page"}],"author":[{"embeddable":true,"href":"https:\/\/geo-education.ch\/index.php?rest_route=\/wp\/v2\/users\/2"}],"replies":[{"embeddable":true,"href":"https:\/\/geo-education.ch\/index.php?rest_route=%2Fwp%2Fv2%2Fcomments&post=8703"}],"version-history":[{"count":108,"href":"https:\/\/geo-education.ch\/index.php?rest_route=\/wp\/v2\/pages\/8703\/revisions"}],"predecessor-version":[{"id":25690,"href":"https:\/\/geo-education.ch\/index.php?rest_route=\/wp\/v2\/pages\/8703\/revisions\/25690"}],"wp:attachment":[{"href":"https:\/\/geo-education.ch\/index.php?rest_route=%2Fwp%2Fv2%2Fmedia&parent=8703"}],"curies":[{"name":"wp","href":"https:\/\/api.w.org\/{rel}","templated":true}]}}