{"id":992,"date":"2018-08-24T18:31:26","date_gmt":"2018-08-24T16:31:26","guid":{"rendered":"http:\/\/geo-education.ch\/?page_id=992"},"modified":"2022-02-20T17:02:52","modified_gmt":"2022-02-20T16:02:52","slug":"s1c-technique-de-genie-rural-et-environnement","status":"publish","type":"page","link":"https:\/\/geo-education.ch\/?page_id=992&lang=fr","title":{"rendered":"Technique de g\u00e9nie-rural et environnement (S1c)"},"content":{"rendered":"<h4>Description<\/h4>\n<p><span style=\"font-weight: 400;\">Dans ce bloc de cours, les \u00e9tudiants apprennent dans une premi\u00e8re partie comment l&#8217;infrastructure de transport influence le d\u00e9veloppement du territoire et notre comportement de mobilit\u00e9, quel r\u00f4le joue la planification des transports et comment le comportement de transport peut \u00eatre mesur\u00e9. Dans la deuxi\u00e8me partie, les \u00e9tudiants se familiarisent avec les potentiels de la mobilit\u00e9 durable et d\u00e9veloppent en particulier une compr\u00e9hension des exigences en mati\u00e8re d&#8217;infrastructure pour le trafic cycliste et pi\u00e9ton<\/span>.<\/p>\n<h4>Pr\u00e9requis (recommandations)<\/h4>\n<p><span style=\"font-weight: 400;\">Connaissances de base d\u2019outils SIG<\/span>.<\/p>\n<h4>Objectifs<\/h4>\n<ul>\n<li style=\"font-weight: 400;\" aria-level=\"1\"><span style=\"font-weight: 400;\">Conna\u00eetre les termes de base dans le domaine du transport et de la mobilit\u00e9.<\/span><\/li>\n<li style=\"font-weight: 400;\" aria-level=\"1\"><span style=\"font-weight: 400;\">Comprendre l&#8217;interaction entre le d\u00e9veloppement spatial et les infrastructures de transport.<\/span><\/li>\n<li style=\"font-weight: 400;\" aria-level=\"1\"><span style=\"font-weight: 400;\">Comprendre l&#8217;accessibilit\u00e9 comme une mesure de la mobilit\u00e9.<\/span><\/li>\n<li style=\"font-weight: 400;\" aria-level=\"1\"><span style=\"font-weight: 400;\">Comprendre les diff\u00e9rences entre les diff\u00e9rents syst\u00e8mes de transport en termes de vitesses, de modes d&#8217;exploitation et de consommation d&#8217;espace et d&#8217;\u00e9nergie.\u00a0<\/span><\/li>\n<li style=\"font-weight: 400;\" aria-level=\"1\"><span style=\"font-weight: 400;\">Conna\u00eetre les param\u00e8tres et leur \u00e9volution des transports et de la mobilit\u00e9 en Suisse.\u00a0<\/span><\/li>\n<li style=\"font-weight: 400;\" aria-level=\"1\"><span style=\"font-weight: 400;\">D\u00e9velopper une compr\u00e9hension de la mani\u00e8re dont le comportement en mati\u00e8re de transport peut \u00eatre mesur\u00e9 sur la base des donn\u00e9es de mobilit\u00e9.\u00a0<\/span><\/li>\n<li style=\"font-weight: 400;\" aria-level=\"1\"><span style=\"font-weight: 400;\">Acqu\u00e9rir une compr\u00e9hension de base des termes tels que &#8220;retournement du trafic&#8221;, &#8220;mobilit\u00e9 douce&#8221; et &#8220;mobilit\u00e9 active&#8221;.<\/span><\/li>\n<li style=\"font-weight: 400;\" aria-level=\"1\"><span style=\"font-weight: 400;\">Acqu\u00e9rir une connaissance de base des besoins en infrastructures pour la circulation des pi\u00e9tons et des cyclistes.<\/span><\/li>\n<li style=\"font-weight: 400;\" aria-level=\"1\"><span style=\"font-weight: 400;\">D\u00e9couvrez les offres d&#8217;Open Data dans le domaine des transports et faites les premiers pas pour les utiliser sur la base des r\u00e9seaux de transport.\u00a0<\/span><\/li>\n<li style=\"font-weight: 400;\" aria-level=\"1\"><span style=\"font-weight: 400;\">Calculer des isochrones simples avec QGis. Comprendre les algorithmes de calcul des itin\u00e9raires les plus courts et leur application avec un logiciel SIG, en tenant compte de diverses fonctions de co\u00fbt.<\/span><\/li>\n<li style=\"font-weight: 400;\" aria-level=\"1\"><span style=\"font-weight: 400;\">\u00catre capable de relier les isochrones aux donn\u00e9es structurelles et de calculer des mesures d&#8217;accessibilit\u00e9 simples.<\/span><\/li>\n<li style=\"font-weight: 400;\" aria-level=\"1\"><span style=\"font-weight: 400;\">\u00catre capable de d\u00e9crire le potentiel des diff\u00e9rentes technologies pour la mobilit\u00e9 future.<\/span><\/li>\n<li style=\"font-weight: 400;\" aria-level=\"1\"><span style=\"font-weight: 400;\">\u00catre capable de d\u00e9velopper une compr\u00e9hension de base de la technologie de la conduite autonome et de d\u00e9crire les effets possibles sur le syst\u00e8me de mobilit\u00e9.<\/span><\/li>\n<\/ul>\n<h4>Dur\u00e9e d\u2019\u00e9tude<\/h4>\n<p>22 p\u00e9riodes enseign\u00e9es plus environ16 p\u00e9riodes de travail individuel.<\/p>\n<h4>Prix du cours<\/h4>\n<p>CHF 700.-<\/p>\n<div id=\"themify_builder_content-992\" data-postid=\"992\" class=\"themify_builder_content themify_builder_content-992 themify_builder\">\n    \t<!-- module_row -->\n\t<div  class=\"themify_builder_row module_row clearfix module_row_0 themify_builder_992_row module_row_992-0 tb_432b200\">\n\t    \t    <div class=\"row_inner col_align_top\" >\n\t\t\t<div  class=\"module_column tb-column col-full first tb_992_column module_column_0 module_column_992-0-0 tb_4tm9201\">\n\t    \t    \t        <div class=\"tb-column-inner\">\n\t\t        <!-- module buttons -->\n    <div  class=\"module module-buttons tb_477a201 xlarge solid squared  \">\n\t        \t<div class=\"module-buttons\">\n                            <div class=\"module-buttons-item buttons-fullwidth \">\n\t\t    \t\t\t<a href=\"https:\/\/geo-education.ch\/?tribe_events_cat=technique-de-genie-rural-et-environnement&#038;lang=fr\" class=\"ui builder_button tb_default_color\" target=\"_blank\" rel=\"noopener\">\n\t\t    \t\t    \t\t\t<span>Calendrier des prochains cours et inscription en ligne<\/span>\n\t\t    \t\t    \t\t\t<\/a>\n\t\t                    <\/div>\n                    <\/div>\n    <\/div>\n    <!-- \/module buttons -->\n\t        <\/div>\n\t    \t<\/div>\n\t\t    <\/div>\n\t    <!-- \/row_inner -->\n\t<\/div>\n\t<!-- \/module_row -->\n\t<\/div>\n\n\n","protected":false},"excerpt":{"rendered":"<p>Description Dans ce bloc de cours, les \u00e9tudiants apprennent dans une premi\u00e8re partie comment l&#8217;infrastructure de transport influence le d\u00e9veloppement du territoire et notre comportement de mobilit\u00e9, quel r\u00f4le joue [&hellip;]<\/p>\n","protected":false},"author":2,"featured_media":0,"parent":877,"menu_order":2,"comment_status":"closed","ping_status":"closed","template":"","meta":{"_price":"","_stock":"","_tribe_ticket_header":"","_tribe_default_ticket_provider":"","_tribe_ticket_capacity":"0","_ticket_start_date":"","_ticket_end_date":"","_tribe_ticket_show_description":"","_tribe_ticket_show_not_going":false,"_tribe_ticket_use_global_stock":"","_tribe_ticket_global_stock_level":"","_global_stock_mode":"","_global_stock_cap":"","_tribe_rsvp_for_event":"","_tribe_ticket_going_count":"","_tribe_ticket_not_going_count":"","_tribe_tickets_list":"[]","_tribe_ticket_has_attendee_info_fields":false,"footnotes":""},"class_list":["post-992","page","type-page","status-publish","hentry","has-post-title","has-post-date","has-post-category","has-post-tag","has-post-comment","has-post-author",""],"_links":{"self":[{"href":"https:\/\/geo-education.ch\/index.php?rest_route=\/wp\/v2\/pages\/992","targetHints":{"allow":["GET"]}}],"collection":[{"href":"https:\/\/geo-education.ch\/index.php?rest_route=\/wp\/v2\/pages"}],"about":[{"href":"https:\/\/geo-education.ch\/index.php?rest_route=\/wp\/v2\/types\/page"}],"author":[{"embeddable":true,"href":"https:\/\/geo-education.ch\/index.php?rest_route=\/wp\/v2\/users\/2"}],"replies":[{"embeddable":true,"href":"https:\/\/geo-education.ch\/index.php?rest_route=%2Fwp%2Fv2%2Fcomments&post=992"}],"version-history":[{"count":10,"href":"https:\/\/geo-education.ch\/index.php?rest_route=\/wp\/v2\/pages\/992\/revisions"}],"predecessor-version":[{"id":15122,"href":"https:\/\/geo-education.ch\/index.php?rest_route=\/wp\/v2\/pages\/992\/revisions\/15122"}],"up":[{"embeddable":true,"href":"https:\/\/geo-education.ch\/index.php?rest_route=\/wp\/v2\/pages\/877"}],"wp:attachment":[{"href":"https:\/\/geo-education.ch\/index.php?rest_route=%2Fwp%2Fv2%2Fmedia&parent=992"}],"curies":[{"name":"wp","href":"https:\/\/api.w.org\/{rel}","templated":true}]}}

Technique de génie-rural et environnement (S1c)

<h4>Description</h4>
<p><span style="font-weight: 400;">Dans ce bloc de cours, les étudiants apprennent dans une première partie comment l&#8217;infrastructure de transport influence le développement du territoire et notre comportement de mobilité, quel rôle joue la planification des transports et comment le comportement de transport peut être mesuré. Dans la deuxième partie, les étudiants se familiarisent avec les potentiels de la mobilité durable et développent en particulier une compréhension des exigences en matière d&#8217;infrastructure pour le trafic cycliste et piéton</span>.</p>
<h4>Prérequis (recommandations)</h4>
<p><span style="font-weight: 400;">Connaissances de base d’outils SIG</span>.</p>
<h4>Objectifs</h4>
<ul>
<li style="font-weight: 400;" aria-level="1"><span style="font-weight: 400;">Connaître les termes de base dans le domaine du transport et de la mobilité.</span></li>
<li style="font-weight: 400;" aria-level="1"><span style="font-weight: 400;">Comprendre l&#8217;interaction entre le développement spatial et les infrastructures de transport.</span></li>
<li style="font-weight: 400;" aria-level="1"><span style="font-weight: 400;">Comprendre l&#8217;accessibilité comme une mesure de la mobilité.</span></li>
<li style="font-weight: 400;" aria-level="1"><span style="font-weight: 400;">Comprendre les différences entre les différents systèmes de transport en termes de vitesses, de modes d&#8217;exploitation et de consommation d&#8217;espace et d&#8217;énergie. </span></li>
<li style="font-weight: 400;" aria-level="1"><span style="font-weight: 400;">Connaître les paramètres et leur évolution des transports et de la mobilité en Suisse. </span></li>
<li style="font-weight: 400;" aria-level="1"><span style="font-weight: 400;">Développer une compréhension de la manière dont le comportement en matière de transport peut être mesuré sur la base des données de mobilité. </span></li>
<li style="font-weight: 400;" aria-level="1"><span style="font-weight: 400;">Acquérir une compréhension de base des termes tels que &#8220;retournement du trafic&#8221;, &#8220;mobilité douce&#8221; et &#8220;mobilité active&#8221;.</span></li>
<li style="font-weight: 400;" aria-level="1"><span style="font-weight: 400;">Acquérir une connaissance de base des besoins en infrastructures pour la circulation des piétons et des cyclistes.</span></li>
<li style="font-weight: 400;" aria-level="1"><span style="font-weight: 400;">Découvrez les offres d&#8217;Open Data dans le domaine des transports et faites les premiers pas pour les utiliser sur la base des réseaux de transport. </span></li>
<li style="font-weight: 400;" aria-level="1"><span style="font-weight: 400;">Calculer des isochrones simples avec QGis. Comprendre les algorithmes de calcul des itinéraires les plus courts et leur application avec un logiciel SIG, en tenant compte de diverses fonctions de coût.</span></li>
<li style="font-weight: 400;" aria-level="1"><span style="font-weight: 400;">Être capable de relier les isochrones aux données structurelles et de calculer des mesures d&#8217;accessibilité simples.</span></li>
<li style="font-weight: 400;" aria-level="1"><span style="font-weight: 400;">Être capable de décrire le potentiel des différentes technologies pour la mobilité future.</span></li>
<li style="font-weight: 400;" aria-level="1"><span style="font-weight: 400;">Être capable de développer une compréhension de base de la technologie de la conduite autonome et de décrire les effets possibles sur le système de mobilité.</span></li>
</ul>
<h4>Durée d’étude</h4>
<p>22 périodes enseignées plus environ16 périodes de travail individuel.</p>
<h4>Prix du cours</h4>
<p>CHF 700.-</p>
<div id="themify_builder_content-992" data-postid="992" class="themify_builder_content themify_builder_content-992 themify_builder">
    	<!-- module_row -->
	<div  class="themify_builder_row module_row clearfix module_row_0 themify_builder_992_row module_row_992-0 tb_432b200">
	    	    <div class="row_inner col_align_top" >
			<div  class="module_column tb-column col-full first tb_992_column module_column_0 module_column_992-0-0 tb_4tm9201">
	    	    	        <div class="tb-column-inner">
		        <!-- module buttons -->
    <div  class="module module-buttons tb_477a201 xlarge solid squared  ">
	        	<div class="module-buttons">
                            <div class="module-buttons-item buttons-fullwidth ">
		    			<a href="https://geo-education.ch/?tribe_events_cat=technique-de-genie-rural-et-environnement&#038;lang=fr" class="ui builder_button tb_default_color" target="_blank" rel="noopener">
		    		    			<span>Calendrier des prochains cours et inscription en ligne</span>
		    		    			</a>
		                    </div>
                    </div>
    </div>
    <!-- /module buttons -->
	        </div>
	    	</div>
		    </div>
	    <!-- /row_inner -->
	</div>
	<!-- /module_row -->
	</div>

<p>Description Dans ce bloc de cours, les étudiants apprennent dans une première partie comment l&#8217;infrastructure de transport influence le développement du territoire et notre comportement de mobilité, quel rôle joue [&hellip;]</p>
