{"id":997,"date":"2018-08-24T18:42:32","date_gmt":"2018-08-24T16:42:32","guid":{"rendered":"http:\/\/geo-education.ch\/?page_id=997"},"modified":"2023-04-21T04:20:38","modified_gmt":"2023-04-21T02:20:38","slug":"s2a-web-sig","status":"publish","type":"page","link":"https:\/\/geo-education.ch\/?page_id=997&lang=fr","title":{"rendered":"Web SIG (S2a)"},"content":{"rendered":"<h4>Description<\/h4>\n<p>Les applications SIG modernes d\u00e9pendent de plus en plus des technologies web.<\/p>\n<h4>Pr\u00e9requis (recommandations)<\/h4>\n<ul>\n<li>Connaissances de base SIG. Cours <a href=\"http:\/\/geo-education.ch\/?page_id=984\">B5d bases SIT.<\/a> Liaison avec le <a href=\"http:\/\/geo-education.ch\/?page_id=894\">module S3 SIT.<\/a><\/li>\n<\/ul>\n<h4>Objectifs<\/h4>\n<ul>\n<li>Savoir identifier et utiliser des technologies et des produits SIG.<\/li>\n<li>Nommer et comprendre les services de cartes et les formats de donn\u00e9es du domaine du Web SIG.<\/li>\n<li>Conna\u00eetre les API et les Frameworks et savoir les utiliser.<\/li>\n<li>Potentiels et limitations des Web SIG.<\/li>\n<\/ul>\n<h4>Contenu<\/h4>\n<ul>\n<li>Vue d\u2019ensemble des composants (serveur,browser, formats et plugings)<\/li>\n<li>Domaines d\u2019utilisation et limitation des SIG Web<\/li>\n<li>Comparaison des SIG Web grand public (Google Maps\/Earth, Microsoft Bing maps, MapSearch) et des SIG Web Professionels (g\u00e9n\u00e9ralement dans l\u2019intranet d\u2019une soci\u00e9t\u00e9 ou d\u2019une administration)<\/li>\n<li>Formats:\n<ul>\n<li>Vector (SVG, XAML (Silverlight), Flash, Flex )<\/li>\n<li>Raster (JPEG, PNG)<\/li>\n<\/ul>\n<\/li>\n<li>Services: WMS, WFS, WFS-T, WCS, WMTS<\/li>\n<li>Standards : OGC<\/li>\n<li>Produits:\n<ul>\n<li>Commerciaux (Intergraph, ESRI \u2026)<\/li>\n<li>Open Source (UMN, CartoWeb, MapFish)<\/li>\n<\/ul>\n<\/li>\n<li>Exemples de villes, communes, cantons, conf\u00e9d\u00e9ration et priv\u00e9s<\/li>\n<li>Performance : Tile-Caching<\/li>\n<li>SIG comme SaaS dans le Cloud<\/li>\n<li>Tendances et d\u00e9veloppements futurs.<\/li>\n<\/ul>\n<h4>Dur\u00e9e d\u2019\u00e9tude<\/h4>\n<p>24 p\u00e9riodes enseign\u00e9es plus environ 16 p\u00e9riodes de travail individuel.<\/p>\n<h4>Prix du cours<\/h4>\n<p>CHF 900.-<\/p>\n<div id=\"themify_builder_content-997\" data-postid=\"997\" class=\"themify_builder_content themify_builder_content-997 themify_builder\">\n    \t<!-- module_row -->\n\t<div  class=\"themify_builder_row module_row clearfix module_row_0 themify_builder_997_row module_row_997-0 tb_25bz428\">\n\t    \t    <div class=\"row_inner col_align_top\" >\n\t\t\t<div  class=\"module_column tb-column col-full first tb_997_column module_column_0 module_column_997-0-0 tb_m1ni429\">\n\t    \t    \t        <div class=\"tb-column-inner\">\n\t\t        <!-- module buttons -->\n    <div  class=\"module module-buttons tb_g8mb429 xlarge solid squared  \">\n\t        \t<div class=\"module-buttons\">\n                            <div class=\"module-buttons-item buttons-fullwidth \">\n\t\t    \t\t\t<a href=\"https:\/\/geo-education.ch\/?tribe_events_cat=web-sig&#038;lang=fr\" class=\"ui builder_button tb_default_color\" target=\"_blank\" rel=\"noopener\">\n\t\t    \t\t    \t\t\t<span>Calendrier des prochains cours et inscription en ligne<\/span>\n\t\t    \t\t    \t\t\t<\/a>\n\t\t                    <\/div>\n                    <\/div>\n    <\/div>\n    <!-- \/module buttons -->\n\t        <\/div>\n\t    \t<\/div>\n\t\t    <\/div>\n\t    <!-- \/row_inner -->\n\t<\/div>\n\t<!-- \/module_row -->\n\t<\/div>\n\n\n","protected":false},"excerpt":{"rendered":"<p>Description Les applications SIG modernes d\u00e9pendent de plus en plus des technologies web. Pr\u00e9requis (recommandations) Connaissances de base SIG. Cours B5d bases SIT. Liaison avec le module S3 SIT. Objectifs [&hellip;]<\/p>\n","protected":false},"author":2,"featured_media":0,"parent":888,"menu_order":0,"comment_status":"closed","ping_status":"closed","template":"","meta":{"_price":"","_stock":"","_tribe_ticket_header":"","_tribe_default_ticket_provider":"","_tribe_ticket_capacity":"0","_ticket_start_date":"","_ticket_end_date":"","_tribe_ticket_show_description":"","_tribe_ticket_show_not_going":false,"_tribe_ticket_use_global_stock":"","_tribe_ticket_global_stock_level":"","_global_stock_mode":"","_global_stock_cap":"","_tribe_rsvp_for_event":"","_tribe_ticket_going_count":"","_tribe_ticket_not_going_count":"","_tribe_tickets_list":"[]","_tribe_ticket_has_attendee_info_fields":false,"footnotes":""},"class_list":["post-997","page","type-page","status-publish","hentry","has-post-title","has-post-date","has-post-category","has-post-tag","has-post-comment","has-post-author",""],"_links":{"self":[{"href":"https:\/\/geo-education.ch\/index.php?rest_route=\/wp\/v2\/pages\/997","targetHints":{"allow":["GET"]}}],"collection":[{"href":"https:\/\/geo-education.ch\/index.php?rest_route=\/wp\/v2\/pages"}],"about":[{"href":"https:\/\/geo-education.ch\/index.php?rest_route=\/wp\/v2\/types\/page"}],"author":[{"embeddable":true,"href":"https:\/\/geo-education.ch\/index.php?rest_route=\/wp\/v2\/users\/2"}],"replies":[{"embeddable":true,"href":"https:\/\/geo-education.ch\/index.php?rest_route=%2Fwp%2Fv2%2Fcomments&post=997"}],"version-history":[{"count":13,"href":"https:\/\/geo-education.ch\/index.php?rest_route=\/wp\/v2\/pages\/997\/revisions"}],"predecessor-version":[{"id":18211,"href":"https:\/\/geo-education.ch\/index.php?rest_route=\/wp\/v2\/pages\/997\/revisions\/18211"}],"up":[{"embeddable":true,"href":"https:\/\/geo-education.ch\/index.php?rest_route=\/wp\/v2\/pages\/888"}],"wp:attachment":[{"href":"https:\/\/geo-education.ch\/index.php?rest_route=%2Fwp%2Fv2%2Fmedia&parent=997"}],"curies":[{"name":"wp","href":"https:\/\/api.w.org\/{rel}","templated":true}]}}